|FAILURE| [GIT MASTER] 92d7ce4afc4a558f27bbc8368823c625f4e0f9dc
dpdklab at iol.unh.edu
dpdklab at iol.unh.edu
Thu Nov 16 03:19:18 CET 2023
_Testing issues_
Branch: dpdk
92d7ce4afc4a558f27bbc8368823c625f4e0f9dc --> testing fail
Test environment and result as below:
+---------------------+----------------+
| Environment | dpdk_unit_test |
+=====================+================+
| CentOS Stream 8 | PASS |
+---------------------+----------------+
| CentOS Stream 9 | PASS |
+---------------------+----------------+
| Arch Linux | PASS |
+---------------------+----------------+
| Debian Bullseye | PASS |
+---------------------+----------------+
| Debian Buster | PASS |
+---------------------+----------------+
| RHEL8 | PASS |
+---------------------+----------------+
| Windows Server 2019 | PASS |
+---------------------+----------------+
| Fedora 37 | FAIL |
+---------------------+----------------+
| Fedora 38 | PASS |
+---------------------+----------------+
==== 20 line log output for Fedora 37 (dpdk_unit_test): ====
100/110 DPDK:fast-tests / telemetry_data_autotest OK 0.17 s
101/110 DPDK:fast-tests / telemetry_json_autotest OK 0.17 s
102/110 DPDK:fast-tests / thash_autotest OK 0.22 s
103/110 DPDK:fast-tests / threads_autotest OK 0.37 s
104/110 DPDK:fast-tests / ticketlock_autotest OK 0.22 s
105/110 DPDK:fast-tests / timer_autotest OK 2.52 s
106/110 DPDK:fast-tests / trace_autotest OK 0.22 s
107/110 DPDK:fast-tests / trace_autotest_with_traces OK 0.17 s
108/110 DPDK:fast-tests / vdev_autotest OK 0.17 s
109/110 DPDK:fast-tests / version_autotest OK 0.17 s
110/110 DPDK:fast-tests / telemetry_all SKIP 0.01 s
Ok: 99
Expected Fail: 0
Fail: 1
Unexpected Pass: 0
Skipped: 10
Timeout: 0
Full log written to /home-local/jenkins-local/jenkins-agent/workspace/Generic-Unit-Test-DPDK/dpdk/build/meson-logs/testlog.txt
==== End log output ====
CentOS Stream 8
Kernel: 4.18.0-240.10.1.el8_3.x86_64
Compiler: gcc 8.4.1 20200928
CentOS Stream 9
Kernel: 4.18.0-240.10.1.el8_3.x86_64
Compiler: gcc 11.3.1 20220421
Arch Linux
Kernel: 5.4.0-73-generic
Compiler: gcc 11.1.0
Debian Bullseye
Kernel: 5.4.0-122-generic
Compiler: gcc 10.2.1-6
Debian Buster
Kernel: 5.4.0-122-generic
Compiler: gcc 8.3.0-6
RHEL8
Kernel: 4.18.0-240.10.1.el8_3.x86_64
Compiler: gcc 8.3.1 20191121 (Red Hat 8.3.1-5)
Windows Server 2019
Kernel: 10.0
Compiler: clang 14.0 and gcc 8.1.0 (MinGW)
Fedora 37
Kernel: Depends on container host system
Compiler: gcc 12.3.1
Fedora 38
Kernel: Depends on container host
Compiler: gcc 13.1.1
To view detailed results, visit:
https://lab.dpdk.org/results/dashboard/tarballs/27014/
UNH-IOL DPDK Community Lab
To manage your email subscriptions, visit:
https://lab.dpdk.org/results/dashboard/preferences/subscriptions/
More information about the test-report
mailing list