|FAILURE| pw134435-134444 [PATCH] [v2,10/10] common/dpaxx: replace z

dpdklab at iol.unh.edu dpdklab at iol.unh.edu
Fri Nov 17 05:50:46 CET 2023


Test-Label: iol-compile-amd64-testing
Test-Status: FAILURE
http://dpdk.org/patch/134444

_Testing issues_

Submitter: Stephen Hemminger <stephen at networkplumber.org>
Date: Friday, November 17 2023 04:03:22 
DPDK git baseline: Repo:dpdk
  Branch: master
  CommitID:6d7129a6e93b7cb52efff009b29ef1a0f2cb76b4

134435-134444 --> testing fail

Test environment and result as below:

+---------------------+--------------------+----------------------+
|     Environment     | dpdk_meson_compile | dpdk_mingw64_compile |
+=====================+====================+======================+
| Debian Bullseye     | PASS               | SKIPPED              |
+---------------------+--------------------+----------------------+
| Windows Server 2022 | PASS               | SKIPPED              |
+---------------------+--------------------+----------------------+
| Fedora 38           | FAIL               | SKIPPED              |
+---------------------+--------------------+----------------------+
| Debian Buster       | PASS               | SKIPPED              |
+---------------------+--------------------+----------------------+
| FreeBSD 13          | PASS               | SKIPPED              |
+---------------------+--------------------+----------------------+
| CentOS Stream 8     | PASS               | SKIPPED              |
+---------------------+--------------------+----------------------+
| CentOS Stream 9     | PASS               | SKIPPED              |
+---------------------+--------------------+----------------------+
| Fedora 37           | PASS               | SKIPPED              |
+---------------------+--------------------+----------------------+
| openSUSE Leap 15    | PASS               | SKIPPED              |
+---------------------+--------------------+----------------------+
| RHEL8               | PASS               | SKIPPED              |
+---------------------+--------------------+----------------------+
| Windows Server 2019 | PASS               | PASS                 |
+---------------------+--------------------+----------------------+
| Ubuntu 20.04        | PASS               | SKIPPED              |
+---------------------+--------------------+----------------------+
| Ubuntu 22.04        | PASS               | SKIPPED              |
+---------------------+--------------------+----------------------+

==== 20 line log output for Fedora 38 (dpdk_meson_compile): ====
[2116/2817] Compiling C object 'drivers/a715181@@tmp_rte_crypto_bcmfs at sta/crypto_bcmfs_bcmfs_sym_capabilities.c.o'.
[2117/2817] Compiling C object 'drivers/a715181@@tmp_rte_crypto_bcmfs at sta/crypto_bcmfs_bcmfs_sym_session.c.o'.
[2118/2817] Compiling C object 'drivers/a715181@@tmp_rte_crypto_bcmfs at sta/crypto_bcmfs_bcmfs_sym.c.o'.
[2119/2817] Compiling C object 'drivers/a715181@@tmp_rte_crypto_bcmfs at sta/crypto_bcmfs_bcmfs_sym_engine.c.o'.
[2120/2817] Linking static target drivers/libtmp_rte_crypto_bcmfs.a.
[2121/2817] Generating rte_crypto_bcmfs.pmd.c with a custom command.
[2122/2817] Compiling C object 'drivers/a715181@@rte_crypto_bcmfs at sta/meson-generated_.._rte_crypto_bcmfs.pmd.c.o'.
[2123/2817] Linking static target drivers/librte_crypto_bcmfs.a.
[2124/2817] Compiling C object 'drivers/a715181@@rte_crypto_bcmfs at sha/meson-generated_.._rte_crypto_bcmfs.pmd.c.o'.
[2125/2817] Linking target drivers/librte_crypto_bcmfs.so.24.0.
[2126/2817] Compiling C object 'drivers/a715181@@tmp_rte_crypto_caam_jr at sta/crypto_caam_jr_caam_jr_capabilities.c.o'.
[2127/2817] Compiling C object 'drivers/a715181@@tmp_rte_crypto_caam_jr at sta/crypto_caam_jr_caam_jr_hw.c.o'.
FAILED: drivers/a715181@@tmp_rte_crypto_caam_jr at sta/crypto_caam_jr_caam_jr_hw.c.o
clang -Idrivers/a715181@@tmp_rte_crypto_caam_jr at sta -Idrivers -I../drivers -Idrivers/crypto/caam_jr -I../drivers/crypto/caam_jr -I../drivers/crypto/caam_jr/../../bus/dpaa/include/ -Idrivers/crypto/caam_jr/../../common/dpaax/ -I../drivers/crypto/caam_jr/../../common/dpaax/ -I../drivers/crypto/caam_jr/../../common/dpaax/caamflib/ -Ilib/cryptodev -I../lib/cryptodev -I. -I../ -Iconfig -I../config -Ilib/eal/include -I../lib/eal/include -Ilib/eal/linux/include -I../lib/eal/linux/include -Ilib/eal/x86/include -I../lib/eal/x86/include -Ilib/eal/common -I../lib/eal/common -Ilib/eal -I../lib/eal -Ilib/kvargs -I../lib/kvargs -Ilib/log -I../lib/log -Ilib/telemetry/../metrics -I../lib/telemetry/../metrics -Ilib/telemetry -I../lib/telemetry -Ilib/mbuf -I../lib/mbuf -Ilib/mempool -I../lib/mempool -Ilib/ring -I../lib/ring -Ilib/rcu -I../lib/rcu -Idrivers/bus/vdev -I../drivers/bus/vdev -Idrivers/bus/dpaa -I../drivers/bus/dpaa -I../drivers/bus/dpaa/include -I../drivers/bus/dpaa/base/qbman -Idrivers/co
 mmon/dpaax -I../drivers/common/dpaax -I../drivers/common/dpaax/caamflib -Ilib/eventdev -I../lib/eventdev -Ilib/ethdev -I../lib/ethdev -Ilib/net -I../lib/net -Ilib/meter -I../lib/meter -Ilib/hash -I../lib/hash -Ilib/timer -I../lib/timer -Ilib/dmadev -I../lib/dmadev -Ilib/security -I../lib/security -Xclang -fcolor-diagnostics -pipe -D_FILE_OFFSET_BITS=64 -Wall -Winvalid-pch -Wextra -Werror -std=c11 -O3 -include rte_config.h -Wcast-qual -Wdeprecated -Wformat -Wformat-nonliteral -Wformat-security -Wmissing-declarations -Wmissing-prototypes -Wnested-externs -Wold-style-definition -Wpointer-arith -Wsign-compare -Wstrict-prototypes -Wundef -Wwrite-strings -Wno-address-of-packed-member -Wno-missing-field-initializers -D_GNU_SOURCE -fPIC -march=native -mrtm -DALLOW_EXPERIMENTAL_API -DALLOW_INTERNAL_API -DRTE_LOG_DEFAULT_LOGTYPE=pmd.crypto.caam_jr -DRTE_ANNOTATE_LOCKS -Wthread-safety -MD -MQ 'drivers/a715181@@tmp_rte_crypto_caam_jr at sta/crypto_caam_jr_caam_jr_hw.c.o' -MF 'drivers/a715181@@tmp_
 rte_crypto_caam_jr at sta/crypto_caam_jr_caam_jr_hw.c.o.d' -o 'drivers/a715181@@tmp_rte_crypto_caam_jr at sta/crypto_caam_jr_caam_jr_hw.c.o' -c ../drivers/crypto/caam_jr/caam_jr_hw.c
In file included from ../drivers/crypto/caam_jr/caam_jr_hw.c:16:
../drivers/crypto/caam_jr/caam_jr_pvt.h:139:25: error: field 'encap_pdb' with variable sized type 'struct ipsec_encap_pdb' not at the end of a struct or class is a GNU extension [-Werror,-Wgnu-variable-sized-type-not-at-end]
struct ipsec_encap_pdb encap_pdb;
^
1 error generated.
ninja: build stopped: subcommand failed.
==== End log output ====

Debian Bullseye
	Kernel: 5.4.0-122-generic
	Compiler: gcc 10.2.1-6

Windows Server 2022
	Kernel: OS Build 20348.2031
	Compiler: MSVC VS-Preview

Fedora 38
	Kernel: Depends on container host
	Compiler: gcc 13.1.1

Debian Buster
	Kernel: 5.4.0-122-generic
	Compiler: gcc 8.3.0-6

FreeBSD 13
	Kernel: 13.0
	Compiler: clang 11.0.1

CentOS Stream 8
	Kernel: 4.18.0-240.10.1.el8_3.x86_64
	Compiler: gcc 8.4.1 20200928

CentOS Stream 9
	Kernel: 4.18.0-240.10.1.el8_3.x86_64
	Compiler: gcc 11.3.1 20220421

Fedora 37
	Kernel: Depends on container host system
	Compiler: gcc 12.3.1

openSUSE Leap 15
	Kernel: 4.18.0-240.10.1.el8_3.x86_64
	Compiler: gcc 7.5.0

RHEL8
	Kernel: 4.18.0-240.10.1.el8_3.x86_64
	Compiler: gcc 8.3.1 20191121 (Red Hat 8.3.1-5)

Windows Server 2019
	Kernel: 10.0
	Compiler: clang 14.0 and gcc 8.1.0 (MinGW)

Ubuntu 20.04
	Kernel: 5.4.0-153-generic
	Compiler: gcc 9.4.0-1ubuntu1~20.04.1

Ubuntu 22.04
	Kernel: 4.18.0-240.10.1.el8_3.x86_64
	Compiler: gcc 11.3.0

To view detailed results, visit:
https://lab.dpdk.org/results/dashboard/patchsets/28405/

UNH-IOL DPDK Community Lab

To manage your email subscriptions, visit: 
https://lab.dpdk.org/results/dashboard/preferences/subscriptions/


More information about the test-report mailing list