|FAILURE| pw134454-134463 [PATCH] [v3,10/10] common/dpaxx: remove ze

dpdklab at iol.unh.edu dpdklab at iol.unh.edu
Fri Nov 17 18:49:43 CET 2023


Test-Label: iol-unit-arm64-testing
Test-Status: FAILURE
http://dpdk.org/patch/134463

_Testing issues_

Submitter: Stephen Hemminger <stephen at networkplumber.org>
Date: Friday, November 17 2023 16:18:36 
DPDK git baseline: Repo:dpdk
  Branch: master
  CommitID:6d7129a6e93b7cb52efff009b29ef1a0f2cb76b4

134454-134463 --> testing fail

Test environment and result as below:

+--------------------------+----------------+--------------+---------------------------+
|       Environment        | dpdk_unit_test | lpm_autotest | cryptodev_sw_zuc_autotest |
+==========================+================+==============+===========================+
| CentOS Stream 9 (ARM)    | PASS           | SKIPPED      | SKIPPED                   |
+--------------------------+----------------+--------------+---------------------------+
| Debian 11 (Buster) (ARM) | PASS           | SKIPPED      | SKIPPED                   |
+--------------------------+----------------+--------------+---------------------------+
| Fedora 37 (ARM)          | PASS           | SKIPPED      | SKIPPED                   |
+--------------------------+----------------+--------------+---------------------------+
| Fedora 38 (ARM)          | PASS           | SKIPPED      | SKIPPED                   |
+--------------------------+----------------+--------------+---------------------------+
| Ubuntu 20.04 (ARM)       | PASS           | SKIPPED      | SKIPPED                   |
+--------------------------+----------------+--------------+---------------------------+
| Fedora 38 (ARM Clang)    | FAIL           | SKIPPED      | SKIPPED                   |
+--------------------------+----------------+--------------+---------------------------+
| Ubuntu 20.04 ARM SVE     | SKIPPED        | PASS         | SKIPPED                   |
+--------------------------+----------------+--------------+---------------------------+
| Debian 11 (arm)          | SKIPPED        | SKIPPED      | PASS                      |
+--------------------------+----------------+--------------+---------------------------+

==== 20 line log output for Fedora 38 (ARM Clang) (dpdk_unit_test): ====
In file included from ../drivers/crypto/cnxk/cn9k_cryptodev.c:15:
../drivers/crypto/cnxk/cn9k_ipsec.h:24:30: error: field 'rte_sess' with variable sized type 'struct rte_security_session' not at the end of a struct or class is a GNU extension [-Werror,-Wgnu-variable-sized-type-not-at-end]
struct rte_security_session rte_sess;
^
1 error generated.
[2182/3086] Compiling C object 'drivers/a715181@@tmp_rte_crypto_cnxk at sta/crypto_cnxk_cn9k_cryptodev_ops.c.o'.
FAILED: drivers/a715181@@tmp_rte_crypto_cnxk at sta/crypto_cnxk_cn9k_cryptodev_ops.c.o
clang -Idrivers/a715181@@tmp_rte_crypto_cnxk at sta -Idrivers -I../drivers -Idrivers/crypto/cnxk -I../drivers/crypto/cnxk -Idrivers/crypto/cnxk/../../../lib/net -I../drivers/crypto/cnxk/../../../lib/net -Idrivers/crypto/cnxk/../../event/cnxk -I../drivers/crypto/cnxk/../../event/cnxk -Ilib/cryptodev -I../lib/cryptodev -I. -I../ -Iconfig -I../config -Ilib/eal/include -I../lib/eal/include -Ilib/eal/linux/include -I../lib/eal/linux/include -Ilib/eal/arm/include -I../lib/eal/arm/include -Ilib/eal/common -I../lib/eal/common -Ilib/eal -I../lib/eal -Ilib/kvargs -I../lib/kvargs -Ilib/log -I../lib/log -Ilib/telemetry/../metrics -I../lib/telemetry/../metrics -Ilib/telemetry -I../lib/telemetry -Ilib/mbuf -I../lib/mbuf -Ilib/mempool -I../lib/mempool -Ilib/ring -I../lib/ring -Ilib/rcu -I../lib/rcu -Idrivers/bus/pci -I../drivers/bus/pci -I../drivers/bus/pci/linux -Ilib/pci -I../lib/pci -Idrivers/common/cnxk -I../drivers/common/cnxk -Idrivers/common/cnxk/../../bus/pci -I../drivers/common/cnxk/../../bus
 /pci -Idrivers/common/cnxk/../../../lib/net -I../drivers/common/cnxk/../../../lib/net -Idrivers/common/cnxk/../../../lib/ethdev -I../drivers/common/cnxk/../../../lib/ethdev -Idrivers/common/cnxk/../../../lib/meter -I../drivers/common/cnxk/../../../lib/meter -Ilib/security -I../lib/security -Ilib/net -I../lib/net -Ilib/eventdev -I../lib/eventdev -Ilib/ethdev -I../lib/ethdev -Ilib/meter -I../lib/meter -Ilib/hash -I../lib/hash -Ilib/timer -I../lib/timer -Ilib/dmadev -I../lib/dmadev -Xclang -fcolor-diagnostics -pipe -D_FILE_OFFSET_BITS=64 -Wall -Winvalid-pch -Wextra -Werror -std=c11 -O3 -include rte_config.h -Wcast-qual -Wdeprecated -Wformat -Wformat-nonliteral -Wformat-security -Wmissing-declarations -Wmissing-prototypes -Wnested-externs -Wold-style-definition -Wpointer-arith -Wsign-compare -Wstrict-prototypes -Wundef -Wwrite-strings -Wno-address-of-packed-member -Wno-missing-field-initializers -D_GNU_SOURCE -fPIC -march=armv8.1-a+crc+crypto -mcpu=thunderx2t99 -DALLOW_EXPERIMENTAL_API 
 -DALLOW_INTERNAL_API -ULA_IPSEC_DEBUG -UCNXK_CRYPTODEV_DEBUG -DRTE_LOG_DEFAULT_LOGTYPE=pmd.crypto.cnxk -DRTE_ANNOTATE_LOCKS -Wthread-safety -MD -MQ 'drivers/a715181@@tmp_rte_crypto_cnxk at sta/crypto_cnxk_cn9k_cryptodev_ops.c.o' -MF 'drivers/a715181@@tmp_rte_crypto_cnxk at sta/crypto_cnxk_cn9k_cryptodev_ops.c.o.d' -o 'drivers/a715181@@tmp_rte_crypto_cnxk at sta/crypto_cnxk_cn9k_cryptodev_ops.c.o' -c ../drivers/crypto/cnxk/cn9k_cryptodev_ops.c
In file included from ../drivers/crypto/cnxk/cn9k_cryptodev_ops.c:22:
../drivers/crypto/cnxk/cn9k_ipsec.h:24:30: error: field 'rte_sess' with variable sized type 'struct rte_security_session' not at the end of a struct or class is a GNU extension [-Werror,-Wgnu-variable-sized-type-not-at-end]
struct rte_security_session rte_sess;
^
In file included from ../drivers/crypto/cnxk/cn9k_cryptodev_ops.c:27:
../drivers/crypto/cnxk/cnxk_se.h:33:35: error: field 'rte_sess' with variable sized type 'struct rte_cryptodev_sym_session' not at the end of a struct or class is a GNU extension [-Werror,-Wgnu-variable-sized-type-not-at-end]
struct rte_cryptodev_sym_session rte_sess;
^
2 errors generated.
[2183/3086] Compiling C object 'drivers/a715181@@tmp_rte_crypto_ccp at sta/crypto_ccp_ccp_crypto.c.o'.
[2184/3086] Compiling C object 'drivers/a715181@@tmp_rte_crypto_caam_jr at sta/crypto_caam_jr_caam_jr.c.o'.
ninja: build stopped: subcommand failed.
==== End log output ====

CentOS Stream 9 (ARM)
	Kernel: Container Host Kernel
	Compiler: gcc 11.3.1

Debian 11 (Buster) (ARM)
	Kernel: Container Host Kernel
	Compiler: gcc 10.2.1

Fedora 37 (ARM)
	Kernel: Depends on container host
	Compiler: gcc 12.3.1

Fedora 38 (ARM)
	Kernel: Depends on container host
	Compiler: gcc 13.1.1

Ubuntu 20.04 (ARM)
	Kernel: Container Host Kernel
	Compiler: gcc 9.4.0

Fedora 38 (ARM Clang)
	Kernel: Depends on container host
	Compiler: clang 16.0.3

Ubuntu 20.04 ARM SVE
	Kernel: 5.4.0-80-generic
	Compiler: gcc 10.3.0 (Ubuntu 10.3.0-1ubuntu1~20.04)

Debian 11 (arm)
	Kernel: Container Host Kernel
	Compiler: gcc 10.2.1

To view detailed results, visit:
https://lab.dpdk.org/results/dashboard/patchsets/28410/

UNH-IOL DPDK Community Lab

To manage your email subscriptions, visit: 
https://lab.dpdk.org/results/dashboard/preferences/subscriptions/


More information about the test-report mailing list