|FAILURE| pw131588 [PATCH] maintainers: update email address
dpdklab at iol.unh.edu
dpdklab at iol.unh.edu
Tue Sep 19 06:40:07 CEST 2023
Test-Label: iol-unit-amd64-testing
Test-Status: FAILURE
http://dpdk.org/patch/131588
_Testing issues_
Submitter: Chenbo Xia <chenbo.xia at intel.com>
Date: Tuesday, September 19 2023 03:44:27
DPDK git baseline: Repo:dpdk
Branch: master
CommitID:d83fb967212efa19d272e7fa65d17c9ad94b17c1
131588 --> testing fail
Test environment and result as below:
+---------------------+----------------+
| Environment | dpdk_unit_test |
+=====================+================+
| CentOS Stream 9 | PASS |
+---------------------+----------------+
| CentOS Stream 8 | PASS |
+---------------------+----------------+
| Debian Buster | PASS |
+---------------------+----------------+
| openSUSE Leap 15 | PASS |
+---------------------+----------------+
| Fedora 38 | PASS |
+---------------------+----------------+
| Windows Server 2019 | PASS |
+---------------------+----------------+
| Debian Bullseye | PASS |
+---------------------+----------------+
| Fedora 37 | FAIL |
+---------------------+----------------+
| RHEL8 | PASS |
+---------------------+----------------+
==== 20 line log output for Fedora 37 (dpdk_unit_test): ====
97/107 DPDK:fast-tests / telemetry_data_autotest OK 0.22 s
98/107 DPDK:fast-tests / telemetry_json_autotest OK 0.22 s
99/107 DPDK:fast-tests / thash_autotest OK 0.22 s
100/107 DPDK:fast-tests / threads_autotest OK 0.37 s
101/107 DPDK:fast-tests / ticketlock_autotest OK 0.22 s
102/107 DPDK:fast-tests / timer_autotest OK 2.52 s
103/107 DPDK:fast-tests / trace_autotest OK 0.22 s
104/107 DPDK:fast-tests / trace_autotest_with_traces OK 0.22 s
105/107 DPDK:fast-tests / vdev_autotest OK 0.22 s
106/107 DPDK:fast-tests / version_autotest OK 0.22 s
107/107 DPDK:fast-tests / telemetry_all SKIP 0.01 s
Ok: 97
Expected Fail: 0
Fail: 1
Unexpected Pass: 0
Skipped: 9
Timeout: 0
Full log written to /home-local/jenkins-local/jenkins-agent/workspace/Generic-Unit-Test-DPDK/dpdk/build/meson-logs/testlog.txt
==== End log output ====
CentOS Stream 9
Kernel: 4.18.0-240.10.1.el8_3.x86_64
Compiler: gcc 11.3.1 20220421
CentOS Stream 8
Kernel: 4.18.0-240.10.1.el8_3.x86_64
Compiler: gcc 8.4.1 20200928
Debian Buster
Kernel: 5.4.0-122-generic
Compiler: gcc 8.3.0-6
openSUSE Leap 15
Kernel: 4.18.0-240.10.1.el8_3.x86_64
Compiler: gcc 7.5.0
Fedora 38
Kernel: Depends on container host
Compiler: gcc 13.1.1
Windows Server 2019
Kernel: 10.0
Compiler: clang 14.0 and gcc 8.1.0 (MinGW)
Debian Bullseye
Kernel: 5.4.0-122-generic
Compiler: gcc 10.2.1-6
Fedora 37
Kernel: Depends on container host system
Compiler: gcc 12.3.1
RHEL8
Kernel: 4.18.0-240.10.1.el8_3.x86_64
Compiler: gcc 8.3.1 20191121 (Red Hat 8.3.1-5)
To view detailed results, visit:
https://lab.dpdk.org/results/dashboard/patchsets/27637/
UNH-IOL DPDK Community Lab
To manage your email subscriptions, visit:
https://lab.dpdk.org/results/dashboard/preferences/subscriptions/
More information about the test-report
mailing list