|FAILURE| pw131620 [PATCH] usertools/pmdinfo: fix usage typos

dpdklab at iol.unh.edu dpdklab at iol.unh.edu
Tue Sep 19 18:12:53 CEST 2023


Test-Label: iol-unit-amd64-testing
Test-Status: FAILURE
http://dpdk.org/patch/131620

_Testing issues_

Submitter: Robin Jarry <rjarry at redhat.com>
Date: Tuesday, September 19 2023 10:20:13 
DPDK git baseline: Repo:dpdk
  Branch: master
  CommitID:d83fb967212efa19d272e7fa65d17c9ad94b17c1

131620 --> testing fail

Test environment and result as below:

+---------------------+----------------+
|     Environment     | dpdk_unit_test |
+=====================+================+
| Windows Server 2019 | PASS           |
+---------------------+----------------+
| CentOS Stream 8     | FAIL           |
+---------------------+----------------+
| Debian Buster       | PASS           |
+---------------------+----------------+

==== 20 line log output for CentOS Stream 8 (dpdk_unit_test): ====
97/107 DPDK:fast-tests / telemetry_data_autotest  OK       0.22 s
98/107 DPDK:fast-tests / telemetry_json_autotest  OK       0.22 s
99/107 DPDK:fast-tests / thash_autotest        OK       0.22 s
100/107 DPDK:fast-tests / threads_autotest      OK       0.32 s
101/107 DPDK:fast-tests / ticketlock_autotest   OK       0.22 s
102/107 DPDK:fast-tests / timer_autotest        OK       2.52 s
103/107 DPDK:fast-tests / trace_autotest        OK       0.22 s
104/107 DPDK:fast-tests / trace_autotest_with_traces  OK       0.22 s
105/107 DPDK:fast-tests / vdev_autotest         OK       0.22 s
106/107 DPDK:fast-tests / version_autotest      OK       0.22 s
107/107 DPDK:fast-tests / telemetry_all         SKIP     0.01 s

Ok:                   97
Expected Fail:         0
Fail:                  1
Unexpected Pass:       0
Skipped:               9
Timeout:               0

Full log written to /home-local/jenkins-local/jenkins-agent/workspace/Generic-Unit-Test-DPDK/dpdk/build/meson-logs/testlog.txt
==== End log output ====

Windows Server 2019
	Kernel: 10.0
	Compiler: clang 14.0 and gcc 8.1.0 (MinGW)

CentOS Stream 8
	Kernel: 4.18.0-240.10.1.el8_3.x86_64
	Compiler: gcc 8.4.1 20200928

Debian Buster
	Kernel: 5.4.0-122-generic
	Compiler: gcc 8.3.0-6

To view detailed results, visit:
https://lab.dpdk.org/results/dashboard/patchsets/27646/

UNH-IOL DPDK Community Lab

To manage your email subscriptions, visit: 
https://lab.dpdk.org/results/dashboard/preferences/subscriptions/


More information about the test-report mailing list