|FAILURE| pw131640-131653 [PATCH] [v4,14/14] maintainers: add mainta

dpdklab at iol.unh.edu dpdklab at iol.unh.edu
Tue Sep 19 19:20:47 CEST 2023


Test-Label: iol-compile-arm64-testing
Test-Status: FAILURE
http://dpdk.org/patch/131653

_Testing issues_

Submitter: Sunil Kumar Kori <skori at marvell.com>
Date: Tuesday, September 19 2023 16:04:55 
DPDK git baseline: Repo:dpdk
  Branch: master
  CommitID:d83fb967212efa19d272e7fa65d17c9ad94b17c1

131640-131653 --> testing fail

Test environment and result as below:

+----------------------------------------+--------------------+
|              Environment               | dpdk_meson_compile |
+========================================+====================+
| Ubuntu 20.04 ARM SVE                   | PASS               |
+----------------------------------------+--------------------+
| Ubuntu 20.04 ARM GCC Cross Compile     | FAIL               |
+----------------------------------------+--------------------+
| Ubuntu 20.04 aarch32 GCC Cross Compile | FAIL               |
+----------------------------------------+--------------------+
| Ubuntu 20.04 (ARM)                     | FAIL               |
+----------------------------------------+--------------------+
| CentOS Stream 9 (ARM)                  | FAIL               |
+----------------------------------------+--------------------+
| Fedora 38 (ARM)                        | FAIL               |
+----------------------------------------+--------------------+

==== 20 line log output for Fedora 38 (ARM) (dpdk_meson_compile): ====
[2748/3048] Compiling C object 'app/a172ced@@dpdk-dumpcap at exe/dumpcap_main.c.o'.
[2749/3048] Linking target app/dpdk-dumpcap.
[2750/3048] Compiling C object 'app/a172ced@@dpdk-pdump at exe/pdump_main.c.o'.
[2751/3048] Linking target app/dpdk-pdump.
[2752/3048] Compiling C object 'app/a172ced@@dpdk-graph at exe/graph_cli.c.o'.
[2753/3048] Compiling C object 'app/a172ced@@dpdk-graph at exe/graph_conn.c.o'.
[2754/3048] Compiling C object 'app/a172ced@@dpdk-graph at exe/graph_ethdev_rx.c.o'.
[2755/3048] Compiling C object 'app/a172ced@@dpdk-graph at exe/graph_ethdev.c.o'.
[2756/3048] Compiling C object 'app/a172ced@@dpdk-graph at exe/graph_graph.c.o'.
[2757/3048] Compiling C object 'app/a172ced@@dpdk-graph at exe/graph_ip4_route.c.o'.
[2758/3048] Compiling C object 'app/a172ced@@dpdk-graph at exe/graph_ip6_route.c.o'.
[2759/3048] Compiling C object 'app/a172ced@@dpdk-graph at exe/graph_l3fwd.c.o'.
FAILED: app/a172ced@@dpdk-graph at exe/graph_l3fwd.c.o
ccache cc -Iapp/a172ced@@dpdk-graph at exe -Iapp -I../app -Idrivers/bus/pci -I../drivers/bus/pci -I../drivers/bus/pci/linux -I. -I../ -Iconfig -I../config -Ilib/eal/include -I../lib/eal/include -Ilib/eal/linux/include -I../lib/eal/linux/include -Ilib/eal/arm/include -I../lib/eal/arm/include -Ilib/eal/common -I../lib/eal/common -Ilib/eal -I../lib/eal -Ilib/kvargs -I../lib/kvargs -Ilib/log -I../lib/log -Ilib/telemetry/../metrics -I../lib/telemetry/../metrics -Ilib/telemetry -I../lib/telemetry -Ilib/pci -I../lib/pci -Ilib/graph -I../lib/graph -Ilib/pcapng -I../lib/pcapng -Ilib/ethdev -I../lib/ethdev -Ilib/net -I../lib/net -Ilib/mbuf -I../lib/mbuf -Ilib/mempool -I../lib/mempool -Ilib/ring -I../lib/ring -Ilib/meter -I../lib/meter -Ilib/lpm -I../lib/lpm -Ilib/hash -I../lib/hash -Ilib/rcu -I../lib/rcu -Ilib/node -I../lib/node -Ilib/cryptodev -I../lib/cryptodev -Ilib/cmdline -I../lib/cmdline -fdiagnostics-color=always -pipe -D_FILE_OFFSET_BITS=64 -Wall -Winvalid-pch -Wextra -Werror -std=c11 -O3
  -include rte_config.h -Wcast-qual -Wdeprecated -Wformat -Wformat-nonliteral -Wformat-security -Wmissing-declarations -Wmissing-prototypes -Wnested-externs -Wold-style-definition -Wpointer-arith -Wsign-compare -Wstrict-prototypes -Wundef -Wwrite-strings -Wno-address-of-packed-member -Wno-packed-not-aligned -Wno-missing-field-initializers -Wno-zero-length-bounds -D_GNU_SOURCE -march=armv8.1-a+crc+crypto -mcpu=thunderx2t99 -DALLOW_EXPERIMENTAL_API -MD -MQ 'app/a172ced@@dpdk-graph at exe/graph_l3fwd.c.o' -MF 'app/a172ced@@dpdk-graph at exe/graph_l3fwd.c.o.d' -o 'app/a172ced@@dpdk-graph at exe/graph_l3fwd.c.o' -c ../app/graph/l3fwd.c
../app/graph/l3fwd.c: In function 'l3fwd_pattern_configure':
../app/graph/l3fwd.c:58:37: error: comparison is always true due to limited range of data type [-Werror=type-limits]
58 |         for (lcore_id = 0; lcore_id < RTE_MAX_LCORE; lcore_id++) {
|                                     ^
cc1: all warnings being treated as errors
ninja: build stopped: subcommand failed.
==== End log output ====

Ubuntu 20.04 ARM SVE
	Kernel: 5.4.0-80-generic
	Compiler: gcc 10.3.0 (Ubuntu 10.3.0-1ubuntu1~20.04)

Ubuntu 20.04 ARM GCC Cross Compile
	Kernel: 5.4.0-72-generic
	Compiler: aarch64-linux-gnu-gcc (Ubuntu 9.3.0-17ubuntu1~20.04) 9.3.0

Ubuntu 20.04 aarch32 GCC Cross Compile
	Kernel: 5.4.0-72-generic
	Compiler: gcc 9.3.0

Ubuntu 20.04 (ARM)
	Kernel: Container Host Kernel
	Compiler: gcc 9.4.0

CentOS Stream 9 (ARM)
	Kernel: Container Host Kernel
	Compiler: gcc 11.3.1

Fedora 38 (ARM)
	Kernel: Depends on container host
	Compiler: gcc 13.1.1

To view detailed results, visit:
https://lab.dpdk.org/results/dashboard/patchsets/27654/

UNH-IOL DPDK Community Lab

To manage your email subscriptions, visit: 
https://lab.dpdk.org/results/dashboard/preferences/subscriptions/


More information about the test-report mailing list