|FAILURE| pw131725 [PATCH] [v2] testpmd: add hairpin-map parameter
dpdklab at iol.unh.edu
dpdklab at iol.unh.edu
Wed Sep 20 16:48:52 CEST 2023
Test-Label: iol-unit-amd64-testing
Test-Status: FAILURE
http://dpdk.org/patch/131725
_Testing issues_
Submitter: Gregory Etelson <getelson at nvidia.com>
Date: Wednesday, September 20 2023 12:22:16
DPDK git baseline: Repo:dpdk
Branch: master
CommitID:31e60e81f025e9fffa69b68bffe5cfaa22d5c098
131725 --> testing fail
Test environment and result as below:
+-----------------+----------------+
| Environment | dpdk_unit_test |
+=================+================+
| CentOS Stream 8 | FAIL |
+-----------------+----------------+
| CentOS Stream 9 | PASS |
+-----------------+----------------+
| Debian Buster | PASS |
+-----------------+----------------+
| Debian Bullseye | PASS |
+-----------------+----------------+
==== 20 line log output for CentOS Stream 8 (dpdk_unit_test): ====
97/107 DPDK:fast-tests / telemetry_data_autotest OK 0.22 s
98/107 DPDK:fast-tests / telemetry_json_autotest OK 0.22 s
99/107 DPDK:fast-tests / thash_autotest OK 0.22 s
100/107 DPDK:fast-tests / threads_autotest OK 0.39 s
101/107 DPDK:fast-tests / ticketlock_autotest OK 0.22 s
102/107 DPDK:fast-tests / timer_autotest OK 2.63 s
103/107 DPDK:fast-tests / trace_autotest OK 0.26 s
104/107 DPDK:fast-tests / trace_autotest_with_traces OK 0.22 s
105/107 DPDK:fast-tests / vdev_autotest OK 0.22 s
106/107 DPDK:fast-tests / version_autotest OK 0.22 s
107/107 DPDK:fast-tests / telemetry_all SKIP 0.01 s
Ok: 97
Expected Fail: 0
Fail: 1
Unexpected Pass: 0
Skipped: 9
Timeout: 0
Full log written to /home-local/jenkins-local/jenkins-agent/workspace/Generic-Unit-Test-DPDK/dpdk/build/meson-logs/testlog.txt
==== End log output ====
CentOS Stream 8
Kernel: 4.18.0-240.10.1.el8_3.x86_64
Compiler: gcc 8.4.1 20200928
CentOS Stream 9
Kernel: 4.18.0-240.10.1.el8_3.x86_64
Compiler: gcc 11.3.1 20220421
Debian Buster
Kernel: 5.4.0-122-generic
Compiler: gcc 8.3.0-6
Debian Bullseye
Kernel: 5.4.0-122-generic
Compiler: gcc 10.2.1-6
To view detailed results, visit:
https://lab.dpdk.org/results/dashboard/patchsets/27668/
UNH-IOL DPDK Community Lab
To manage your email subscriptions, visit:
https://lab.dpdk.org/results/dashboard/preferences/subscriptions/
More information about the test-report
mailing list