|FAILURE| pw131764-131775 [PATCH] [v5,12/12] app/graph: add l3fwd us

dpdklab at iol.unh.edu dpdklab at iol.unh.edu
Thu Sep 21 17:44:56 CEST 2023


Test-Label: iol-compile-arm64-testing
Test-Status: FAILURE
http://dpdk.org/patch/131775

_Testing issues_

Submitter: Sunil Kumar Kori <skori at marvell.com>
Date: Thursday, September 21 2023 10:08:32 
DPDK git baseline: Repo:dpdk
  Branch: master
  CommitID:31e60e81f025e9fffa69b68bffe5cfaa22d5c098

131764-131775 --> testing fail

Test environment and result as below:

+------------------------------------+--------------------+
|            Environment             | dpdk_meson_compile |
+====================================+====================+
| Ubuntu 20.04 ARM SVE               | PASS               |
+------------------------------------+--------------------+
| Ubuntu 20.04 ARM GCC Cross Compile | FAIL               |
+------------------------------------+--------------------+
| Fedora 37 (ARM)                    | FAIL               |
+------------------------------------+--------------------+
| Fedora 38 (ARM)                    | FAIL               |
+------------------------------------+--------------------+
| Ubuntu 20.04 (ARM)                 | FAIL               |
+------------------------------------+--------------------+
| CentOS Stream 9 (ARM)              | FAIL               |
+------------------------------------+--------------------+

==== 20 line log output for CentOS Stream 9 (ARM) (dpdk_meson_compile): ====
[2747/3047] Compiling C object 'app/a172ced@@dpdk-dumpcap at exe/dumpcap_main.c.o'.
[2748/3047] Linking target app/dpdk-dumpcap.
[2749/3047] Compiling C object 'app/a172ced@@dpdk-pdump at exe/pdump_main.c.o'.
[2750/3047] Linking target app/dpdk-pdump.
[2751/3047] Compiling C object 'app/a172ced@@dpdk-graph at exe/graph_cli.c.o'.
[2752/3047] Compiling C object 'app/a172ced@@dpdk-graph at exe/graph_conn.c.o'.
[2753/3047] Compiling C object 'app/a172ced@@dpdk-graph at exe/graph_ethdev_rx.c.o'.
[2754/3047] Compiling C object 'app/a172ced@@dpdk-graph at exe/graph_ethdev.c.o'.
[2755/3047] Compiling C object 'app/a172ced@@dpdk-graph at exe/graph_graph.c.o'.
[2756/3047] Compiling C object 'app/a172ced@@dpdk-graph at exe/graph_ip4_route.c.o'.
[2757/3047] Compiling C object 'app/a172ced@@dpdk-graph at exe/graph_ip6_route.c.o'.
[2758/3047] Compiling C object 'app/a172ced@@dpdk-graph at exe/graph_l3fwd.c.o'.
FAILED: app/a172ced@@dpdk-graph at exe/graph_l3fwd.c.o
ccache cc -Iapp/a172ced@@dpdk-graph at exe -Iapp -I../app -Idrivers/bus/pci -I../drivers/bus/pci -I../drivers/bus/pci/linux -I. -I../ -Iconfig -I../config -Ilib/eal/include -I../lib/eal/include -Ilib/eal/linux/include -I../lib/eal/linux/include -Ilib/eal/arm/include -I../lib/eal/arm/include -Ilib/eal/common -I../lib/eal/common -Ilib/eal -I../lib/eal -Ilib/kvargs -I../lib/kvargs -Ilib/log -I../lib/log -Ilib/telemetry/../metrics -I../lib/telemetry/../metrics -Ilib/telemetry -I../lib/telemetry -Ilib/pci -I../lib/pci -Ilib/graph -I../lib/graph -Ilib/pcapng -I../lib/pcapng -Ilib/ethdev -I../lib/ethdev -Ilib/net -I../lib/net -Ilib/mbuf -I../lib/mbuf -Ilib/mempool -I../lib/mempool -Ilib/ring -I../lib/ring -Ilib/meter -I../lib/meter -Ilib/lpm -I../lib/lpm -Ilib/hash -I../lib/hash -Ilib/rcu -I../lib/rcu -Ilib/node -I../lib/node -Ilib/cryptodev -I../lib/cryptodev -Ilib/cmdline -I../lib/cmdline -fdiagnostics-color=always -pipe -D_FILE_OFFSET_BITS=64 -Wall -Winvalid-pch -Wextra -Werror -std=c11 -O3
  -include rte_config.h -Wcast-qual -Wdeprecated -Wformat -Wformat-nonliteral -Wformat-security -Wmissing-declarations -Wmissing-prototypes -Wnested-externs -Wold-style-definition -Wpointer-arith -Wsign-compare -Wstrict-prototypes -Wundef -Wwrite-strings -Wno-address-of-packed-member -Wno-packed-not-aligned -Wno-missing-field-initializers -Wno-zero-length-bounds -D_GNU_SOURCE -march=armv8.1-a+crc+crypto -mcpu=thunderx2t99 -DALLOW_EXPERIMENTAL_API -MD -MQ 'app/a172ced@@dpdk-graph at exe/graph_l3fwd.c.o' -MF 'app/a172ced@@dpdk-graph at exe/graph_l3fwd.c.o.d' -o 'app/a172ced@@dpdk-graph at exe/graph_l3fwd.c.o' -c ../app/graph/l3fwd.c
../app/graph/l3fwd.c: In function 'l3fwd_pattern_configure':
../app/graph/l3fwd.c:56:37: error: comparison is always true due to limited range of data type [-Werror=type-limits]
56 |         for (lcore_id = 0; lcore_id < RTE_MAX_LCORE; lcore_id++) {
|                                     ^
cc1: all warnings being treated as errors
ninja: build stopped: subcommand failed.
==== End log output ====

Ubuntu 20.04 ARM SVE
	Kernel: 5.4.0-80-generic
	Compiler: gcc 10.3.0 (Ubuntu 10.3.0-1ubuntu1~20.04)

Ubuntu 20.04 ARM GCC Cross Compile
	Kernel: 5.4.0-72-generic
	Compiler: aarch64-linux-gnu-gcc (Ubuntu 9.3.0-17ubuntu1~20.04) 9.3.0

Fedora 37 (ARM)
	Kernel: Depends on container host
	Compiler: gcc 12.3.1

Fedora 38 (ARM)
	Kernel: Depends on container host
	Compiler: gcc 13.1.1

Ubuntu 20.04 (ARM)
	Kernel: Container Host Kernel
	Compiler: gcc 9.4.0

CentOS Stream 9 (ARM)
	Kernel: Container Host Kernel
	Compiler: gcc 11.3.1

To view detailed results, visit:
https://lab.dpdk.org/results/dashboard/patchsets/27683/

UNH-IOL DPDK Community Lab

To manage your email subscriptions, visit: 
https://lab.dpdk.org/results/dashboard/preferences/subscriptions/


More information about the test-report mailing list