|FAILURE| pw131844 [PATCH] app/test: add modexp group tests

dpdklab at iol.unh.edu dpdklab at iol.unh.edu
Sat Sep 23 14:05:05 CEST 2023


Test-Label: iol-compile-amd64-testing
Test-Status: FAILURE
http://dpdk.org/patch/131844

_Testing issues_

Submitter: Gowrishankar Muthukrishnan <gmuthukrishn at marvell.com>
Date: Saturday, September 23 2023 11:20:05 
DPDK git baseline: Repo:dpdk
  Branch: master
  CommitID:2744cb6ef086435ae7d3d997b9b62a3c74cec224

131844 --> testing fail

Test environment and result as below:

+---------------------+--------------------+----------------------+
|     Environment     | dpdk_meson_compile | dpdk_mingw64_compile |
+=====================+====================+======================+
| Debian Bullseye     | PASS               | SKIPPED              |
+---------------------+--------------------+----------------------+
| CentOS Stream 9     | PASS               | SKIPPED              |
+---------------------+--------------------+----------------------+
| CentOS Stream 8     | PASS               | SKIPPED              |
+---------------------+--------------------+----------------------+
| Debian Buster       | PASS               | SKIPPED              |
+---------------------+--------------------+----------------------+
| Fedora 37           | PASS               | SKIPPED              |
+---------------------+--------------------+----------------------+
| Fedora 38           | PASS               | SKIPPED              |
+---------------------+--------------------+----------------------+
| Ubuntu 20.04        | PASS               | SKIPPED              |
+---------------------+--------------------+----------------------+
| openSUSE Leap 15    | FAIL               | SKIPPED              |
+---------------------+--------------------+----------------------+
| RHEL8               | PASS               | SKIPPED              |
+---------------------+--------------------+----------------------+
| FreeBSD 13          | FAIL               | SKIPPED              |
+---------------------+--------------------+----------------------+
| Alpine              | PASS               | SKIPPED              |
+---------------------+--------------------+----------------------+
| Windows Server 2019 | PASS               | PASS                 |
+---------------------+--------------------+----------------------+
| Ubuntu 22.04        | PASS               | SKIPPED              |
+---------------------+--------------------+----------------------+

==== 20 line log output for FreeBSD 13 (dpdk_meson_compile): ====
ccache cc -Iapp/dpdk-test.p -Iapp -I../app -Ilib/cmdline -I../lib/cmdline -I. -I.. -Iconfig -I../config -Ilib/eal/include -I../lib/eal/include -Ilib/eal/freebsd/include -I../lib/eal/freebsd/include -Ilib/eal/x86/include -I../lib/eal/x86/include -Ilib/eal/common -I../lib/eal/common -Ilib/eal -I../lib/eal -Ilib/kvargs -I../lib/kvargs -Ilib/log -I../lib/log -Ilib/metrics -I../lib/metrics -Ilib/telemetry -I../lib/telemetry -Ilib/net -I../lib/net -Ilib/mbuf -I../lib/mbuf -Ilib/mempool -I../lib/mempool -Ilib/ring -I../lib/ring -Idrivers/net/ring -I../drivers/net/ring -Ilib/ethdev -I../lib/ethdev -Ilib/meter -I../lib/meter -Idrivers/bus/pci -I../drivers/bus/pci -I../drivers/bus/pci/bsd -Ilib/pci -I../lib/pci -Idrivers/bus/vdev -I../drivers/bus/vdev -Ilib/acl -I../lib/acl -Ilib/hash -I../lib/hash -Ilib/rcu -I../lib/rcu -Ilib/bitratestats -I../lib/bitratestats -Ilib/bpf -I../lib/bpf -Ilib/compressdev -I../lib/compressdev -Ilib/cryptodev -I../lib/cryptodev -Idrivers/crypto/scheduler -I../drive
 rs/crypto/scheduler -Ilib/reorder -I../lib/reorder -Ilib/security -I../lib/security -Ilib/distributor -I../lib/distributor -Ilib/dmadev -I../lib/dmadev -Ilib/efd -I../lib/efd -Ilib/eventdev -I../lib/eventdev -Ilib/timer -I../lib/timer -Ilib/fib -I../lib/fib -Ilib/rib -I../lib/rib -Ilib/table -I../lib/table -Ilib/port -I../lib/port -Ilib/sched -I../lib/sched -Ilib/ip_frag -I../lib/ip_frag -Ilib/lpm -I../lib/lpm -Ilib/graph -I../lib/graph -Ilib/pcapng -I../lib/pcapng -Ilib/ipsec -I../lib/ipsec -Ilib/latencystats -I../lib/latencystats -Idrivers/net/bonding -I../drivers/net/bonding -Ilib/member -I../lib/member -Ilib/pdcp -I../lib/pdcp -Ilib/pdump -I../lib/pdump -Ilib/rawdev -I../lib/rawdev -Ilib/stack -I../lib/stack -Ilib/pipeline -I../lib/pipeline -I/usr/local/include -fcolor-diagnostics -D_FILE_OFFSET_BITS=64 -Wall -Winvalid-pch -Wextra -Werror -std=c11 -O3 -include rte_config.h -Wcast-qual -Wdeprecated -Wformat -Wformat-nonliteral -Wformat-security -Wmissing-declarations -Wmissing-pr
 ototypes -Wnested-externs -Wold-style-definition -Wpointer-arith -Wsign-compare -Wstrict-prototypes -Wundef -Wwrite-strings -Wno-address-of-packed-member -Wno-missing-field-initializers -D_GNU_SOURCE -D__BSD_VISIBLE -march=native -mrtm -DALLOW_EXPERIMENTAL_API -fno-strict-aliasing -DALLOW_INTERNAL_API -MD -MQ app/dpdk-test.p/test_test_cryptodev_asym.c.o -MF app/dpdk-test.p/test_test_cryptodev_asym.c.o.d -o app/dpdk-test.p/test_test_cryptodev_asym.c.o -c ../app/test/test_cryptodev_asym.c
../app/test/test_cryptodev_asym.c:2702:30: error: initializer element is not a compile-time constant
modex_group_test_cases[0].description,
~~~~~~~~~~~~~~~~~~~~~~~~~~^~~~~~~~~~~
../app/test/test.h:133:38: note: expanded from macro 'TEST_CASE_NAMED_WITH_DATA'
{ setup, teardown, NULL, testcase, name, 1, data }
^~~~
../app/test/test_cryptodev_asym.c:2777:30: error: initializer element is not a compile-time constant
modex_group_test_cases[0].description,
~~~~~~~~~~~~~~~~~~~~~~~~~~^~~~~~~~~~~
../app/test/test.h:133:38: note: expanded from macro 'TEST_CASE_NAMED_WITH_DATA'
{ setup, teardown, NULL, testcase, name, 1, data }
^~~~
2 errors generated.
[1739/1777] Compiling C object app/dpdk-test.p/test_test_ring_perf.c.o
[1740/1777] Compiling C object app/dpdk-test.p/test_test_ring_rts_stress.c.o
[1741/1777] Compiling C object app/dpdk-test.p/test_test_ring_st_peek_stress_zc.c.o
[1742/1777] Compiling C object app/dpdk-test.p/test_test_ring_st_peek_stress.c.o
[1743/1777] Compiling C object app/dpdk-test.p/test_test_ring_stress.c.o
ninja: build stopped: subcommand failed.
==== End log output ====

Debian Bullseye
	Kernel: 5.4.0-122-generic
	Compiler: gcc 10.2.1-6

CentOS Stream 9
	Kernel: 4.18.0-240.10.1.el8_3.x86_64
	Compiler: gcc 11.3.1 20220421

CentOS Stream 8
	Kernel: 4.18.0-240.10.1.el8_3.x86_64
	Compiler: gcc 8.4.1 20200928

Debian Buster
	Kernel: 5.4.0-122-generic
	Compiler: gcc 8.3.0-6

Fedora 37
	Kernel: Depends on container host system
	Compiler: gcc 12.3.1

Fedora 38
	Kernel: Depends on container host
	Compiler: gcc 13.1.1

Ubuntu 20.04
	Kernel: 5.4.0-153-generic
	Compiler: gcc 9.4.0-1ubuntu1~20.04.1

openSUSE Leap 15
	Kernel: 4.18.0-240.10.1.el8_3.x86_64
	Compiler: gcc 7.5.0

RHEL8
	Kernel: 4.18.0-240.10.1.el8_3.x86_64
	Compiler: gcc 8.3.1 20191121 (Red Hat 8.3.1-5)

FreeBSD 13
	Kernel: 13.0
	Compiler: clang 11.0.1

Alpine
	Kernel: 5.4.0-73-generic
	Compiler: gcc (Alpine 10.3.1_git20210424) 10.3.1 20210424

Windows Server 2019
	Kernel: 10.0
	Compiler: clang 14.0 and gcc 8.1.0 (MinGW)

Ubuntu 22.04
	Kernel: 4.18.0-240.10.1.el8_3.x86_64
	Compiler: gcc 11.3.0

To view detailed results, visit:
https://lab.dpdk.org/results/dashboard/patchsets/27702/

UNH-IOL DPDK Community Lab

To manage your email subscriptions, visit: 
https://lab.dpdk.org/results/dashboard/preferences/subscriptions/


More information about the test-report mailing list