|FAILURE| [GIT MASTER] 5acec4b4f9488d2d4619340fd1045410a4df52a0

dpdklab at iol.unh.edu dpdklab at iol.unh.edu
Fri Sep 29 03:47:14 CEST 2023


_Testing issues_

Branch: dpdk-next-net-intel

5acec4b4f9488d2d4619340fd1045410a4df52a0 --> testing fail

Test environment and result as below:

+---------------------+----------------+
|     Environment     | dpdk_unit_test |
+=====================+================+
| Windows Server 2019 | PASS           |
+---------------------+----------------+
| CentOS Stream 9     | PASS           |
+---------------------+----------------+
| CentOS Stream 8     | PASS           |
+---------------------+----------------+
| Fedora 37           | FAIL           |
+---------------------+----------------+
| Debian Bullseye     | PASS           |
+---------------------+----------------+
| Fedora 38           | PASS           |
+---------------------+----------------+
| Debian Buster       | PASS           |
+---------------------+----------------+
| openSUSE Leap 15    | PASS           |
+---------------------+----------------+
| RHEL8               | PASS           |
+---------------------+----------------+

==== 20 line log output for Fedora 37 (dpdk_unit_test): ====
inlined from 'rte_memcpy_generic' at ../lib/eal/x86/include/rte_memcpy.h:475:4,
inlined from 'rte_memcpy' at ../lib/eal/x86/include/rte_memcpy.h:868:10,
inlined from 'cpfl_fxp_parse_pattern' at ../drivers/net/cpfl/cpfl_flow_engine_fxp.c:184:3,
inlined from 'cpfl_fxp_parse_pattern_action' at ../drivers/net/cpfl/cpfl_flow_engine_fxp.c:545:7:
/usr/lib/gcc/x86_64-redhat-linux/12/include/avxintrin.h:929:10: error: array subscript '__m256i_u[2]' is partly outside array bounds of 'const void[76]' [-Werror=array-bounds]
929 |   return *__P;
|          ^~~~
../drivers/net/cpfl/cpfl_flow_engine_fxp.c: In function 'cpfl_fxp_parse_pattern_action':
../drivers/net/cpfl/cpfl_flow_engine_fxp.c:503:36: note: at offset [149, 213] into object 'pr_action' of size 76
503 |         struct cpfl_flow_pr_action pr_action = { 0 };
|                                    ^~~~~~~~~
../drivers/net/cpfl/cpfl_flow_engine_fxp.c:503:36: note: at offset [149, 213] into object 'pr_action' of size 76
../drivers/net/cpfl/cpfl_flow_parser.h:188:17: note: at offset [11, 64] into object 'cpfl_flow_pr_fv' of size 64
188 |         uint8_t cpfl_flow_pr_fv[CPFL_MAX_SEM_FV_KEY_SIZE];
|                 ^~~~~~~~~~~~~~~
cc1: all warnings being treated as errors
[1213/2706] Generating rte_net_cxgbe.pmd.c with a custom command.
[1214/2706] Generating rte_common_sfc_efx.sym_chk with a meson_exe.py custom command.
[1215/2706] Generating rte_common_cnxk.sym_chk with a meson_exe.py custom command.
ninja: build stopped: subcommand failed.
==== End log output ====

Windows Server 2019
	Kernel: 10.0
	Compiler: clang 14.0 and gcc 8.1.0 (MinGW)

CentOS Stream 9
	Kernel: 4.18.0-240.10.1.el8_3.x86_64
	Compiler: gcc 11.3.1 20220421

CentOS Stream 8
	Kernel: 4.18.0-240.10.1.el8_3.x86_64
	Compiler: gcc 8.4.1 20200928

Fedora 37
	Kernel: Depends on container host system
	Compiler: gcc 12.3.1

Debian Bullseye
	Kernel: 5.4.0-122-generic
	Compiler: gcc 10.2.1-6

Fedora 38
	Kernel: Depends on container host
	Compiler: gcc 13.1.1

Debian Buster
	Kernel: 5.4.0-122-generic
	Compiler: gcc 8.3.0-6

openSUSE Leap 15
	Kernel: 4.18.0-240.10.1.el8_3.x86_64
	Compiler: gcc 7.5.0

RHEL8
	Kernel: 4.18.0-240.10.1.el8_3.x86_64
	Compiler: gcc 8.3.1 20191121 (Red Hat 8.3.1-5)

To view detailed results, visit:
https://lab.dpdk.org/results/dashboard/tarballs/26295/

UNH-IOL DPDK Community Lab

To manage your email subscriptions, visit: 
https://lab.dpdk.org/results/dashboard/preferences/subscriptions/


More information about the test-report mailing list