|FAILURE| pw139015-139016 [PATCH] [2/2] mempool: fix unused warning 
    dpdklab at iol.unh.edu 
    dpdklab at iol.unh.edu
       
    Mon Apr  1 20:41:08 CEST 2024
    
    
  
Test-Label: iol-unit-amd64-testing
Test-Status: FAILURE
http://dpdk.org/patch/139016
_Testing issues_
Submitter: Stephen Hemminger <stephen at networkplumber.org>
Date: Monday, April 01 2024 17:01:53 
DPDK git baseline: Repo:dpdk
  Branch: master
  CommitID:a9778aad62470a38ccbb4e09a2a6bf0cc2e0e36d
139015-139016 --> testing fail
Test environment and result as below:
+---------------------+----------------+
|     Environment     | dpdk_unit_test |
+=====================+================+
| Windows Server 2019 | PASS           |
+---------------------+----------------+
| Fedora 37           | PASS           |
+---------------------+----------------+
| Windows Server 2022 | PASS           |
+---------------------+----------------+
| Ubuntu 20.04        | PASS           |
+---------------------+----------------+
| CentOS Stream 8     | PASS           |
+---------------------+----------------+
| Debian Bullseye     | PASS           |
+---------------------+----------------+
| Fedora 38           | PASS           |
+---------------------+----------------+
| CentOS Stream 9     | PASS           |
+---------------------+----------------+
| Fedora 39           | PASS           |
+---------------------+----------------+
| Debian 12           | FAIL           |
+---------------------+----------------+
==== 20 line log output for Debian 12 (dpdk_unit_test): ====
102/112 DPDK:fast-tests / telemetry_data_autotest        OK               0.17s
103/112 DPDK:fast-tests / telemetry_json_autotest        OK               0.17s
104/112 DPDK:fast-tests / thash_autotest                 OK               0.18s
105/112 DPDK:fast-tests / threads_autotest               OK               0.33s
106/112 DPDK:fast-tests / ticketlock_autotest            OK               0.19s
107/112 DPDK:fast-tests / timer_autotest                 OK               2.49s
108/112 DPDK:fast-tests / trace_autotest                 OK               0.18s
109/112 DPDK:fast-tests / trace_autotest_with_traces     OK               0.18s
110/112 DPDK:fast-tests / vdev_autotest                  OK               0.17s
111/112 DPDK:fast-tests / version_autotest               OK               0.17s
112/112 DPDK:fast-tests / telemetry_all                  SKIP             0.01s   exit status 77
Ok:                 101
Expected Fail:      0
Fail:               1
Unexpected Pass:    0
Skipped:            10
Timeout:            0
Full log written to /home-local/jenkins-local/jenkins-agent/workspace/Generic-Unit-Test-DPDK/dpdk/build/meson-logs/testlog.txt
==== End log output ====
Windows Server 2019
	Kernel: 10.0.17763
	Compiler: clang 14.0 and gcc 8.1.0 (MinGW)
Fedora 37
	Kernel: Depends on container host system
	Compiler: gcc 12.3.1
Windows Server 2022
	Kernel: 10.0.20348.2031
	Compiler: clang 15.0.7, gcc 8.1.0 (MinGW), and MSVC VS 17.9
Ubuntu 20.04
	Kernel: 5.4.0-167-generic
	Compiler: gcc 9.4.0-1ubuntu1~20.04.1
CentOS Stream 8
	Kernel: 5.4.0-167-generic
	Compiler: gcc 8.5.0 20210514
Debian Bullseye
	Kernel: 5.4.0-167-generic
	Compiler: gcc 10.2.1-6
Fedora 38
	Kernel: Depends on container host
	Compiler: gcc 13.2.1
CentOS Stream 9
	Kernel: 5.4.0-167-generic
	Compiler: gcc 11.4.1 20230605
Fedora 39
	Kernel: Depends on container host
	Compiler: gcc 13.2.1
Debian 12
	Kernel: Container Host Kernel
	Compiler: gcc 10.2.1
To view detailed results, visit:
https://lab.dpdk.org/results/dashboard/patchsets/29689/
UNH-IOL DPDK Community Lab
To manage your email subscriptions, visit: 
https://lab.dpdk.org/results/dashboard/preferences/subscriptions/
    
    
More information about the test-report
mailing list