|FAILURE| [GIT MASTER] 8f34999c2489bcae2182266810009b77c532f17e
    dpdklab at iol.unh.edu 
    dpdklab at iol.unh.edu
       
    Thu Apr 11 22:26:10 CEST 2024
    
    
  
_Testing issues_
Branch: tags/v21.11
8f34999c2489bcae2182266810009b77c532f17e --> testing fail
Test environment and result as below:
+---------------------+----------------+
|     Environment     | dpdk_unit_test |
+=====================+================+
| Windows Server 2019 | PASS           |
+---------------------+----------------+
| Windows Server 2022 | PASS           |
+---------------------+----------------+
| CentOS Stream 8     | PASS           |
+---------------------+----------------+
| Debian Bullseye     | PASS           |
+---------------------+----------------+
| CentOS Stream 9     | FAIL           |
+---------------------+----------------+
| Fedora 37           | FAIL           |
+---------------------+----------------+
| RHEL 7              | PASS           |
+---------------------+----------------+
| Fedora 38           | FAIL           |
+---------------------+----------------+
| Fedora 39           | FAIL           |
+---------------------+----------------+
==== 20 line log output for Fedora 39 (dpdk_unit_test): ====
Windows Server 2019
	Kernel: 10.0.17763
	Compiler: clang 14.0 and gcc 8.1.0 (MinGW)
Windows Server 2022
	Kernel: 10.0.20348.2031
	Compiler: clang 15.0.7, gcc 8.1.0 (MinGW), and MSVC VS 17.9
CentOS Stream 8
	Kernel: 5.4.0-167-generic
	Compiler: gcc 8.5.0 20210514
Debian Bullseye
	Kernel: 5.4.0-167-generic
	Compiler: gcc 10.2.1-6
CentOS Stream 9
	Kernel: 5.4.0-167-generic
	Compiler: gcc 11.4.1 20230605
Fedora 37
	Kernel: Depends on container host system
	Compiler: gcc 12.3.1
RHEL 7
	Kernel: 5.4.0-167-generic
	Compiler: gcc 4.8.5 20150623 (Red Hat 4.8.5-44)
Fedora 38
	Kernel: Depends on container host
	Compiler: clang 16.0.6
Fedora 39
	Kernel: Depends on container host
	Compiler: gcc 13.2.1
To view detailed results, visit:
https://lab.dpdk.org/results/dashboard/tarballs/28783/
UNH-IOL DPDK Community Lab
To manage your email subscriptions, visit: 
https://lab.dpdk.org/results/dashboard/preferences/subscriptions/
    
    
More information about the test-report
mailing list