|FAILURE| [GIT MASTER] 8f34999c2489bcae2182266810009b77c532f17e
    dpdklab at iol.unh.edu 
    dpdklab at iol.unh.edu
       
    Sun Apr 14 07:11:13 CEST 2024
    
    
  
_Testing issues_
Branch: tags/v21.11
8f34999c2489bcae2182266810009b77c532f17e --> testing fail
Test environment and result as below:
+-----------------+----------------+
|   Environment   | dpdk_unit_test |
+=================+================+
| CentOS Stream 9 | FAIL           |
+-----------------+----------------+
| Debian Bullseye | PASS           |
+-----------------+----------------+
| CentOS Stream 8 | PASS           |
+-----------------+----------------+
| Fedora 39       | FAIL           |
+-----------------+----------------+
| Fedora 38       | FAIL           |
+-----------------+----------------+
| RHEL 7          | PASS           |
+-----------------+----------------+
| Debian 12       | FAIL           |
+-----------------+----------------+
==== 20 line log output for Debian 12 (dpdk_unit_test): ====
CentOS Stream 9
	Kernel: 5.4.0-167-generic
	Compiler: gcc 11.4.1 20230605
Debian Bullseye
	Kernel: 5.4.0-167-generic
	Compiler: gcc 10.2.1-6
CentOS Stream 8
	Kernel: 5.4.0-167-generic
	Compiler: gcc 8.5.0 20210514
Fedora 39
	Kernel: Depends on container host
	Compiler: gcc 13.2.1
Fedora 38
	Kernel: Depends on container host
	Compiler: gcc 13.2.1
RHEL 7
	Kernel: 5.4.0-167-generic
	Compiler: gcc 4.8.5 20150623 (Red Hat 4.8.5-44)
Debian 12
	Kernel: Container Host Kernel
	Compiler: gcc 10.2.1
To view detailed results, visit:
https://lab.dpdk.org/results/dashboard/tarballs/28810/
UNH-IOL DPDK Community Lab
To manage your email subscriptions, visit: 
https://lab.dpdk.org/results/dashboard/preferences/subscriptions/
    
    
More information about the test-report
mailing list