|FAILURE| [GIT MASTER] b0b971bf661967fdf3d06e56b5437a779c2915ae
    dpdklab at iol.unh.edu 
    dpdklab at iol.unh.edu
       
    Wed Apr 17 06:44:39 CEST 2024
    
    
  
_Testing issues_
Branch: tags/v23.11
b0b971bf661967fdf3d06e56b5437a779c2915ae --> testing fail
Test environment and result as below:
+---------------------+----------------+
|     Environment     | dpdk_unit_test |
+=====================+================+
| Debian Bullseye     | PASS           |
+---------------------+----------------+
| Windows Server 2019 | PASS           |
+---------------------+----------------+
| Debian 12           | FAIL           |
+---------------------+----------------+
| CentOS Stream 9     | PASS           |
+---------------------+----------------+
==== 20 line log output for Debian 12 (dpdk_unit_test): ====
Debian Bullseye
	Kernel: 5.4.0-167-generic
	Compiler: gcc 10.2.1-6
Windows Server 2019
	Kernel: 10.0.17763
	Compiler: clang 14.0 and gcc 8.1.0 (MinGW)
Debian 12
	Kernel: Container Host Kernel
	Compiler: gcc 10.2.1
CentOS Stream 9
	Kernel: 5.4.0-167-generic
	Compiler: gcc 11.4.1 20230605
To view detailed results, visit:
https://lab.dpdk.org/results/dashboard/tarballs/28844/
UNH-IOL DPDK Community Lab
To manage your email subscriptions, visit: 
https://lab.dpdk.org/results/dashboard/preferences/subscriptions/
    
    
More information about the test-report
mailing list