|FAILURE| [GIT MASTER] e9b8b369deed1d368079e2591fa8df4a4b9dc94a
    dpdklab at iol.unh.edu 
    dpdklab at iol.unh.edu
       
    Tue Apr 30 07:05:15 CEST 2024
    
    
  
_Testing issues_
Branch: tags/v21.11
e9b8b369deed1d368079e2591fa8df4a4b9dc94a --> testing fail
Test environment and result as below:
+---------------------+----------------+
|     Environment     | dpdk_unit_test |
+=====================+================+
| Windows Server 2019 | PASS           |
+---------------------+----------------+
| CentOS Stream 8     | PASS           |
+---------------------+----------------+
| Windows Server 2022 | PASS           |
+---------------------+----------------+
| Debian Bullseye     | PASS           |
+---------------------+----------------+
| Fedora 38           | FAIL           |
+---------------------+----------------+
| CentOS Stream 9     | FAIL           |
+---------------------+----------------+
| Fedora 39           | FAIL           |
+---------------------+----------------+
| Debian 12           | FAIL           |
+---------------------+----------------+
| RHEL 7              | PASS           |
+---------------------+----------------+
| Fedora 37           | FAIL           |
+---------------------+----------------+
| openSUSE Leap 15    | PASS           |
+---------------------+----------------+
==== 20 line log output for Fedora 37 (dpdk_unit_test): ====
Windows Server 2019
	Kernel: 10.0.17763
	Compiler: clang 14.0 and gcc 8.1.0 (MinGW)
CentOS Stream 8
	Kernel: 5.4.0-167-generic
	Compiler: gcc 8.5.0 20210514
Windows Server 2022
	Kernel: 10.0.20348.2031
	Compiler: clang 15.0.7, gcc 8.1.0 (MinGW), and MSVC VS 17.9
Debian Bullseye
	Kernel: 5.4.0-167-generic
	Compiler: gcc 10.2.1-6
Fedora 38
	Kernel: Depends on container host
	Compiler: gcc 13.2.1
CentOS Stream 9
	Kernel: 5.4.0-167-generic
	Compiler: gcc 11.4.1 20230605
Fedora 39
	Kernel: Depends on container host
	Compiler: gcc 13.2.1
Debian 12
	Kernel: Container Host Kernel
	Compiler: gcc 10.2.1
RHEL 7
	Kernel: 5.4.0-167-generic
	Compiler: gcc 4.8.5 20150623 (Red Hat 4.8.5-44)
Fedora 37
	Kernel: Depends on container host system
	Compiler: gcc 12.3.1
openSUSE Leap 15
	Kernel: 5.4.0-167-generic
	Compiler: gcc 7.5.0
To view detailed results, visit:
https://lab.dpdk.org/results/dashboard/tarballs/28975/
UNH-IOL DPDK Community Lab
To manage your email subscriptions, visit: 
https://lab.dpdk.org/results/dashboard/preferences/subscriptions/
    
    
More information about the test-report
mailing list