|FAILURE| [GIT MASTER] 92bac8b798fa9c94bcf835bc49b4f16f1b0997fa
dpdklab at iol.unh.edu
dpdklab at iol.unh.edu
Sat Dec 14 17:12:36 CET 2024
_Testing issues_
Branch: tags/v22.11
92bac8b798fa9c94bcf835bc49b4f16f1b0997fa --> testing issues
Upstream job id: Generic-VM-Unit-Test-DPDK#26594
Test environment and result as below:
+---------------------+----------------+
| Environment | dpdk_unit_test |
+=====================+================+
| CentOS Stream 9 | FAIL |
+---------------------+----------------+
| Fedora 40 | FAIL |
+---------------------+----------------+
| Fedora 40 (Clang) | FAIL |
+---------------------+----------------+
| Debian 12 | FAIL |
+---------------------+----------------+
| Fedora 39 | FAIL |
+---------------------+----------------+
| Fedora 39 (Clang) | FAIL |
+---------------------+----------------+
| RHEL8 | FAIL |
+---------------------+----------------+
| RHEL9 | FAIL |
+---------------------+----------------+
| Ubuntu 20.04 | FAIL |
+---------------------+----------------+
| Ubuntu 24.04 | FAIL |
+---------------------+----------------+
| Ubuntu 22.04 | FAIL |
+---------------------+----------------+
| Windows Server 2022 | FAIL |
+---------------------+----------------+
==== Unit test summary for Windows Server 2022 (dpdk_unit_test): ====
Failed to get the unit test results.
Displaying the unit test results is not supported for some environments,
such as our aarch32 testing, where meson is not used to run the tests.
Download the logs available on our CI site.
==== End log output ====
CentOS Stream 9
Kernel: Depends on container host
Compiler: gcc 11.4.1 20231218 (Red Hat 11.4.1-3)
Fedora 40
Kernel: Depends on container host
Compiler: gcc 14.2.1 20240801 (Red Hat 14.2.1-1)
Fedora 40 (Clang)
Kernel: Depends on container host
Compiler: clang 18.1.6 (Fedora 18.1.6-3.fc40)
Debian 12
Kernel: Depends on container host
Compiler: gcc (Debian 12.2.0-14) 12.2.0
Fedora 39
Kernel: Depends on container host
Compiler: gcc 13.3.1 20240522 (Red Hat 13.3.1-1)
Fedora 39 (Clang)
Kernel: Depends on container host
Compiler: clang 17.0.6 (Fedora 17.0.6-2.fc39)
RHEL8
Kernel: Depends on container host
Compiler: gcc 8.5.0 20210514 (Red Hat 8.5.0-22)
RHEL9
Kernel: Depends on container host
Compiler: gcc 11.4.1 20231218 (Red Hat 11.4.1-3)
Ubuntu 20.04
Kernel: Depends on container host
Compiler: gcc (Ubuntu 9.4.0-1ubuntu1~20.04.2) 9.4.0
Ubuntu 24.04
Kernel: Depends on container host
Compiler: gcc (Ubuntu 13.2.0-23ubuntu4) 13.2.0
Ubuntu 22.04
Kernel: Depends on container host
Compiler: gcc (Ubuntu 11.4.0-1ubuntu1~22.04) 11.4.0
Windows Server 2022
Kernel: 10.0.20348.2031
Compiler: clang 15.0.7, gcc 14.1.0 (MinGW), and MSVC VS 19.39.33521
To view detailed results, visit:
https://lab.dpdk.org/results/dashboard/tarballs/31921/
UNH-IOL DPDK Community Lab
To manage your email subscriptions, visit:
https://lab.dpdk.org/results/dashboard/preferences/subscriptions/
More information about the test-report
mailing list