|WARNING| [GIT MASTER] f197f1e13ccfb74c92ad05602443dd0984f39540

dpdklab at iol.unh.edu dpdklab at iol.unh.edu
Mon Dec 16 22:51:01 CET 2024


_Testing issues_

Branch: tags/v21.11

f197f1e13ccfb74c92ad05602443dd0984f39540 --> testing issues

Upstream job id: Windows-Compile-DPDK-VS#4371

Test environment and result as below:

+---------------------+--------------------+-----------------------+----------------------+-------------------+
|     Environment     | dpdk_meson_compile | dpdk_win_llvm_compile | dpdk_mingw64_compile | dpdk_msvc_compile |
+=====================+====================+=======================+======================+===================+
| CentOS Stream 9     | PASS               | SKIPPED               | SKIPPED              | SKIPPED           |
+---------------------+--------------------+-----------------------+----------------------+-------------------+
| Debian 12           | PASS               | SKIPPED               | SKIPPED              | SKIPPED           |
+---------------------+--------------------+-----------------------+----------------------+-------------------+
| Fedora 39 (Clang)   | PASS               | SKIPPED               | SKIPPED              | SKIPPED           |
+---------------------+--------------------+-----------------------+----------------------+-------------------+
| Fedora 39           | PASS               | SKIPPED               | SKIPPED              | SKIPPED           |
+---------------------+--------------------+-----------------------+----------------------+-------------------+
| Fedora 40 (Clang)   | PASS               | SKIPPED               | SKIPPED              | SKIPPED           |
+---------------------+--------------------+-----------------------+----------------------+-------------------+
| Fedora 40           | PASS               | SKIPPED               | SKIPPED              | SKIPPED           |
+---------------------+--------------------+-----------------------+----------------------+-------------------+
| openSUSE Leap 15    | PASS               | SKIPPED               | SKIPPED              | SKIPPED           |
+---------------------+--------------------+-----------------------+----------------------+-------------------+
| RHEL8               | PASS               | SKIPPED               | SKIPPED              | SKIPPED           |
+---------------------+--------------------+-----------------------+----------------------+-------------------+
| RHEL9               | PASS               | SKIPPED               | SKIPPED              | SKIPPED           |
+---------------------+--------------------+-----------------------+----------------------+-------------------+
| Ubuntu 20.04        | PASS               | SKIPPED               | SKIPPED              | SKIPPED           |
+---------------------+--------------------+-----------------------+----------------------+-------------------+
| Ubuntu 22.04        | PASS               | SKIPPED               | SKIPPED              | SKIPPED           |
+---------------------+--------------------+-----------------------+----------------------+-------------------+
| Ubuntu 24.04        | PASS               | SKIPPED               | SKIPPED              | SKIPPED           |
+---------------------+--------------------+-----------------------+----------------------+-------------------+
| FreeBSD 13.4        | PASS               | SKIPPED               | SKIPPED              | SKIPPED           |
+---------------------+--------------------+-----------------------+----------------------+-------------------+
| FreeBSD 14.2        | PASS               | SKIPPED               | SKIPPED              | SKIPPED           |
+---------------------+--------------------+-----------------------+----------------------+-------------------+
| Windows Server 2022 | SKIPPED            | PASS                  | PASS                 | FAIL              |
+---------------------+--------------------+-----------------------+----------------------+-------------------+

==== 20 line log output for Windows Server 2022 (dpdk_msvc_compile): ====
 . . \ l i b \ e a l \ i n c l u d e \ r t e _ l o g . h ( 2 4 9 ) :   e r r o r   C 2 0 5 9 :   s y n t a x   e r r o r :   ' s t r i n g ' 
 
 . . \ l i b \ e a l \ i n c l u d e \ r t e _ l o g . h ( 2 4 9 ) :   e r r o r   C 2 0 5 9 :   s y n t a x   e r r o r :   ' ) ' 
 
 . . \ l i b \ e a l \ i n c l u d e \ r t e _ l o g . h ( 2 9 1 ) :   e r r o r   C 2 0 6 1 :   s y n t a x   e r r o r :   i d e n t i f i e r   ' _ _ a t t r i b u t e _ _ ' 
 
 . . \ l i b \ e a l \ i n c l u d e \ r t e _ l o g . h ( 2 9 1 ) :   e r r o r   C 2 0 5 9 :   s y n t a x   e r r o r :   ' ; ' 
 
 . . \ l i b \ e a l \ i n c l u d e \ r t e _ l o g . h ( 2 9 1 ) :   e r r o r   C 2 0 5 9 :   s y n t a x   e r r o r :   ' c o n s t a n t ' 
 
 . . \ l i b \ e a l \ i n c l u d e \ r t e _ l o g . h ( 3 2 0 ) :   e r r o r   C 2 0 6 1 :   s y n t a x   e r r o r :   i d e n t i f i e r   ' _ _ a t t r i b u t e _ _ ' 
 
 . . \ l i b \ e a l \ i n c l u d e \ r t e _ l o g . h ( 3 2 0 ) :   e r r o r   C 2 0 5 9 :   s y n t a x   e r r o r :   ' ; ' 
 
 . . \ l i b \ e a l \ i n c l u d e \ r t e _ l o g . h ( 3 2 0 ) :   e r r o r   C 2 0 5 9 :   s y n t a x   e r r o r :   ' c o n s t a n t ' 
 
 . . \ l i b \ e a l \ w i n d o w s \ i n c l u d e \ r t e _ o s _ s h i m . h ( 9 0 ) :   w a r n i n g   C 4 2 4 4 :   ' i n i t i a l i z i n g ' :   c o n v e r s i o n   f r o m   ' d o u b l e '   t o   ' c o n s t   i n t ' ,   p o s s i b l e   l o s s   o f   d a t a 
 
 C : \ U s e r s \ b u i l d e r \ j e n k i n s \ w o r k s p a c e \ W i n d o w s - C o m p i l e - D P D K - V S \ d p d k \ l i b \ k v a r g s \ r t e _ k v a r g s . h ( 1 7 0 ) :   e r r o r   C 2 1 4 3 :   s y n t a x   e r r o r :   m i s s i n g   ' ) '   b e f o r e   ' ( ' 
 
 C : \ U s e r s \ b u i l d e r \ j e n k i n s \ w o r k s p a c e \ W i n d o w s - C o m p i l e - D P D K - V S \ d p d k \ l i b \ k v a r g s \ r t e _ k v a r g s . h ( 1 7 0 ) :   e r r o r   C 2 0 9 1 :   f u n c t i o n   r e t u r n s   f u n c t i o n 
 
 C : \ U s e r s \ b u i l d e r \ j e n k i n s \ w o r k s p a c e \ W i n d o w s - C o m p i l e - D P D K - V S \ d p d k \ l i b \ k v a r g s \ r t e _ k v a r g s . h ( 1 7 0 ) :   e r r o r   C 2 1 4 3 :   s y n t a x   e r r o r :   m i s s i n g   ' ) '   b e f o r e   ' s t r i n g ' 
 
 C : \ U s e r s \ b u i l d e r \ j e n k i n s \ w o r k s p a c e \ W i n d o w s - C o m p i l e - D P D K - V S \ d p d k \ l i b \ k v a r g s \ r t e _ k v a r g s . h ( 1 7 0 ) :   e r r o r   C 2 1 4 3 :   s y n t a x   e r r o r :   m i s s i n g   ' { '   b e f o r e   ' s t r i n g ' 
 
 C : \ U s e r s \ b u i l d e r \ j e n k i n s \ w o r k s p a c e \ W i n d o w s - C o m p i l e - D P D K - V S \ d p d k \ l i b \ k v a r g s \ r t e _ k v a r g s . h ( 1 7 0 ) :   e r r o r   C 2 0 5 9 :   s y n t a x   e r r o r :   ' s t r i n g ' 
 
 C : \ U s e r s \ b u i l d e r \ j e n k i n s \ w o r k s p a c e \ W i n d o w s - C o m p i l e - D P D K - V S \ d p d k \ l i b \ k v a r g s \ r t e _ k v a r g s . h ( 1 7 0 ) :   e r r o r   C 2 0 5 9 :   s y n t a x   e r r o r :   ' ) ' 
 
 [ 8 / 5 2 5 ]   G e n e r a t i n g   r t e _ t e l e m e t r y _ d e f   w i t h   a   c u s t o m   c o m m a n d 
 
 [ 9 / 5 2 5 ]   G e n e r a t i n g   r t e _ t e l e m e t r y _ m i n g w   w i t h   a   c u s t o m   c o m m a n d 
 
 [ 1 0 / 5 2 5 ]   G e n e r a t i n g   r t e _ k v a r g s _ d e f   w i t h   a   c u s t o m   c o m m a n d 
 
 n i n j a :   b u i l d   s t o p p e d :   s u b c o m m a n d   f a i l e d . 
 
 
==== End log output ====

CentOS Stream 9
	Kernel: Depends on container host
	Compiler: gcc 11.4.1 20231218 (Red Hat 11.4.1-3)

Debian 12
	Kernel: Depends on container host
	Compiler: gcc (Debian 12.2.0-14) 12.2.0

Fedora 39 (Clang)
	Kernel: Depends on container host
	Compiler: clang 17.0.6 (Fedora 17.0.6-2.fc39)

Fedora 39
	Kernel: Depends on container host
	Compiler: gcc 13.3.1 20240522 (Red Hat 13.3.1-1)

Fedora 40 (Clang)
	Kernel: Depends on container host
	Compiler: clang 18.1.6 (Fedora 18.1.6-3.fc40)

Fedora 40
	Kernel: Depends on container host
	Compiler: gcc 14.2.1 20240801 (Red Hat 14.2.1-1)

openSUSE Leap 15
	Kernel: Depends on container host
	Compiler: gcc (SUSE Linux) 7.5.0

RHEL8
	Kernel: Depends on container host
	Compiler: gcc 8.5.0 20210514 (Red Hat 8.5.0-22)

RHEL9
	Kernel: Depends on container host
	Compiler: gcc 11.4.1 20231218 (Red Hat 11.4.1-3)

Ubuntu 20.04
	Kernel: Depends on container host
	Compiler: gcc (Ubuntu 9.4.0-1ubuntu1~20.04.2) 9.4.0

Ubuntu 22.04
	Kernel: Depends on container host
	Compiler: gcc (Ubuntu 11.4.0-1ubuntu1~22.04) 11.4.0

Ubuntu 24.04
	Kernel: Depends on container host
	Compiler: gcc (Ubuntu 13.2.0-23ubuntu4) 13.2.0

FreeBSD 13.4
	Kernel: 13.4-RELEASE-p1
	Compiler: clang 18.1.6

FreeBSD 14.2
	Kernel: 14.2-RELEASE
	Compiler: clang 18.1.6

Windows Server 2022
	Kernel: 10.0.20348.2031
	Compiler: clang 15.0.7, gcc 14.1.0 (MinGW), and MSVC VS 19.39.33521

To view detailed results, visit:
https://lab.dpdk.org/results/dashboard/tarballs/31919/

UNH-IOL DPDK Community Lab

To manage your email subscriptions, visit: 
https://lab.dpdk.org/results/dashboard/preferences/subscriptions/


More information about the test-report mailing list