|WARNING| [GIT MASTER] 92bac8b798fa9c94bcf835bc49b4f16f1b0997fa

dpdklab at iol.unh.edu dpdklab at iol.unh.edu
Mon Dec 16 22:58:09 CET 2024


_Testing issues_

Branch: tags/v22.11

92bac8b798fa9c94bcf835bc49b4f16f1b0997fa --> testing issues

Upstream job id: Windows-Compile-DPDK-VS#4373

Test environment and result as below:

+---------------------+--------------------+-----------------------+----------------------+-------------------+
|     Environment     | dpdk_meson_compile | dpdk_win_llvm_compile | dpdk_mingw64_compile | dpdk_msvc_compile |
+=====================+====================+=======================+======================+===================+
| CentOS Stream 9     | PASS               | SKIPPED               | SKIPPED              | SKIPPED           |
+---------------------+--------------------+-----------------------+----------------------+-------------------+
| Debian 12           | PASS               | SKIPPED               | SKIPPED              | SKIPPED           |
+---------------------+--------------------+-----------------------+----------------------+-------------------+
| Fedora 39 (Clang)   | PASS               | SKIPPED               | SKIPPED              | SKIPPED           |
+---------------------+--------------------+-----------------------+----------------------+-------------------+
| Fedora 40           | PASS               | SKIPPED               | SKIPPED              | SKIPPED           |
+---------------------+--------------------+-----------------------+----------------------+-------------------+
| Fedora 39           | PASS               | SKIPPED               | SKIPPED              | SKIPPED           |
+---------------------+--------------------+-----------------------+----------------------+-------------------+
| Fedora 40 (Clang)   | PASS               | SKIPPED               | SKIPPED              | SKIPPED           |
+---------------------+--------------------+-----------------------+----------------------+-------------------+
| openSUSE Leap 15    | PASS               | SKIPPED               | SKIPPED              | SKIPPED           |
+---------------------+--------------------+-----------------------+----------------------+-------------------+
| RHEL8               | PASS               | SKIPPED               | SKIPPED              | SKIPPED           |
+---------------------+--------------------+-----------------------+----------------------+-------------------+
| RHEL9               | PASS               | SKIPPED               | SKIPPED              | SKIPPED           |
+---------------------+--------------------+-----------------------+----------------------+-------------------+
| Ubuntu 22.04        | PASS               | SKIPPED               | SKIPPED              | SKIPPED           |
+---------------------+--------------------+-----------------------+----------------------+-------------------+
| Ubuntu 24.04        | PASS               | SKIPPED               | SKIPPED              | SKIPPED           |
+---------------------+--------------------+-----------------------+----------------------+-------------------+
| FreeBSD 13.4        | PASS               | SKIPPED               | SKIPPED              | SKIPPED           |
+---------------------+--------------------+-----------------------+----------------------+-------------------+
| FreeBSD 14.2        | PASS               | SKIPPED               | SKIPPED              | SKIPPED           |
+---------------------+--------------------+-----------------------+----------------------+-------------------+
| Ubuntu 20.04        | PASS               | SKIPPED               | SKIPPED              | SKIPPED           |
+---------------------+--------------------+-----------------------+----------------------+-------------------+
| Windows Server 2022 | SKIPPED            | FAIL                  | PASS                 | FAIL              |
+---------------------+--------------------+-----------------------+----------------------+-------------------+

==== 20 line log output for Windows Server 2022 (dpdk_msvc_compile): ====
 . . \ l i b \ e a l \ i n c l u d e \ r t e _ e a l . h ( 4 2 3 ) :   e r r o r   C 2 1 4 3 :   s y n t a x   e r r o r :   m i s s i n g   ' ) '   b e f o r e   ' s t r i n g ' 
 
 . . \ l i b \ e a l \ i n c l u d e \ r t e _ e a l . h ( 4 2 3 ) :   e r r o r   C 2 1 4 3 :   s y n t a x   e r r o r :   m i s s i n g   ' { '   b e f o r e   ' s t r i n g ' 
 
 . . \ l i b \ e a l \ i n c l u d e \ r t e _ e a l . h ( 4 2 3 ) :   e r r o r   C 2 0 5 9 :   s y n t a x   e r r o r :   ' s t r i n g ' 
 
 . . \ l i b \ e a l \ i n c l u d e \ r t e _ e a l . h ( 4 2 3 ) :   e r r o r   C 2 0 5 9 :   s y n t a x   e r r o r :   ' ) ' 
 
 . . \ l i b \ e a l \ i n c l u d e \ r t e _ e a l . h ( 4 3 5 ) :   e r r o r   C 2 0 5 4 :   e x p e c t e d   ' ( '   t o   f o l l o w   ' _ _ t h r e a d ' 
 
 . . \ l i b \ e a l \ i n c l u d e \ r t e _ e a l . h ( 4 3 5 ) :   e r r o r   C 2 0 8 5 :   ' p e r _ l c o r e _ _ t h r e a d _ i d ' :   n o t   i n   f o r m a l   p a r a m e t e r   l i s t 
 
 . . \ l i b \ e a l \ i n c l u d e \ r t e _ e a l . h ( 4 4 4 ) :   e r r o r   C 2 0 8 5 :   ' r t e _ g e t t i d ' :   n o t   i n   f o r m a l   p a r a m e t e r   l i s t 
 
 . . \ l i b \ e a l \ i n c l u d e \ r t e _ e a l . h ( 4 4 5 ) :   e r r o r   C 2 1 4 3 :   s y n t a x   e r r o r :   m i s s i n g   ' ; '   b e f o r e   ' { ' 
 
 . . \ l i b \ e a l \ i n c l u d e \ r t e _ e a l . h ( 4 5 7 ) :   e r r o r   C 2 1 4 3 :   s y n t a x   e r r o r :   m i s s i n g   ' ) '   b e f o r e   ' ( ' 
 
 . . \ l i b \ e a l \ i n c l u d e \ r t e _ e a l . h ( 4 5 7 ) :   e r r o r   C 2 0 9 1 :   f u n c t i o n   r e t u r n s   f u n c t i o n 
 
 . . \ l i b \ e a l \ i n c l u d e \ r t e _ e a l . h ( 4 5 7 ) :   e r r o r   C 2 1 4 3 :   s y n t a x   e r r o r :   m i s s i n g   ' ) '   b e f o r e   ' s t r i n g ' 
 
 . . \ l i b \ e a l \ i n c l u d e \ r t e _ e a l . h ( 4 5 7 ) :   e r r o r   C 2 1 4 3 :   s y n t a x   e r r o r :   m i s s i n g   ' { '   b e f o r e   ' s t r i n g ' 
 
 . . \ l i b \ e a l \ i n c l u d e \ r t e _ e a l . h ( 4 5 7 ) :   e r r o r   C 2 0 5 9 :   s y n t a x   e r r o r :   ' s t r i n g ' 
 
 . . \ l i b \ e a l \ i n c l u d e \ r t e _ e a l . h ( 4 5 7 ) :   e r r o r   C 2 0 5 9 :   s y n t a x   e r r o r :   ' ) ' 
 
 . . \ l i b \ e a l \ i n c l u d e \ r t e _ e a l . h ( 5 1 6 ) :   e r r o r   C 2 1 4 3 :   s y n t a x   e r r o r :   m i s s i n g   ' ) '   b e f o r e   ' ( ' 
 
 . . \ l i b \ e a l \ i n c l u d e \ r t e _ e a l . h ( 5 1 6 ) :   e r r o r   C 2 0 9 1 :   f u n c t i o n   r e t u r n s   f u n c t i o n 
 
 . . \ l i b \ e a l \ i n c l u d e \ r t e _ e a l . h ( 5 1 6 ) :   e r r o r   C 2 1 4 3 :   s y n t a x   e r r o r :   m i s s i n g   ' ) '   b e f o r e   ' s t r i n g ' 
 
 . . \ l i b \ e a l \ i n c l u d e \ r t e _ e a l . h ( 5 1 6 ) :   f a t a l   e r r o r   C 1 0 0 3 :   e r r o r   c o u n t   e x c e e d s   1 0 0 ;   s t o p p i n g   c o m p i l a t i o n 
 
 n i n j a :   b u i l d   s t o p p e d :   s u b c o m m a n d   f a i l e d . 
 
 
==== End log output ====

CentOS Stream 9
	Kernel: Depends on container host
	Compiler: gcc 11.4.1 20231218 (Red Hat 11.4.1-3)

Debian 12
	Kernel: Depends on container host
	Compiler: gcc (Debian 12.2.0-14) 12.2.0

Fedora 39 (Clang)
	Kernel: Depends on container host
	Compiler: clang 17.0.6 (Fedora 17.0.6-2.fc39)

Fedora 40
	Kernel: Depends on container host
	Compiler: gcc 14.2.1 20240801 (Red Hat 14.2.1-1)

Fedora 39
	Kernel: Depends on container host
	Compiler: gcc 13.3.1 20240522 (Red Hat 13.3.1-1)

Fedora 40 (Clang)
	Kernel: Depends on container host
	Compiler: clang 18.1.6 (Fedora 18.1.6-3.fc40)

openSUSE Leap 15
	Kernel: Depends on container host
	Compiler: gcc (SUSE Linux) 7.5.0

RHEL8
	Kernel: Depends on container host
	Compiler: gcc 8.5.0 20210514 (Red Hat 8.5.0-22)

RHEL9
	Kernel: Depends on container host
	Compiler: gcc 11.4.1 20231218 (Red Hat 11.4.1-3)

Ubuntu 22.04
	Kernel: Depends on container host
	Compiler: gcc (Ubuntu 11.4.0-1ubuntu1~22.04) 11.4.0

Ubuntu 24.04
	Kernel: Depends on container host
	Compiler: gcc (Ubuntu 13.2.0-23ubuntu4) 13.2.0

FreeBSD 13.4
	Kernel: 13.4-RELEASE-p1
	Compiler: clang 18.1.6

FreeBSD 14.2
	Kernel: 14.2-RELEASE
	Compiler: clang 18.1.6

Ubuntu 20.04
	Kernel: Depends on container host
	Compiler: gcc (Ubuntu 9.4.0-1ubuntu1~20.04.2) 9.4.0

Windows Server 2022
	Kernel: 10.0.20348.2031
	Compiler: clang 15.0.7, gcc 14.1.0 (MinGW), and MSVC VS 19.39.33521

To view detailed results, visit:
https://lab.dpdk.org/results/dashboard/tarballs/31921/

UNH-IOL DPDK Community Lab

To manage your email subscriptions, visit: 
https://lab.dpdk.org/results/dashboard/preferences/subscriptions/


More information about the test-report mailing list