|FAILURE| pw149451-149466 [PATCH] [v1,16/16] test/crypto: test virti
dpdklab at iol.unh.edu
dpdklab at iol.unh.edu
Tue Dec 24 11:03:16 CET 2024
Test-Label: iol-compile-arm64-testing
Test-Status: FAILURE
http://dpdk.org/patch/149466
_Testing issues_
Submitter: Gowrishankar Muthukrishnan <gmuthukrishn at marvell.com>
Date: Tuesday, December 24 2024 07:37:14
DPDK git baseline: Repo:dpdk
Branch: master
CommitID:fd51012de5369679e807be1d6a81d63ef15015ce
149451-149466 --> testing issues
Upstream job id: Generic-DPDK-Compile-Meson#346432
Test environment and result as below:
+----------------------------------------+--------------------+
| Environment | dpdk_meson_compile |
+========================================+====================+
| Ubuntu 20.04 ARM GCC Cross Compile | PASS |
+----------------------------------------+--------------------+
| Fedora 39 (ARM) | PEND |
+----------------------------------------+--------------------+
| Debian 12 with MUSDK | PEND |
+----------------------------------------+--------------------+
| Fedora 39 (ARM Clang) | PEND |
+----------------------------------------+--------------------+
| Fedora 40 (ARM) | PASS |
+----------------------------------------+--------------------+
| Fedora 40 (ARM Clang) | FAIL |
+----------------------------------------+--------------------+
| Fedora 41 (ARM) | PEND |
+----------------------------------------+--------------------+
| Fedora 41 (ARM Clang) | PEND |
+----------------------------------------+--------------------+
| Ubuntu 20.04 (ARM) | PEND |
+----------------------------------------+--------------------+
| Ubuntu 22.04 (ARM) | PEND |
+----------------------------------------+--------------------+
| Ubuntu 24.04 (ARM) | PEND |
+----------------------------------------+--------------------+
| CentOS Stream 9 (ARM) | PEND |
+----------------------------------------+--------------------+
| Debian 11 (Buster) (ARM) | PEND |
+----------------------------------------+--------------------+
| Debian 12 (arm) | PEND |
+----------------------------------------+--------------------+
| Ubuntu 20.04 aarch32 GCC Cross Compile | PEND |
+----------------------------------------+--------------------+
| Ubuntu 20.04 ARM Clang Cross Compile | PEND |
+----------------------------------------+--------------------+
==== 20 line log output for Fedora 40 (ARM Clang) (dpdk_meson_compile): ====
../lib/vhost/vhost_crypto.c:1430:24: error: calling function 'get_data_ptr' requires holding mutex 'vc_req->vq->iotlb_lock' [-Werror,-Wthread-safety-analysis]
1430 | rsa->message.data = get_data_ptr(vc_req, desc, VHOST_ACCESS_RO);
| ^
../lib/vhost/vhost_crypto.c:1435:24: error: calling function 'get_data_ptr' requires holding mutex 'vc_req->vq->iotlb_lock' [-Werror,-Wthread-safety-analysis]
1435 | rsa->message.data = get_data_ptr(vc_req, desc, VHOST_ACCESS_RO);
| ^
../lib/vhost/vhost_crypto.c:1446:23: error: calling function 'get_data_ptr' requires holding mutex 'vc_req->vq->iotlb_lock' [-Werror,-Wthread-safety-analysis]
1446 | rsa->cipher.data = get_data_ptr(vc_req, desc, VHOST_ACCESS_RW);
| ^
../lib/vhost/vhost_crypto.c:1455:23: error: calling function 'get_data_ptr' requires holding mutex 'vc_req->vq->iotlb_lock' [-Werror,-Wthread-safety-analysis]
1455 | rsa->cipher.data = get_data_ptr(vc_req, desc, VHOST_ACCESS_RO);
| ^
../lib/vhost/vhost_crypto.c:1458:24: error: calling function 'get_data_ptr' requires holding mutex 'vc_req->vq->iotlb_lock' [-Werror,-Wthread-safety-analysis]
1458 | rsa->message.data = get_data_ptr(vc_req, desc, VHOST_ACCESS_RO);
| ^
../lib/vhost/vhost_crypto.c:1474:18: error: calling function 'get_data_ptr' requires holding mutex 'vc_req->vq->iotlb_lock' [-Werror,-Wthread-safety-analysis]
1474 | vc_req->inhdr = get_data_ptr(vc_req, desc, VHOST_ACCESS_WO);
| ^
9 errors generated.
ninja: build stopped: subcommand failed.
==== End log output ====
Ubuntu 20.04 ARM GCC Cross Compile
Kernel: Depends on container host
Compiler: aarch64-linux-gnu-gcc (Ubuntu 9.4.0-1ubuntu1~20.04.2) 9.4.0
Fedora 39 (ARM)
Kernel: Depends on container host
Compiler: gcc 13.3.1 20240522 (Red Hat 13.3.1-1)
Debian 12 with MUSDK
Kernel: Depends on container host
Compiler: gcc (Debian 12.2.0-14) 12.2.0
Fedora 39 (ARM Clang)
Kernel: Depends on container host
Compiler: clang 17.0.6 (Fedora 17.0.6-2.fc39)
Fedora 40 (ARM)
Kernel: Depends on container host
Compiler: gcc 14.2.1 20240801 (Red Hat 14.2.1-1)
Fedora 40 (ARM Clang)
Kernel: Depends on container host
Compiler: clang 18.1.6 (Fedora 18.1.6-3.fc40)
Fedora 41 (ARM)
Kernel: Depends on container host
Compiler: gcc 14.2.1 20240912 (Red Hat 14.2.1-3)
Fedora 41 (ARM Clang)
Kernel: Depends on container host
Compiler: clang 19.1.5 (Fedora 19.1.5-1.fc41)
Ubuntu 20.04 (ARM)
Kernel: Depends on container host
Compiler: gcc (Ubuntu 9.4.0-1ubuntu1~20.04.2) 9.4.0
Ubuntu 22.04 (ARM)
Kernel: Depends on container host
Compiler: gcc (Ubuntu 11.4.0-1ubuntu1~22.04) 11.4.0
Ubuntu 24.04 (ARM)
Kernel: Depends on container host
Compiler: gcc (Ubuntu 13.2.0-23ubuntu4) 13.2.0
CentOS Stream 9 (ARM)
Kernel: Depends on container host
Compiler: gcc 11.4.1 20231218 (Red Hat 11.4.1-3)
Debian 11 (Buster) (ARM)
Kernel: Depends on container host
Compiler: gcc (Debian 10.2.1-6) 10.2.1 20210110
Debian 12 (arm)
Kernel: Depends on container host
Compiler: gcc (Debian 12.2.0-14) 12.2.0
Ubuntu 20.04 aarch32 GCC Cross Compile
Kernel: Depends on container host
Compiler: gcc 9.4.0
Ubuntu 20.04 ARM Clang Cross Compile
Kernel: Depends on container host
Compiler: clang 10.0.0-4ubuntu1
To view detailed results, visit:
https://lab.dpdk.org/results/dashboard/patchsets/32207/
UNH-IOL DPDK Community Lab
To manage your email subscriptions, visit:
https://lab.dpdk.org/results/dashboard/preferences/subscriptions/
More information about the test-report
mailing list