|WARNING| [GIT MASTER] c66daa12e76d7b4912cfb7109a761856a7a873ab

dpdklab at iol.unh.edu dpdklab at iol.unh.edu
Sun Dec 29 09:00:32 CET 2024


_Testing issues_

Branch: tags/v23.11

c66daa12e76d7b4912cfb7109a761856a7a873ab --> testing issues

Upstream job id: Aarch32-Unit-Test#4784

Test environment and result as below:

+-----------------------------+--------------+---------------------------+------------------------------+----------------+
|         Environment         | lpm_autotest | cryptodev_sw_zuc_autotest | cryptodev_sw_snow3g_autotest | dpdk_unit_test |
+=============================+==============+===========================+==============================+================+
| Ubuntu 20.04 ARM SVE        | FAIL         | SKIPPED                   | SKIPPED                      | SKIPPED        |
+-----------------------------+--------------+---------------------------+------------------------------+----------------+
| Debian 12 (arm)             | SKIPPED      | PASS                      | PASS                         | PASS           |
+-----------------------------+--------------+---------------------------+------------------------------+----------------+
| CentOS Stream 9 (ARM)       | SKIPPED      | SKIPPED                   | SKIPPED                      | PASS           |
+-----------------------------+--------------+---------------------------+------------------------------+----------------+
| Debian 11 (Buster) (ARM)    | SKIPPED      | SKIPPED                   | SKIPPED                      | PASS           |
+-----------------------------+--------------+---------------------------+------------------------------+----------------+
| Fedora 40 (ARM)             | SKIPPED      | SKIPPED                   | SKIPPED                      | PASS           |
+-----------------------------+--------------+---------------------------+------------------------------+----------------+
| Fedora 40 (ARM Clang)       | SKIPPED      | SKIPPED                   | SKIPPED                      | PASS           |
+-----------------------------+--------------+---------------------------+------------------------------+----------------+
| Fedora 41 (ARM)             | SKIPPED      | SKIPPED                   | SKIPPED                      | PASS           |
+-----------------------------+--------------+---------------------------+------------------------------+----------------+
| RHEL9 (ARM)                 | SKIPPED      | SKIPPED                   | SKIPPED                      | PASS           |
+-----------------------------+--------------+---------------------------+------------------------------+----------------+
| Ubuntu 20.04 (ARM)          | SKIPPED      | SKIPPED                   | SKIPPED                      | PASS           |
+-----------------------------+--------------+---------------------------+------------------------------+----------------+
| Fedora 41 (ARM Clang)       | SKIPPED      | SKIPPED                   | SKIPPED                      | PASS           |
+-----------------------------+--------------+---------------------------+------------------------------+----------------+
| Ubuntu 22.04 (ARM)          | SKIPPED      | SKIPPED                   | SKIPPED                      | PASS           |
+-----------------------------+--------------+---------------------------+------------------------------+----------------+
| 32-bit Ubuntu 22.04.4 (ARM) | SKIPPED      | SKIPPED                   | SKIPPED                      | PASS           |
+-----------------------------+--------------+---------------------------+------------------------------+----------------+

==== 20 line log output for Ubuntu 20.04 ARM SVE (lpm_autotest): ====
[397/416] Compiling C object 'app/a172ced@@dpdk-test at exe/test_test_tailq.c.o'.
[398/416] Compiling C object 'app/a172ced@@dpdk-test at exe/test_test_string_fns.c.o'.
[399/416] Compiling C object 'app/a172ced@@dpdk-test at exe/test_test_stack_perf.c.o'.
[400/416] Compiling C object 'app/a172ced@@dpdk-test at exe/test_test_telemetry_data.c.o'.
[401/416] Compiling C object 'app/a172ced@@dpdk-test at exe/test_test_thash_perf.c.o'.
[402/416] Compiling C object 'app/a172ced@@dpdk-test at exe/test_test_telemetry_json.c.o'.
[403/416] Compiling C object 'app/a172ced@@dpdk-test at exe/test_test_threads.c.o'.
[404/416] Compiling C object 'app/a172ced@@dpdk-test at exe/test_test_thash.c.o'.
[405/416] Compiling C object 'app/a172ced@@dpdk-test at exe/test_test_ticketlock.c.o'.
[406/416] Compiling C object 'app/a172ced@@dpdk-test at exe/test_test_timer_perf.c.o'.
[407/416] Compiling C object 'app/a172ced@@dpdk-test at exe/test_test_timer.c.o'.
[408/416] Compiling C object 'app/a172ced@@dpdk-test at exe/test_test_timer_racecond.c.o'.
[409/416] Compiling C object 'app/a172ced@@dpdk-test at exe/test_test_timer_secondary.c.o'.
[410/416] Compiling C object 'app/a172ced@@dpdk-test at exe/test_test_trace_register.c.o'.
[411/416] Compiling C object 'app/a172ced@@dpdk-test at exe/test_test_trace.c.o'.
[412/416] Compiling C object 'app/a172ced@@dpdk-test at exe/test_test_version.c.o'.
[413/416] Compiling C object 'app/a172ced@@dpdk-test at exe/test_test_vdev.c.o'.
[414/416] Compiling C object 'app/a172ced@@dpdk-test at exe/test_test_ring.c.o'.
[415/416] Compiling C object 'app/a172ced@@dpdk-test at exe/test_test_trace_perf.c.o'.
[416/416] Linking target app/dpdk-test.
==== End log output ====

Ubuntu 20.04 ARM SVE
	Kernel: Depends on container host
	Compiler: gcc (Ubuntu 10.5.0-1ubuntu1~20.04) 10.5.0

Debian 12 (arm)
	Kernel: Depends on container host
	Compiler: gcc (Debian 12.2.0-14) 12.2.0

CentOS Stream 9 (ARM)
	Kernel: Depends on container host
	Compiler: gcc 11.5.0 20240719 (Red Hat 11.5.0-2)

Debian 11 (Buster) (ARM)
	Kernel: Depends on container host
	Compiler: gcc (Debian 10.2.1-6) 10.2.1 20210110

Fedora 40 (ARM)
	Kernel: Depends on container host
	Compiler: gcc 14.2.1 20240912 (Red Hat 14.2.1-3)

Fedora 40 (ARM Clang)
	Kernel: Depends on container host
	Compiler: clang 18.1.8 (Fedora 18.1.8-1.fc40)

Fedora 41 (ARM)
	Kernel: Depends on container host
	Compiler: gcc 14.2.1 20240912 (Red Hat 14.2.1-3)

RHEL9 (ARM)
	Kernel: Depends on container host
	Compiler: gcc 11.5.0 20240719 (Red Hat 11.5.0-2)

Ubuntu 20.04 (ARM)
	Kernel: Depends on container host
	Compiler: gcc (Ubuntu 9.4.0-1ubuntu1~20.04.2) 9.4.0

Fedora 41 (ARM Clang)
	Kernel: Depends on container host
	Compiler: clang 19.1.5 (Fedora 19.1.5-1.fc41)

Ubuntu 22.04 (ARM)
	Kernel: Depends on container host
	Compiler: gcc (Ubuntu 11.4.0-1ubuntu1~22.04) 11.4.0

32-bit Ubuntu 22.04.4 (ARM)
	Kernel: 5.15.83+ aarch64
	Compiler: gcc (Ubuntu 11.4.0-1ubuntu1~22.04) 11.4.0

To view detailed results, visit:
https://lab.dpdk.org/results/dashboard/tarballs/32072/

UNH-IOL DPDK Community Lab

To manage your email subscriptions, visit: 
https://lab.dpdk.org/results/dashboard/preferences/subscriptions/


More information about the test-report mailing list