|WARNING| pw149512-149514 [PATCH] [v4,3/3] drivers/net: add diagnost

dpdklab at iol.unh.edu dpdklab at iol.unh.edu
Tue Dec 31 13:50:19 CET 2024


Test-Label: iol-unit-arm64-testing
Test-Status: WARNING
http://dpdk.org/patch/149514

_Testing issues_

Submitter: Andre Muezerie <andremue at linux.microsoft.com>
Date: Monday, December 30 2024 15:59:30 
DPDK git baseline: Repo:dpdk
  Branch: master
  CommitID:fd51012de5369679e807be1d6a81d63ef15015ce

149512-149514 --> testing issues

Upstream job id: Aarch32-Unit-Test#4795

Test environment and result as below:

+-----------------------------+---------------------------+--------------+------------------------------+----------------+
|         Environment         | cryptodev_sw_zuc_autotest | lpm_autotest | cryptodev_sw_snow3g_autotest | dpdk_unit_test |
+=============================+===========================+==============+==============================+================+
| Debian 12 (arm)             | WARN                      | SKIPPED      | WARN                         | WARN           |
+-----------------------------+---------------------------+--------------+------------------------------+----------------+
| Ubuntu 20.04 ARM SVE        | SKIPPED                   | PASS         | SKIPPED                      | SKIPPED        |
+-----------------------------+---------------------------+--------------+------------------------------+----------------+
| Debian 11 (Buster) (ARM)    | SKIPPED                   | SKIPPED      | SKIPPED                      | WARN           |
+-----------------------------+---------------------------+--------------+------------------------------+----------------+
| CentOS Stream 9 (ARM)       | SKIPPED                   | SKIPPED      | SKIPPED                      | WARN           |
+-----------------------------+---------------------------+--------------+------------------------------+----------------+
| Fedora 40 (ARM)             | SKIPPED                   | SKIPPED      | SKIPPED                      | WARN           |
+-----------------------------+---------------------------+--------------+------------------------------+----------------+
| Fedora 41 (ARM)             | SKIPPED                   | SKIPPED      | SKIPPED                      | WARN           |
+-----------------------------+---------------------------+--------------+------------------------------+----------------+
| Fedora 40 (ARM Clang)       | SKIPPED                   | SKIPPED      | SKIPPED                      | WARN           |
+-----------------------------+---------------------------+--------------+------------------------------+----------------+
| Fedora 41 (ARM Clang)       | SKIPPED                   | SKIPPED      | SKIPPED                      | WARN           |
+-----------------------------+---------------------------+--------------+------------------------------+----------------+
| Ubuntu 22.04 (ARM)          | SKIPPED                   | SKIPPED      | SKIPPED                      | WARN           |
+-----------------------------+---------------------------+--------------+------------------------------+----------------+
| Ubuntu 20.04 (ARM)          | SKIPPED                   | SKIPPED      | SKIPPED                      | WARN           |
+-----------------------------+---------------------------+--------------+------------------------------+----------------+
| RHEL9 (ARM)                 | SKIPPED                   | SKIPPED      | SKIPPED                      | WARN           |
+-----------------------------+---------------------------+--------------+------------------------------+----------------+
| Ubuntu 24.04 (ARM)          | SKIPPED                   | SKIPPED      | SKIPPED                      | WARN           |
+-----------------------------+---------------------------+--------------+------------------------------+----------------+
| 32-bit Ubuntu 22.04.4 (ARM) | SKIPPED                   | SKIPPED      | SKIPPED                      | PASS           |
+-----------------------------+---------------------------+--------------+------------------------------+----------------+

==== 20 line log output for Ubuntu 24.04 (ARM) (dpdk_unit_test): ====
[1746/3366] Generating rte_net_hns3.pmd.c with a custom command
[1747/3366] Compiling C object drivers/librte_net_hns3.a.p/meson-generated_.._rte_net_hns3.pmd.c.o
[1748/3366] Generating symbol file drivers/librte_net_cnxk.so.25.1.p/librte_net_cnxk.so.25.1.symbols
[1749/3366] Compiling C object drivers/librte_net_hns3.so.25.1.p/meson-generated_.._rte_net_hns3.pmd.c.o
[1750/3366] Linking static target drivers/librte_net_hns3.a
[1751/3366] Linking target drivers/librte_net_hns3.so.25.1
[1752/3366] Compiling C object drivers/libtmp_rte_net_iavf.a.p/net_iavf_iavf_ethdev.c.o
[1753/3366] Compiling C object drivers/libtmp_rte_net_iavf.a.p/net_iavf_iavf_vchnl.c.o
[1754/3366] Compiling C object drivers/libtmp_rte_net_i40e.a.p/net_i40e_i40e_rxtx_vec_neon.c.o
FAILED: drivers/libtmp_rte_net_i40e.a.p/net_i40e_i40e_rxtx_vec_neon.c.o
ccache cc -Idrivers/libtmp_rte_net_i40e.a.p -Idrivers -I../drivers -Idrivers/net/i40e -I../drivers/net/i40e -Idrivers/net/i40e/base -I../drivers/net/i40e/base -Ilib/ethdev -I../lib/ethdev -I. -I.. -Iconfig -I../config -Ilib/eal/include -I../lib/eal/include -Ilib/eal/linux/include -I../lib/eal/linux/include -Ilib/eal/arm/include -I../lib/eal/arm/include -I../kernel/linux -Ilib/eal/common -I../lib/eal/common -Ilib/eal -I../lib/eal -Ilib/kvargs -I../lib/kvargs -Ilib/log -I../lib/log -Ilib/metrics -I../lib/metrics -Ilib/telemetry -I../lib/telemetry -Ilib/net -I../lib/net -Ilib/mbuf -I../lib/mbuf -Ilib/mempool -I../lib/mempool -Ilib/ring -I../lib/ring -Ilib/meter -I../lib/meter -Idrivers/bus/pci -I../drivers/bus/pci -I../drivers/bus/pci/linux -Ilib/pci -I../lib/pci -Idrivers/bus/vdev -I../drivers/bus/vdev -Ilib/hash -I../lib/hash -Ilib/rcu -I../lib/rcu -fdiagnostics-color=always -pipe -D_FILE_OFFSET_BITS=64 -Wall -Winvalid-pch -Wextra -Werror -std=c11 -O3 -include rte_config.h -Wcast-qual
  -Wdeprecated -Wformat -Wformat-nonliteral -Wformat-security -Wmissing-declarations -Wmissing-prototypes -Wnested-externs -Wold-style-definition -Wpointer-arith -Wsign-compare -Wstrict-prototypes -Wundef -Wwrite-strings -Wno-packed-not-aligned -Wno-missing-field-initializers -D_GNU_SOURCE -fPIC -mcpu=thunderx2t99+crc+crypto -DALLOW_EXPERIMENTAL_API -DALLOW_INTERNAL_API -Wno-format-truncation -Wno-address-of-packed-member -DRTE_LOG_DEFAULT_LOGTYPE=pmd.net.i40e -MD -MQ drivers/libtmp_rte_net_i40e.a.p/net_i40e_i40e_rxtx_vec_neon.c.o -MF drivers/libtmp_rte_net_i40e.a.p/net_i40e_i40e_rxtx_vec_neon.c.o.d -o drivers/libtmp_rte_net_i40e.a.p/net_i40e_i40e_rxtx_vec_neon.c.o -c ../drivers/net/i40e/i40e_rxtx_vec_neon.c
../drivers/net/i40e/i40e_rxtx_vec_neon.c: In function 'i40e_rxq_rearm':
../drivers/net/i40e/i40e_rxtx_vec_neon.c:41:43: error: cast discards 'volatile' qualifier from pointer target type [-Werror=cast-qual]
41 |                                 vst1q_u64((uint64_t *)&rxdp[i].read, zero);
|                                           ^
cc1: all warnings being treated as errors
[1755/3366] Compiling C object drivers/libtmp_rte_net_iavf.a.p/net_iavf_iavf_generic_flow.c.o
[1756/3366] Compiling C object drivers/libtmp_rte_net_iavf.a.p/net_iavf_iavf_fdir.c.o
[1757/3366] Compiling C object drivers/libtmp_rte_net_iavf.a.p/net_iavf_iavf_rxtx.c.o
ninja: build stopped: subcommand failed.
==== End log output ====

Debian 12 (arm)
	Kernel: Depends on container host
	Compiler: gcc (Debian 12.2.0-14) 12.2.0

Ubuntu 20.04 ARM SVE
	Kernel: Depends on container host
	Compiler: gcc (Ubuntu 10.5.0-1ubuntu1~20.04) 10.5.0

Debian 11 (Buster) (ARM)
	Kernel: Depends on container host
	Compiler: gcc (Debian 10.2.1-6) 10.2.1 20210110

CentOS Stream 9 (ARM)
	Kernel: Depends on container host
	Compiler: gcc 11.5.0 20240719 (Red Hat 11.5.0-2)

Fedora 40 (ARM)
	Kernel: Depends on container host
	Compiler: gcc 14.2.1 20240912 (Red Hat 14.2.1-3)

Fedora 41 (ARM)
	Kernel: Depends on container host
	Compiler: gcc 14.2.1 20240912 (Red Hat 14.2.1-3)

Fedora 40 (ARM Clang)
	Kernel: Depends on container host
	Compiler: clang 18.1.8 (Fedora 18.1.8-1.fc40)

Fedora 41 (ARM Clang)
	Kernel: Depends on container host
	Compiler: clang 19.1.5 (Fedora 19.1.5-1.fc41)

Ubuntu 22.04 (ARM)
	Kernel: Depends on container host
	Compiler: gcc (Ubuntu 11.4.0-1ubuntu1~22.04) 11.4.0

Ubuntu 20.04 (ARM)
	Kernel: Depends on container host
	Compiler: gcc (Ubuntu 9.4.0-1ubuntu1~20.04.2) 9.4.0

RHEL9 (ARM)
	Kernel: Depends on container host
	Compiler: gcc 11.5.0 20240719 (Red Hat 11.5.0-2)

Ubuntu 24.04 (ARM)
	Kernel: Depends on container host
	Compiler: gcc (Ubuntu 13.3.0-6ubuntu2~24.04) 13.3.0

32-bit Ubuntu 22.04.4 (ARM)
	Kernel: 5.15.83+ aarch64
	Compiler: gcc (Ubuntu 11.4.0-1ubuntu1~22.04) 11.4.0

To view detailed results, visit:
https://lab.dpdk.org/results/dashboard/patchsets/32226/

UNH-IOL DPDK Community Lab

To manage your email subscriptions, visit: 
https://lab.dpdk.org/results/dashboard/preferences/subscriptions/


More information about the test-report mailing list