|FAILURE| [GIT MASTER] 45f04d88ae8fa6217812abdaa623d66b05fc7b6a
dpdklab at iol.unh.edu
dpdklab at iol.unh.edu
Fri Jan 5 12:43:19 CET 2024
_Testing issues_
Branch: 21.11-staging
45f04d88ae8fa6217812abdaa623d66b05fc7b6a --> testing fail
Test environment and result as below:
+---------------------+----------------+
| Environment | dpdk_unit_test |
+=====================+================+
| Fedora 38 | FAIL |
+---------------------+----------------+
| Fedora 37 | FAIL |
+---------------------+----------------+
| Windows Server 2019 | PASS |
+---------------------+----------------+
==== 20 line log output for Fedora 37 (dpdk_unit_test): ====
inlined from 'vhost_crypto_process_one_req' at ../lib/vhost/vhost_crypto.c:1256:6,
inlined from 'rte_vhost_crypto_fetch_requests' at ../lib/vhost/vhost_crypto.c:1687:8:
/usr/lib/gcc/x86_64-redhat-linux/12/include/avxintrin.h:935:8: error: array subscript '__m256i_u[2]' is partly outside array bounds of 'void[72]' [-Werror=array-bounds]
935 | *__P = __A;
| ~~~~~^~~~~
../lib/vhost/vhost_crypto.c: In function 'rte_vhost_crypto_fetch_requests':
../lib/vhost/vhost_crypto.c:1178:42: note: at offset [1, 65] into object 'req' of size 72
1178 | struct virtio_crypto_op_data_req req;
| ^~~
../lib/vhost/vhost_crypto.c:1178:42: note: at offset [2, 72] into object 'req' of size 72
../lib/vhost/vhost_crypto.c:1178:42: note: at offset [129, 193] into object 'req' of size 72
../lib/vhost/vhost_crypto.c:1178:42: note: at offset [1, 65] into object 'req' of size 72
../lib/vhost/vhost_crypto.c:1178:42: note: at offset [2, 72] into object 'req' of size 72
../lib/vhost/vhost_crypto.c:1178:42: note: at offset [129, 193] into object 'req' of size 72
../lib/vhost/vhost_crypto.c:1178:42: note: at offset [1, 65] into object 'req' of size 72
cc1: all warnings being treated as errors
[491/3069] Generating fib.sym_chk with a meson_exe.py custom command.
[492/3069] Compiling C object 'lib/76b5a35@@rte_port at sta/port_rte_port_ras.c.o'.
[493/3069] Compiling C object 'lib/76b5a35@@rte_port at sta/port_rte_port_ring.c.o'.
ninja: build stopped: subcommand failed.
==== End log output ====
Fedora 38
Kernel: Depends on container host
Compiler: clang 16.0.3
Fedora 37
Kernel: Depends on container host system
Compiler: gcc 12.3.1
Windows Server 2019
Kernel: 10.0
Compiler: clang 14.0 and gcc 8.1.0 (MinGW)
To view detailed results, visit:
https://lab.dpdk.org/results/dashboard/tarballs/27569/
UNH-IOL DPDK Community Lab
To manage your email subscriptions, visit:
https://lab.dpdk.org/results/dashboard/preferences/subscriptions/
More information about the test-report
mailing list