|FAILURE| [GIT MASTER] 45f04d88ae8fa6217812abdaa623d66b05fc7b6a

dpdklab at iol.unh.edu dpdklab at iol.unh.edu
Fri Jan 5 12:58:07 CET 2024


_Testing issues_

Branch: 21.11-staging

45f04d88ae8fa6217812abdaa623d66b05fc7b6a --> testing fail

Test environment and result as below:

+---------------------+----------------+
|     Environment     | dpdk_unit_test |
+=====================+================+
| Fedora 38           | FAIL           |
+---------------------+----------------+
| Fedora 37           | FAIL           |
+---------------------+----------------+
| Windows Server 2019 | PASS           |
+---------------------+----------------+
| CentOS Stream 9     | FAIL           |
+---------------------+----------------+
| CentOS Stream 8     | PASS           |
+---------------------+----------------+
| Debian Bullseye     | PASS           |
+---------------------+----------------+
| RHEL 7              | PASS           |
+---------------------+----------------+
| Debian Buster       | PASS           |
+---------------------+----------------+
| Ubuntu 22.04        | FAIL           |
+---------------------+----------------+

==== 20 line log output for Ubuntu 22.04 (dpdk_unit_test): ====
|      ^~~~~~~~~~~
../drivers/crypto/qat/qat_sym_session.c:1411:17: error: 'AES_set_encrypt_key' is deprecated: Since OpenSSL 3.0 [-Werror=deprecated-declarations]
1411 |                 if (AES_set_encrypt_key(auth_key, auth_keylen << 3,
|                 ^~
In file included from ../drivers/crypto/qat/qat_sym_session.c:6:
/usr/include/openssl/aes.h:51:5: note: declared here
51 | int AES_set_encrypt_key(const unsigned char *userKey, const int bits,
|     ^~~~~~~~~~~~~~~~~~~
../drivers/crypto/qat/qat_sym_session.c:1415:17: error: 'AES_encrypt' is deprecated: Since OpenSSL 3.0 [-Werror=deprecated-declarations]
1415 |                 AES_encrypt(in, out, &enc_key);
|                 ^~~~~~~~~~~
In file included from ../drivers/crypto/qat/qat_sym_session.c:6:
/usr/include/openssl/aes.h:57:6: note: declared here
57 | void AES_encrypt(const unsigned char *in, unsigned char *out,
|      ^~~~~~~~~~~
cc1: all warnings being treated as errors
[884/3069] Compiling C object 'drivers/a715181@@tmp_rte_common_qat at sta/crypto_qat_dev_qat_sym_pmd_gen1.c.o'.
[885/3069] Generating rte_common_mlx5.sym_chk with a meson_exe.py custom command.
[886/3069] Generating rte_common_cnxk.sym_chk with a meson_exe.py custom command.
ninja: build stopped: subcommand failed.
==== End log output ====

Fedora 38
	Kernel: Depends on container host
	Compiler: clang 16.0.3

Fedora 37
	Kernel: Depends on container host system
	Compiler: gcc 12.3.1

Windows Server 2019
	Kernel: 10.0
	Compiler: clang 14.0 and gcc 8.1.0 (MinGW)

CentOS Stream 9
	Kernel: 4.18.0-240.10.1.el8_3.x86_64
	Compiler: gcc 11.3.1 20220421

CentOS Stream 8
	Kernel: 4.18.0-240.10.1.el8_3.x86_64
	Compiler: gcc 8.4.1 20200928

Debian Bullseye
	Kernel: 5.4.0-122-generic
	Compiler: gcc 10.2.1-6

RHEL 7
	Kernel: 4.18.0-240.10.1.el8_3.x86_64
	Compiler: gcc 4.8.5 20150623 (Red Hat 4.8.5-44)

Debian Buster
	Kernel: 5.4.0-122-generic
	Compiler: gcc 8.3.0-6

Ubuntu 22.04
	Kernel: 4.18.0-240.10.1.el8_3.x86_64
	Compiler: gcc 11.3.0

To view detailed results, visit:
https://lab.dpdk.org/results/dashboard/tarballs/27569/

UNH-IOL DPDK Community Lab

To manage your email subscriptions, visit: 
https://lab.dpdk.org/results/dashboard/preferences/subscriptions/


More information about the test-report mailing list