|FAILURE| pw135862 [PATCH] event/dsw: optimize serving port logic
dpdklab at iol.unh.edu
dpdklab at iol.unh.edu
Sun Jan 14 23:39:57 CET 2024
Test-Label: iol-compile-amd64-testing
Test-Status: FAILURE
http://dpdk.org/patch/135862
_Testing issues_
Submitter: Mattias Ronnblom <mattias.ronnblom at ericsson.com>
Date: Sunday, January 14 2024 21:50:51
DPDK git baseline: Repo:dpdk
Branch: master
CommitID:a1dff49b89249659bb40512bb1410a9afba0f382
135862 --> testing fail
Test environment and result as below:
+---------------------+--------------------+----------------------+
| Environment | dpdk_meson_compile | dpdk_mingw64_compile |
+=====================+====================+======================+
| Windows Server 2022 | PASS | SKIPPED |
+---------------------+--------------------+----------------------+
| FreeBSD 13 | FAIL | SKIPPED |
+---------------------+--------------------+----------------------+
| Windows Server 2019 | PASS | PASS |
+---------------------+--------------------+----------------------+
==== 20 line log output for FreeBSD 13 (dpdk_meson_compile): ====
FAILED: drivers/libtmp_rte_event_dsw.a.p/event_dsw_dsw_event.c.o
ccache cc -Idrivers/libtmp_rte_event_dsw.a.p -Idrivers -I../drivers -Idrivers/event/dsw -I../drivers/event/dsw -Ilib/eventdev -I../lib/eventdev -I. -I.. -Iconfig -I../config -Ilib/eal/include -I../lib/eal/include -Ilib/eal/freebsd/include -I../lib/eal/freebsd/include -Ilib/eal/x86/include -I../lib/eal/x86/include -Ilib/eal/common -I../lib/eal/common -Ilib/eal -I../lib/eal -Ilib/kvargs -I../lib/kvargs -Ilib/log -I../lib/log -Ilib/metrics -I../lib/metrics -Ilib/telemetry -I../lib/telemetry -Ilib/ring -I../lib/ring -Ilib/ethdev -I../lib/ethdev -Ilib/net -I../lib/net -Ilib/mbuf -I../lib/mbuf -Ilib/mempool -I../lib/mempool -Ilib/meter -I../lib/meter -Ilib/hash -I../lib/hash -Ilib/rcu -I../lib/rcu -Ilib/timer -I../lib/timer -Ilib/cryptodev -I../lib/cryptodev -Ilib/dmadev -I../lib/dmadev -Idrivers/bus/vdev -I../drivers/bus/vdev -I/usr/local/include -fcolor-diagnostics -D_FILE_OFFSET_BITS=64 -Wall -Winvalid-pch -Wextra -Werror -std=c11 -O3 -include rte_config.h -Wcast-qual -Wdeprecated -Wfor
mat -Wformat-nonliteral -Wformat-security -Wmissing-declarations -Wmissing-prototypes -Wnested-externs -Wold-style-definition -Wpointer-arith -Wsign-compare -Wstrict-prototypes -Wundef -Wwrite-strings -Wno-address-of-packed-member -Wno-missing-field-initializers -D_GNU_SOURCE -D__BSD_VISIBLE -fPIC -march=native -mrtm -DALLOW_EXPERIMENTAL_API -DALLOW_INTERNAL_API -Wno-format-nonliteral -DRTE_LOG_DEFAULT_LOGTYPE=pmd.event.dsw -DRTE_ANNOTATE_LOCKS -Wthread-safety -MD -MQ drivers/libtmp_rte_event_dsw.a.p/event_dsw_dsw_event.c.o -MF drivers/libtmp_rte_event_dsw.a.p/event_dsw_dsw_event.c.o.d -o drivers/libtmp_rte_event_dsw.a.p/event_dsw_dsw_event.c.o -c ../drivers/event/dsw/dsw_event.c
In file included from ../drivers/event/dsw/dsw_event.c:5:
../drivers/event/dsw/dsw_evdev.h:244:34: error: static_assert with no message is a C++17 extension [-Werror,-Wc++17-extensions]
static_assert(DSW_MAX_PORTS <= 64);
^
, ""
1 error generated.
[1438/1812] Generating drivers/rte_crypto_scheduler.sym_chk with a custom command (wrapped by meson to capture output)
[1439/1812] Compiling C object drivers/libtmp_rte_event_dsw.a.p/event_dsw_dsw_xstats.c.o
FAILED: drivers/libtmp_rte_event_dsw.a.p/event_dsw_dsw_xstats.c.o
ccache cc -Idrivers/libtmp_rte_event_dsw.a.p -Idrivers -I../drivers -Idrivers/event/dsw -I../drivers/event/dsw -Ilib/eventdev -I../lib/eventdev -I. -I.. -Iconfig -I../config -Ilib/eal/include -I../lib/eal/include -Ilib/eal/freebsd/include -I../lib/eal/freebsd/include -Ilib/eal/x86/include -I../lib/eal/x86/include -Ilib/eal/common -I../lib/eal/common -Ilib/eal -I../lib/eal -Ilib/kvargs -I../lib/kvargs -Ilib/log -I../lib/log -Ilib/metrics -I../lib/metrics -Ilib/telemetry -I../lib/telemetry -Ilib/ring -I../lib/ring -Ilib/ethdev -I../lib/ethdev -Ilib/net -I../lib/net -Ilib/mbuf -I../lib/mbuf -Ilib/mempool -I../lib/mempool -Ilib/meter -I../lib/meter -Ilib/hash -I../lib/hash -Ilib/rcu -I../lib/rcu -Ilib/timer -I../lib/timer -Ilib/cryptodev -I../lib/cryptodev -Ilib/dmadev -I../lib/dmadev -Idrivers/bus/vdev -I../drivers/bus/vdev -I/usr/local/include -fcolor-diagnostics -D_FILE_OFFSET_BITS=64 -Wall -Winvalid-pch -Wextra -Werror -std=c11 -O3 -include rte_config.h -Wcast-qual -Wdeprecated -Wfor
mat -Wformat-nonliteral -Wformat-security -Wmissing-declarations -Wmissing-prototypes -Wnested-externs -Wold-style-definition -Wpointer-arith -Wsign-compare -Wstrict-prototypes -Wundef -Wwrite-strings -Wno-address-of-packed-member -Wno-missing-field-initializers -D_GNU_SOURCE -D__BSD_VISIBLE -fPIC -march=native -mrtm -DALLOW_EXPERIMENTAL_API -DALLOW_INTERNAL_API -Wno-format-nonliteral -DRTE_LOG_DEFAULT_LOGTYPE=pmd.event.dsw -DRTE_ANNOTATE_LOCKS -Wthread-safety -MD -MQ drivers/libtmp_rte_event_dsw.a.p/event_dsw_dsw_xstats.c.o -MF drivers/libtmp_rte_event_dsw.a.p/event_dsw_dsw_xstats.c.o.d -o drivers/libtmp_rte_event_dsw.a.p/event_dsw_dsw_xstats.c.o -c ../drivers/event/dsw/dsw_xstats.c
In file included from ../drivers/event/dsw/dsw_xstats.c:5:
../drivers/event/dsw/dsw_evdev.h:244:34: error: static_assert with no message is a C++17 extension [-Werror,-Wc++17-extensions]
static_assert(DSW_MAX_PORTS <= 64);
^
, ""
1 error generated.
[1440/1812] Generating drivers/rte_common_sfc_efx.sym_chk with a custom command (wrapped by meson to capture output)
ninja: build stopped: subcommand failed.
==== End log output ====
Windows Server 2022
Kernel: OS Build 20348.2031
Compiler: MSVC VS-Preview
FreeBSD 13
Kernel: 13.0
Compiler: clang 11.0.1
Windows Server 2019
Kernel: 10.0
Compiler: clang 14.0 and gcc 8.1.0 (MinGW)
To view detailed results, visit:
https://lab.dpdk.org/results/dashboard/patchsets/28860/
UNH-IOL DPDK Community Lab
To manage your email subscriptions, visit:
https://lab.dpdk.org/results/dashboard/preferences/subscriptions/
More information about the test-report
mailing list