|FAILURE| pw135939 [PATCH] [v2] eal: refactor rte_eal_init into sub-

dpdklab at iol.unh.edu dpdklab at iol.unh.edu
Thu Jan 18 00:07:30 CET 2024


Test-Label: iol-unit-arm64-testing
Test-Status: FAILURE
http://dpdk.org/patch/135939

_Testing issues_

Submitter: Rahul Gupta <rahulgupt at linux.microsoft.com>
Date: Wednesday, January 17 2024 19:25:02 
DPDK git baseline: Repo:dpdk
  Branch: master
  CommitID:d4af9a82063e4c39568191eaa12955d3ca39581a

135939 --> testing fail

Test environment and result as below:

+--------------------------+----------------+---------------------------+--------------+------------------------------+
|       Environment        | dpdk_unit_test | cryptodev_sw_zuc_autotest | lpm_autotest | cryptodev_sw_snow3g_autotest |
+==========================+================+===========================+==============+==============================+
| Debian 11 (Buster) (ARM) | FAIL           | SKIPPED                   | SKIPPED      | SKIPPED                      |
+--------------------------+----------------+---------------------------+--------------+------------------------------+
| Fedora 37 (ARM)          | FAIL           | SKIPPED                   | SKIPPED      | SKIPPED                      |
+--------------------------+----------------+---------------------------+--------------+------------------------------+
| Fedora 38 (ARM)          | FAIL           | SKIPPED                   | SKIPPED      | SKIPPED                      |
+--------------------------+----------------+---------------------------+--------------+------------------------------+
| Ubuntu 20.04 (ARM)       | FAIL           | SKIPPED                   | SKIPPED      | SKIPPED                      |
+--------------------------+----------------+---------------------------+--------------+------------------------------+
| Fedora 38 (ARM Clang)    | FAIL           | SKIPPED                   | SKIPPED      | SKIPPED                      |
+--------------------------+----------------+---------------------------+--------------+------------------------------+
| CentOS Stream 9 (ARM)    | FAIL           | SKIPPED                   | SKIPPED      | SKIPPED                      |
+--------------------------+----------------+---------------------------+--------------+------------------------------+
| Debian 11 (arm)          | SKIPPED        | PASS                      | SKIPPED      | PASS                         |
+--------------------------+----------------+---------------------------+--------------+------------------------------+
| Ubuntu 20.04 ARM SVE     | SKIPPED        | SKIPPED                   | PASS         | SKIPPED                      |
+--------------------------+----------------+---------------------------+--------------+------------------------------+

==== 20 line log output for CentOS Stream 9 (ARM) (dpdk_unit_test): ====
100/110 DPDK:fast-tests / telemetry_data_autotest  OK       0.28 s
101/110 DPDK:fast-tests / telemetry_json_autotest  OK       0.28 s
102/110 DPDK:fast-tests / thash_autotest        OK       0.33 s
103/110 DPDK:fast-tests / threads_autotest      OK       0.48 s
104/110 DPDK:fast-tests / ticketlock_autotest   OK       0.33 s
105/110 DPDK:fast-tests / timer_autotest        OK       2.43 s
106/110 DPDK:fast-tests / trace_autotest        OK       0.33 s
107/110 DPDK:fast-tests / trace_autotest_with_traces  OK       0.33 s
108/110 DPDK:fast-tests / vdev_autotest         OK       0.28 s
109/110 DPDK:fast-tests / version_autotest      OK       0.28 s
110/110 DPDK:fast-tests / telemetry_all         SKIP     0.02 s

Ok:                  101
Expected Fail:         0
Fail:                  1
Unexpected Pass:       0
Skipped:               7
Timeout:               1

Full log written to /home-local/jenkins-local/jenkins-agent/workspace/Generic-Unit-Test-DPDK/dpdk/build/meson-logs/testlog.txt
==== End log output ====

Debian 11 (Buster) (ARM)
	Kernel: Container Host Kernel
	Compiler: gcc 10.2.1

Fedora 37 (ARM)
	Kernel: Depends on container host
	Compiler: gcc 12.3.1

Fedora 38 (ARM)
	Kernel: Depends on container host
	Compiler: gcc 13.1.1

Ubuntu 20.04 (ARM)
	Kernel: Container Host Kernel
	Compiler: gcc 9.4.0

Fedora 38 (ARM Clang)
	Kernel: Depends on container host
	Compiler: clang 16.0.3

CentOS Stream 9 (ARM)
	Kernel: Container Host Kernel
	Compiler: gcc 11.3.1

Debian 11 (arm)
	Kernel: Container Host Kernel
	Compiler: gcc 10.2.1

Ubuntu 20.04 ARM SVE
	Kernel: 5.4.0-80-generic
	Compiler: gcc 10.3.0 (Ubuntu 10.3.0-1ubuntu1~20.04)

To view detailed results, visit:
https://lab.dpdk.org/results/dashboard/patchsets/28888/

UNH-IOL DPDK Community Lab

To manage your email subscriptions, visit: 
https://lab.dpdk.org/results/dashboard/preferences/subscriptions/


More information about the test-report mailing list