|WARNING| pw135951 [PATCH] [v3] crypto/ipsec_mb: unified IPsec MB in
dpdklab at iol.unh.edu
dpdklab at iol.unh.edu
Thu Jan 18 15:26:38 CET 2024
Test-Label: iol-unit-arm64-testing
Test-Status: WARNING
http://dpdk.org/patch/135951
_Testing issues_
Submitter: Brian Dooley <brian.dooley at intel.com>
Date: Thursday, January 18 2024 12:00:20
DPDK git baseline: Repo:dpdk
Branch: master
CommitID:1ee6738c308b8b3cf230644187394f13ca6ec36f
135951 --> testing fail
Test environment and result as below:
+--------------------------+---------------------------+------------------------------+----------------+
| Environment | cryptodev_sw_zuc_autotest | cryptodev_sw_snow3g_autotest | dpdk_unit_test |
+==========================+===========================+==============================+================+
| Debian 11 (arm) | FAIL | FAIL | SKIPPED |
+--------------------------+---------------------------+------------------------------+----------------+
| Fedora 37 (ARM) | SKIPPED | SKIPPED | PASS |
+--------------------------+---------------------------+------------------------------+----------------+
| Debian 11 (Buster) (ARM) | SKIPPED | SKIPPED | PASS |
+--------------------------+---------------------------+------------------------------+----------------+
| CentOS Stream 9 (ARM) | SKIPPED | SKIPPED | PASS |
+--------------------------+---------------------------+------------------------------+----------------+
| Fedora 38 (ARM) | SKIPPED | SKIPPED | PASS |
+--------------------------+---------------------------+------------------------------+----------------+
==== 20 line log output for Debian 11 (arm) (cryptodev_sw_snow3g_autotest): ====
[2316/3106] Compiling C object 'drivers/a715181@@rte_crypto_openssl at sha/meson-generated_.._rte_crypto_openssl.pmd.c.o'.
[2317/3106] Compiling C object 'drivers/a715181@@rte_crypto_openssl at sta/meson-generated_.._rte_crypto_openssl.pmd.c.o'.
[2318/3106] Linking static target drivers/librte_crypto_openssl.a.
[2319/3106] Generating rte_crypto_ipsec_mb.pmd.c with a custom command.
[2320/3106] Compiling C object 'drivers/a715181@@rte_crypto_ipsec_mb at sta/meson-generated_.._rte_crypto_ipsec_mb.pmd.c.o'.
[2321/3106] Linking static target drivers/librte_crypto_ipsec_mb.a.
[2322/3106] Compiling C object 'drivers/a715181@@rte_crypto_ipsec_mb at sha/meson-generated_.._rte_crypto_ipsec_mb.pmd.c.o'.
[2323/3106] Linking target drivers/librte_crypto_ipsec_mb.so.24.1.
FAILED: drivers/librte_crypto_ipsec_mb.so.24.1
cc -o drivers/librte_crypto_ipsec_mb.so.24.1 'drivers/a715181@@rte_crypto_ipsec_mb at sha/meson-generated_.._rte_crypto_ipsec_mb.pmd.c.o' 'drivers/a715181@@tmp_rte_crypto_ipsec_mb at sta/crypto_ipsec_mb_ipsec_mb_private.c.o' 'drivers/a715181@@tmp_rte_crypto_ipsec_mb at sta/crypto_ipsec_mb_ipsec_mb_ops.c.o' 'drivers/a715181@@tmp_rte_crypto_ipsec_mb at sta/crypto_ipsec_mb_pmd_aesni_mb.c.o' 'drivers/a715181@@tmp_rte_crypto_ipsec_mb at sta/crypto_ipsec_mb_pmd_aesni_gcm.c.o' 'drivers/a715181@@tmp_rte_crypto_ipsec_mb at sta/crypto_ipsec_mb_pmd_chacha_poly.c.o' 'drivers/a715181@@tmp_rte_crypto_ipsec_mb at sta/crypto_ipsec_mb_pmd_kasumi.c.o' 'drivers/a715181@@tmp_rte_crypto_ipsec_mb at sta/crypto_ipsec_mb_pmd_snow3g.c.o' 'drivers/a715181@@tmp_rte_crypto_ipsec_mb at sta/crypto_ipsec_mb_pmd_zuc.c.o' -Wl,--as-needed -Wl,--no-undefined -Wl,-O1 -shared -fPIC -Wl,--start-group -Wl,-soname,librte_crypto_ipsec_mb.so.24 -Wl,--no-as-needed -pthread -lm -ldl -lnuma -march=armv8-a+crc+crypto lib/librte_cryptodev.so.24.1 lib/libr
te_eal.so.24.1 lib/librte_kvargs.so.24.1 lib/librte_log.so.24.1 lib/librte_telemetry.so.24.1 lib/librte_mbuf.so.24.1 lib/librte_mempool.so.24.1 lib/librte_ring.so.24.1 lib/librte_rcu.so.24.1 drivers/librte_bus_vdev.so.24.1 lib/librte_net.so.24.1 lib/librte_security.so.24.1 -Wl,--version-script=/home-local/jenkins-local/jenkins-agent/workspace/Generic-Unit-Test-DPDK/dpdk/drivers/version.map -lIPSec_MB -Wl,--end-group '-Wl,-rpath,$ORIGIN/../lib:$ORIGIN/' -Wl,-rpath-link,/home-local/jenkins-local/jenkins-agent/workspace/Generic-Unit-Test-DPDK/dpdk/build/lib -Wl,-rpath-link,/home-local/jenkins-local/jenkins-agent/workspace/Generic-Unit-Test-DPDK/dpdk/build/drivers
/usr/bin/ld: drivers/a715181@@tmp_rte_crypto_ipsec_mb at sta/crypto_ipsec_mb_pmd_aesni_gcm.c.o:(.bss+0x20): multiple definition of `pmd_driver_id_aesni_mb'; drivers/a715181@@tmp_rte_crypto_ipsec_mb at sta/crypto_ipsec_mb_pmd_aesni_mb.c.o:(.bss+0x20): first defined here
/usr/bin/ld: drivers/a715181@@tmp_rte_crypto_ipsec_mb at sta/crypto_ipsec_mb_pmd_chacha_poly.c.o:(.bss+0x20): multiple definition of `pmd_driver_id_aesni_mb'; drivers/a715181@@tmp_rte_crypto_ipsec_mb at sta/crypto_ipsec_mb_pmd_aesni_mb.c.o:(.bss+0x20): first defined here
/usr/bin/ld: drivers/a715181@@tmp_rte_crypto_ipsec_mb at sta/crypto_ipsec_mb_pmd_kasumi.c.o:(.bss+0x20): multiple definition of `pmd_driver_id_aesni_mb'; drivers/a715181@@tmp_rte_crypto_ipsec_mb at sta/crypto_ipsec_mb_pmd_aesni_mb.c.o:(.bss+0x20): first defined here
/usr/bin/ld: drivers/a715181@@tmp_rte_crypto_ipsec_mb at sta/crypto_ipsec_mb_pmd_snow3g.c.o:(.bss+0x20): multiple definition of `pmd_driver_id_aesni_mb'; drivers/a715181@@tmp_rte_crypto_ipsec_mb at sta/crypto_ipsec_mb_pmd_aesni_mb.c.o:(.bss+0x20): first defined here
/usr/bin/ld: drivers/a715181@@tmp_rte_crypto_ipsec_mb at sta/crypto_ipsec_mb_pmd_zuc.c.o:(.bss+0x20): multiple definition of `pmd_driver_id_aesni_mb'; drivers/a715181@@tmp_rte_crypto_ipsec_mb at sta/crypto_ipsec_mb_pmd_aesni_mb.c.o:(.bss+0x20): first defined here
collect2: error: ld returned 1 exit status
[2324/3106] Linking target drivers/librte_crypto_openssl.so.24.1.
[2325/3106] Generating rte_crypto_scheduler.pmd.c with a custom command.
[2326/3106] Generating rte_crypto_octeontx.sym_chk with a meson_exe.py custom command.
ninja: build stopped: subcommand failed.
==== End log output ====
Debian 11 (arm)
Kernel: Container Host Kernel
Compiler: gcc 10.2.1
Fedora 37 (ARM)
Kernel: Depends on container host
Compiler: gcc 12.3.1
Debian 11 (Buster) (ARM)
Kernel: Container Host Kernel
Compiler: gcc 10.2.1
CentOS Stream 9 (ARM)
Kernel: Container Host Kernel
Compiler: gcc 11.3.1
Fedora 38 (ARM)
Kernel: Depends on container host
Compiler: gcc 13.1.1
To view detailed results, visit:
https://lab.dpdk.org/results/dashboard/patchsets/28899/
UNH-IOL DPDK Community Lab
To manage your email subscriptions, visit:
https://lab.dpdk.org/results/dashboard/preferences/subscriptions/
More information about the test-report
mailing list