|WARNING| pw135980 [PATCH] [v1] crypto/ipsec_mb: upgrade IPsec Multi
dpdklab at iol.unh.edu
dpdklab at iol.unh.edu
Fri Jan 19 17:24:43 CET 2024
Test-Label: iol-unit-arm64-testing
Test-Status: WARNING
http://dpdk.org/patch/135980
_Testing issues_
Submitter: Sivaramakrishnan Venkat <venkatx.sivaramakrishnan at intel.com>
Date: Friday, January 19 2024 11:40:26
DPDK git baseline: Repo:dpdk
Branch: master
CommitID:30a988126ecee65a890a4b6a52690442024f2554
135980 --> testing fail
Test environment and result as below:
+--------------------------+---------------------------+----------------+------------------------------+
| Environment | cryptodev_sw_zuc_autotest | dpdk_unit_test | cryptodev_sw_snow3g_autotest |
+==========================+===========================+================+==============================+
| Debian 11 (arm) | FAIL | SKIPPED | FAIL |
+--------------------------+---------------------------+----------------+------------------------------+
| CentOS Stream 9 (ARM) | SKIPPED | PASS | SKIPPED |
+--------------------------+---------------------------+----------------+------------------------------+
| Fedora 37 (ARM) | SKIPPED | PASS | SKIPPED |
+--------------------------+---------------------------+----------------+------------------------------+
| Debian 11 (Buster) (ARM) | SKIPPED | PASS | SKIPPED |
+--------------------------+---------------------------+----------------+------------------------------+
| Ubuntu 20.04 (ARM) | SKIPPED | PASS | SKIPPED |
+--------------------------+---------------------------+----------------+------------------------------+
==== 20 line log output for Debian 11 (arm) (cryptodev_sw_snow3g_autotest): ====
[3092/3099] Compiling C object 'app/a172ced@@dpdk-test at exe/test_test_timer_racecond.c.o'.
[3093/3099] Compiling C object 'app/a172ced@@dpdk-test at exe/test_test_trace_register.c.o'.
[3094/3099] Compiling C object 'app/a172ced@@dpdk-test at exe/test_test_security_inline_proto.c.o'.
[3095/3099] Compiling C object 'app/a172ced@@dpdk-test at exe/test_test_timer_secondary.c.o'.
[3096/3099] Compiling C object 'app/a172ced@@dpdk-test at exe/test_test_vdev.c.o'.
[3097/3099] Compiling C object 'app/a172ced@@dpdk-test at exe/test_test_version.c.o'.
[3098/3099] Compiling C object 'app/a172ced@@dpdk-test at exe/test_test_cryptodev.c.o'.
[3099/3099] Linking target app/dpdk-test.
ninja: Entering directory `/home-local/jenkins-local/jenkins-agent/workspace/Generic-Unit-Test-DPDK/dpdk/build'
ninja: no work to do.
1/1 DPDK:driver-tests / cryptodev_sw_snow3g_autotest FAIL 0.13 s (exit status 255 or signal 127 SIGinvalid)
Ok: 0
Expected Fail: 0
Fail: 1
Unexpected Pass: 0
Skipped: 0
Timeout: 0
Full log written to /home-local/jenkins-local/jenkins-agent/workspace/Generic-Unit-Test-DPDK/dpdk/build/meson-logs/testlog.txt
==== End log output ====
Debian 11 (arm)
Kernel: Container Host Kernel
Compiler: gcc 10.2.1
CentOS Stream 9 (ARM)
Kernel: Container Host Kernel
Compiler: gcc 11.3.1
Fedora 37 (ARM)
Kernel: Depends on container host
Compiler: gcc 12.3.1
Debian 11 (Buster) (ARM)
Kernel: Container Host Kernel
Compiler: gcc 10.2.1
Ubuntu 20.04 (ARM)
Kernel: Container Host Kernel
Compiler: gcc 9.4.0
To view detailed results, visit:
https://lab.dpdk.org/results/dashboard/patchsets/28909/
UNH-IOL DPDK Community Lab
To manage your email subscriptions, visit:
https://lab.dpdk.org/results/dashboard/preferences/subscriptions/
More information about the test-report
mailing list