|FAILURE| pw135991 [PATCH] [v3] eal: refactor rte_eal_init into sub-
dpdklab at iol.unh.edu
dpdklab at iol.unh.edu
Sat Jan 20 01:11:37 CET 2024
Test-Label: iol-unit-amd64-testing
Test-Status: FAILURE
http://dpdk.org/patch/135991
_Testing issues_
Submitter: Rahul Gupta <rahulgupt at linux.microsoft.com>
Date: Friday, January 19 2024 16:58:17
DPDK git baseline: Repo:dpdk
Branch: master
CommitID:515e1a4f4cddd33fcb35328a73449d30a8edfaf6
135991 --> testing fail
Test environment and result as below:
+-----------------+----------------+
| Environment | dpdk_unit_test |
+=================+================+
| Debian Buster | FAIL |
+-----------------+----------------+
| CentOS Stream 8 | FAIL |
+-----------------+----------------+
| CentOS Stream 9 | FAIL |
+-----------------+----------------+
| Fedora 37 | FAIL |
+-----------------+----------------+
==== 20 line log output for Fedora 37 (dpdk_unit_test): ====
100/110 DPDK:fast-tests / telemetry_data_autotest OK 0.22 s
101/110 DPDK:fast-tests / telemetry_json_autotest OK 0.22 s
102/110 DPDK:fast-tests / thash_autotest OK 0.22 s
103/110 DPDK:fast-tests / threads_autotest OK 0.46 s
104/110 DPDK:fast-tests / ticketlock_autotest OK 0.26 s
105/110 DPDK:fast-tests / timer_autotest OK 1.54 s
106/110 DPDK:fast-tests / trace_autotest OK 0.22 s
107/110 DPDK:fast-tests / trace_autotest_with_traces OK 0.20 s
108/110 DPDK:fast-tests / vdev_autotest OK 0.22 s
109/110 DPDK:fast-tests / version_autotest OK 0.34 s
110/110 DPDK:fast-tests / telemetry_all SKIP 0.01 s
Ok: 98
Expected Fail: 0
Fail: 1
Unexpected Pass: 0
Skipped: 10
Timeout: 1
Full log written to /home-local/jenkins-local/jenkins-agent/workspace/Generic-Unit-Test-DPDK/dpdk/build/meson-logs/testlog.txt
==== End log output ====
Debian Buster
Kernel: 5.4.0-122-generic
Compiler: gcc 8.3.0-6
CentOS Stream 8
Kernel: 4.18.0-240.10.1.el8_3.x86_64
Compiler: gcc 8.4.1 20200928
CentOS Stream 9
Kernel: 4.18.0-240.10.1.el8_3.x86_64
Compiler: gcc 11.3.1 20220421
Fedora 37
Kernel: Depends on container host system
Compiler: gcc 12.3.1
To view detailed results, visit:
https://lab.dpdk.org/results/dashboard/patchsets/28914/
UNH-IOL DPDK Community Lab
To manage your email subscriptions, visit:
https://lab.dpdk.org/results/dashboard/preferences/subscriptions/
More information about the test-report
mailing list