|FAILURE| pw135990 [PATCH] cryptodev: add a simple mapping cache to

dpdklab at iol.unh.edu dpdklab at iol.unh.edu
Sat Jan 20 01:16:14 CET 2024


Test-Label: iol-unit-arm64-testing
Test-Status: FAILURE
http://dpdk.org/patch/135990

_Testing issues_

Submitter: Andrew Boyer <Andrew.Boyer at amd.com>
Date: Friday, January 19 2024 16:41:22 
DPDK git baseline: Repo:dpdk
  Branch: master
  CommitID:30a988126ecee65a890a4b6a52690442024f2554

135990 --> testing fail

Test environment and result as below:

+--------------------------+----------------+
|       Environment        | dpdk_unit_test |
+==========================+================+
| Debian 11 (Buster) (ARM) | PASS           |
+--------------------------+----------------+
| Fedora 37 (ARM)          | PASS           |
+--------------------------+----------------+
| CentOS Stream 9 (ARM)    | FAIL           |
+--------------------------+----------------+
| Fedora 38 (ARM Clang)    | PASS           |
+--------------------------+----------------+
| Ubuntu 20.04 (ARM)       | PASS           |
+--------------------------+----------------+

==== 20 line log output for CentOS Stream 9 (ARM) (dpdk_unit_test): ====
100/110 DPDK:fast-tests / telemetry_data_autotest  OK       0.29 s
101/110 DPDK:fast-tests / telemetry_json_autotest  OK       0.29 s
102/110 DPDK:fast-tests / thash_autotest        OK       0.29 s
103/110 DPDK:fast-tests / threads_autotest      OK       0.44 s
104/110 DPDK:fast-tests / ticketlock_autotest   OK       0.34 s
105/110 DPDK:fast-tests / timer_autotest        OK       3.39 s
106/110 DPDK:fast-tests / trace_autotest        OK       0.34 s
107/110 DPDK:fast-tests / trace_autotest_with_traces  OK       0.28 s
108/110 DPDK:fast-tests / vdev_autotest         OK       0.28 s
109/110 DPDK:fast-tests / version_autotest      OK       0.29 s
110/110 DPDK:fast-tests / telemetry_all         SKIP     0.02 s

Ok:                  102
Expected Fail:         0
Fail:                  1
Unexpected Pass:       0
Skipped:               7
Timeout:               0

Full log written to /home-local/jenkins-local/jenkins-agent/workspace/Generic-Unit-Test-DPDK/dpdk/build/meson-logs/testlog.txt
==== End log output ====

Debian 11 (Buster) (ARM)
	Kernel: Container Host Kernel
	Compiler: gcc 10.2.1

Fedora 37 (ARM)
	Kernel: Depends on container host
	Compiler: gcc 12.3.1

CentOS Stream 9 (ARM)
	Kernel: Container Host Kernel
	Compiler: gcc 11.3.1

Fedora 38 (ARM Clang)
	Kernel: Depends on container host
	Compiler: clang 16.0.3

Ubuntu 20.04 (ARM)
	Kernel: Container Host Kernel
	Compiler: gcc 9.4.0

To view detailed results, visit:
https://lab.dpdk.org/results/dashboard/patchsets/28913/

UNH-IOL DPDK Community Lab

To manage your email subscriptions, visit: 
https://lab.dpdk.org/results/dashboard/preferences/subscriptions/


More information about the test-report mailing list