|FAILURE| pw136014-136015 [PATCH] [v3,2/2] net/octeon_ep: add Rx NEO
dpdklab at iol.unh.edu
dpdklab at iol.unh.edu
Sun Jan 21 19:24:45 CET 2024
Test-Label: iol-compile-arm64-testing
Test-Status: FAILURE
http://dpdk.org/patch/136015
_Testing issues_
Submitter: Pavan Nikhilesh Bhagavatula <pbhagavatula at marvell.com>
Date: Sunday, January 21 2024 16:43:34
DPDK git baseline: Repo:dpdk
Branch: master
CommitID:019c31d7089944f5d9715d6af263f73886359e06
136014-136015 --> testing fail
Test environment and result as below:
+----------------------------------------+--------------------+
| Environment | dpdk_meson_compile |
+========================================+====================+
| Ubuntu 20.04 ARM SVE | PASS |
+----------------------------------------+--------------------+
| Fedora 38 (ARM) | FAIL |
+----------------------------------------+--------------------+
| Fedora 37 (ARM) | FAIL |
+----------------------------------------+--------------------+
| Debian 11 (Buster) (ARM) | FAIL |
+----------------------------------------+--------------------+
| Ubuntu 20.04 (ARM) | FAIL |
+----------------------------------------+--------------------+
| CentOS Stream 9 (ARM) | FAIL |
+----------------------------------------+--------------------+
| Ubuntu 20.04 aarch32 GCC Cross Compile | FAIL |
+----------------------------------------+--------------------+
| Ubuntu 20.04 ARM GCC Cross Compile | FAIL |
+----------------------------------------+--------------------+
| Ubuntu 20.04 ARM Clang Cross Compile | FAIL |
+----------------------------------------+--------------------+
==== 20 line log output for Ubuntu 20.04 ARM Clang Cross Compile (dpdk_meson_compile): ====
[1813/3083] Generating symbol file 'drivers/a715181@@rte_net_octeontx at sha/librte_net_octeontx.so.24.1.symbols'.
[1814/3083] Compiling C object 'drivers/a715181@@tmp_rte_net_octeon_ep at sta/net_octeon_ep_otx2_ep_vf.c.o'.
[1815/3083] Compiling C object 'drivers/a715181@@tmp_rte_net_octeon_ep at sta/net_octeon_ep_cnxk_ep_vf.c.o'.
[1816/3083] Compiling C object 'drivers/a715181@@tmp_rte_net_octeon_ep at sta/net_octeon_ep_otx_ep_mbox.c.o'.
[1817/3083] Compiling C object 'drivers/a715181@@tmp_rte_net_octeon_ep at sta/net_octeon_ep_cnxk_ep_rx.c.o'.
[1818/3083] Compiling C object 'drivers/a715181@@tmp_rte_net_octeon_ep at sta/net_octeon_ep_cnxk_ep_tx.c.o'.
[1819/3083] Compiling C object 'drivers/a715181@@tmp_rte_net_octeon_ep at sta/net_octeon_ep_cnxk_ep_rx_neon.c.o'.
FAILED: drivers/a715181@@tmp_rte_net_octeon_ep at sta/net_octeon_ep_cnxk_ep_rx_neon.c.o
ccache clang -Idrivers/a715181@@tmp_rte_net_octeon_ep at sta -Idrivers -I../drivers -Idrivers/net/octeon_ep -I../drivers/net/octeon_ep -Ilib/ethdev -I../lib/ethdev -I. -I../ -Iconfig -I../config -Ilib/eal/include -I../lib/eal/include -Ilib/eal/linux/include -I../lib/eal/linux/include -Ilib/eal/arm/include -I../lib/eal/arm/include -Ilib/eal/common -I../lib/eal/common -Ilib/eal -I../lib/eal -Ilib/kvargs -I../lib/kvargs -Ilib/log -I../lib/log -Ilib/telemetry/../metrics -I../lib/telemetry/../metrics -Ilib/telemetry -I../lib/telemetry -Ilib/net -I../lib/net -Ilib/mbuf -I../lib/mbuf -Ilib/mempool -I../lib/mempool -Ilib/ring -I../lib/ring -Ilib/meter -I../lib/meter -Idrivers/bus/pci -I../drivers/bus/pci -I../drivers/bus/pci/linux -Ilib/pci -I../lib/pci -Idrivers/bus/vdev -I../drivers/bus/vdev -Xclang -fcolor-diagnostics -pipe -D_FILE_OFFSET_BITS=64 -Wall -Winvalid-pch -Wextra -Werror -std=c11 -O3 -include rte_config.h -Wcast-qual -Wdeprecated -Wformat -Wformat-nonliteral -Wformat-security -Wmi
ssing-declarations -Wmissing-prototypes -Wnested-externs -Wold-style-definition -Wpointer-arith -Wsign-compare -Wstrict-prototypes -Wundef -Wwrite-strings -Wno-address-of-packed-member -Wno-missing-field-initializers -D_GNU_SOURCE -target aarch64-linux-gnu --sysroot /usr/aarch64-linux-gnu -fPIC -march=armv8-a+crc -DALLOW_EXPERIMENTAL_API -DALLOW_INTERNAL_API -Wno-strict-aliasing -flax-vector-conversions -DRTE_LOG_DEFAULT_LOGTYPE=pmd.net.octeon_ep -DRTE_ANNOTATE_LOCKS -Wthread-safety -MD -MQ 'drivers/a715181@@tmp_rte_net_octeon_ep at sta/net_octeon_ep_cnxk_ep_rx_neon.c.o' -MF 'drivers/a715181@@tmp_rte_net_octeon_ep at sta/net_octeon_ep_cnxk_ep_rx_neon.c.o.d' -o 'drivers/a715181@@tmp_rte_net_octeon_ep at sta/net_octeon_ep_cnxk_ep_rx_neon.c.o' -c ../drivers/net/octeon_ep/cnxk_ep_rx_neon.c
../drivers/net/octeon_ep/cnxk_ep_rx_neon.c:52:10: error: variable 's01' is uninitialized when used here [-Werror,-Wuninitialized]
s01, 0);
^~~
/usr/lib/llvm-10/lib/clang/10.0.0/include/arm_neon.h:22875:21: note: expanded from macro 'vsetq_lane_u32'
uint32x4_t __s1 = __p1; \
^~~~
../drivers/net/octeon_ep/cnxk_ep_rx_neon.c:27:3: note: variable 's01' is declared here
uint64x2_t s01, s23;
^
1 error generated.
ninja: build stopped: subcommand failed.
==== End log output ====
Ubuntu 20.04 ARM SVE
Kernel: 5.4.0-80-generic
Compiler: gcc 10.3.0 (Ubuntu 10.3.0-1ubuntu1~20.04)
Fedora 38 (ARM)
Kernel: Depends on container host
Compiler: gcc 13.1.1
Fedora 37 (ARM)
Kernel: Depends on container host
Compiler: gcc 12.3.1
Debian 11 (Buster) (ARM)
Kernel: Container Host Kernel
Compiler: gcc 10.2.1
Ubuntu 20.04 (ARM)
Kernel: Container Host Kernel
Compiler: gcc 9.4.0
CentOS Stream 9 (ARM)
Kernel: Container Host Kernel
Compiler: gcc 11.3.1
Ubuntu 20.04 aarch32 GCC Cross Compile
Kernel: 5.4.0-72-generic
Compiler: gcc 9.3.0
Ubuntu 20.04 ARM GCC Cross Compile
Kernel: 5.4.0-72-generic
Compiler: aarch64-linux-gnu-gcc (Ubuntu 9.3.0-17ubuntu1~20.04) 9.3.0
Ubuntu 20.04 ARM Clang Cross Compile
Kernel: 5.4.0-72-generic
Compiler: clang version 10.0.0-4ubuntu1
To view detailed results, visit:
https://lab.dpdk.org/results/dashboard/patchsets/28925/
UNH-IOL DPDK Community Lab
To manage your email subscriptions, visit:
https://lab.dpdk.org/results/dashboard/preferences/subscriptions/
More information about the test-report
mailing list