|FAILURE| pw136049-136055 [PATCH] [7/7] net/gve: update GVE document
dpdklab at iol.unh.edu
dpdklab at iol.unh.edu
Tue Jan 23 02:12:52 CET 2024
Test-Label: iol-unit-amd64-testing
Test-Status: FAILURE
http://dpdk.org/patch/136055
_Testing issues_
Submitter: Joshua Washington <joshwash at google.com>
Date: Tuesday, January 23 2024 00:16:44
DPDK git baseline: Repo:dpdk
Branch: master
CommitID:bd7063756123e4ecf9915989710729f94dc1757b
136049-136055 --> testing fail
Test environment and result as below:
+---------------------+----------------+
| Environment | dpdk_unit_test |
+=====================+================+
| CentOS Stream 9 | FAIL |
+---------------------+----------------+
| Windows Server 2019 | PASS |
+---------------------+----------------+
| CentOS Stream 8 | FAIL |
+---------------------+----------------+
| Debian Bullseye | PASS |
+---------------------+----------------+
| Fedora 38 | FAIL |
+---------------------+----------------+
| Debian Buster | PASS |
+---------------------+----------------+
==== 20 line log output for Fedora 38 (dpdk_unit_test): ====
[1635/2796] Compiling C object 'drivers/a715181@@rte_net_ixgbe at sta/meson-generated_.._rte_net_ixgbe.pmd.c.o'.
[1636/2796] Linking static target drivers/librte_net_ixgbe.a.
[1637/2796] Compiling C object 'drivers/a715181@@tmp_rte_net_mana at sta/net_mana_gdma.c.o'.
[1638/2796] Compiling C object 'drivers/a715181@@rte_net_ixgbe at sha/meson-generated_.._rte_net_ixgbe.pmd.c.o'.
[1639/2796] Compiling C object 'drivers/a715181@@tmp_rte_net_mana at sta/net_mana_mana.c.o'.
FAILED: drivers/a715181@@tmp_rte_net_mana at sta/net_mana_mana.c.o
ccache cc -Idrivers/a715181@@tmp_rte_net_mana at sta -Idrivers -I../drivers -Idrivers/net/mana -I../drivers/net/mana -Ilib/ethdev -I../lib/ethdev -I. -I../ -Iconfig -I../config -Ilib/eal/include -I../lib/eal/include -Ilib/eal/linux/include -I../lib/eal/linux/include -Ilib/eal/x86/include -I../lib/eal/x86/include -Ilib/eal/common -I../lib/eal/common -Ilib/eal -I../lib/eal -Ilib/kvargs -I../lib/kvargs -Ilib/log -I../lib/log -Ilib/telemetry/../metrics -I../lib/telemetry/../metrics -Ilib/telemetry -I../lib/telemetry -Ilib/net -I../lib/net -Ilib/mbuf -I../lib/mbuf -Ilib/mempool -I../lib/mempool -Ilib/ring -I../lib/ring -Ilib/meter -I../lib/meter -Idrivers/bus/pci -I../drivers/bus/pci -I../drivers/bus/pci/linux -Ilib/pci -I../lib/pci -Idrivers/bus/vdev -I../drivers/bus/vdev -fdiagnostics-color=always -pipe -D_FILE_OFFSET_BITS=64 -Wall -Winvalid-pch -Wextra -Werror -std=c11 -O3 -include rte_config.h -Wcast-qual -Wdeprecated -Wformat -Wformat-nonliteral -Wformat-security -Wmissing-declarations
-Wmissing-prototypes -Wnested-externs -Wold-style-definition -Wpointer-arith -Wsign-compare -Wstrict-prototypes -Wundef -Wwrite-strings -Wno-address-of-packed-member -Wno-packed-not-aligned -Wno-missing-field-initializers -Wno-zero-length-bounds -D_GNU_SOURCE -fPIC -march=native -mrtm -DALLOW_EXPERIMENTAL_API -DALLOW_INTERNAL_API -Wno-format-truncation -DRTE_LOG_DEFAULT_LOGTYPE=pmd.net.mana -MD -MQ 'drivers/a715181@@tmp_rte_net_mana at sta/net_mana_mana.c.o' -MF 'drivers/a715181@@tmp_rte_net_mana at sta/net_mana_mana.c.o.d' -o 'drivers/a715181@@tmp_rte_net_mana at sta/net_mana_mana.c.o' -c ../drivers/net/mana/mana.c
In file included from ../drivers/net/mana/mana.c:23:
../drivers/net/mana/mana.c: In function 'mana_probe_port':
../drivers/net/mana/mana.h:466:57: error: too many arguments for format [-Werror=format-extra-args]
466 | rte_log(RTE_LOG_ ## level, mana_logtype_driver, "%s(): " fmt "\n", \
| ^~~~~~~~
../drivers/net/mana/mana.c:1392:9: note: in expansion of macro 'DRV_LOG'
1392 | DRV_LOG(INFO, "dev %s max queues %d desc %d sge %d mr " PRIu64,
| ^~~~~~~
cc1: all warnings being treated as errors
[1640/2796] Compiling C object 'drivers/a715181@@tmp_rte_net_mana at sta/net_mana_mp.c.o'.
[1641/2796] Generating rte_net_ixgbe.sym_chk with a meson_exe.py custom command.
[1642/2796] Generating rte_common_cnxk.sym_chk with a meson_exe.py custom command.
ninja: build stopped: subcommand failed.
==== End log output ====
CentOS Stream 9
Kernel: 4.18.0-240.10.1.el8_3.x86_64
Compiler: gcc 11.3.1 20220421
Windows Server 2019
Kernel: 10.0
Compiler: clang 14.0 and gcc 8.1.0 (MinGW)
CentOS Stream 8
Kernel: 4.18.0-240.10.1.el8_3.x86_64
Compiler: gcc 8.4.1 20200928
Debian Bullseye
Kernel: 5.4.0-122-generic
Compiler: gcc 10.2.1-6
Fedora 38
Kernel: Depends on container host
Compiler: gcc 13.1.1
Debian Buster
Kernel: 5.4.0-122-generic
Compiler: gcc 8.3.0-6
To view detailed results, visit:
https://lab.dpdk.org/results/dashboard/patchsets/28935/
UNH-IOL DPDK Community Lab
To manage your email subscriptions, visit:
https://lab.dpdk.org/results/dashboard/preferences/subscriptions/
More information about the test-report
mailing list