|FAILURE| pw136049-136055 [PATCH] [7/7] net/gve: update GVE document

dpdklab at iol.unh.edu dpdklab at iol.unh.edu
Tue Jan 23 02:27:51 CET 2024


Test-Label: iol-compile-arm64-testing
Test-Status: FAILURE
http://dpdk.org/patch/136055

_Testing issues_

Submitter: Joshua Washington <joshwash at google.com>
Date: Tuesday, January 23 2024 00:16:44 
DPDK git baseline: Repo:dpdk
  Branch: master
  CommitID:bd7063756123e4ecf9915989710729f94dc1757b

136049-136055 --> testing fail

Test environment and result as below:

+----------------------------------------+--------------------+
|              Environment               | dpdk_meson_compile |
+========================================+====================+
| Ubuntu 20.04 ARM SVE                   | PASS               |
+----------------------------------------+--------------------+
| Ubuntu 20.04 (ARM)                     | PASS               |
+----------------------------------------+--------------------+
| Debian 11 (Buster) (ARM)               | PASS               |
+----------------------------------------+--------------------+
| Fedora 38 (ARM)                        | PASS               |
+----------------------------------------+--------------------+
| Fedora 37 (ARM)                        | PASS               |
+----------------------------------------+--------------------+
| CentOS Stream 9 (ARM)                  | PASS               |
+----------------------------------------+--------------------+
| Ubuntu 20.04 aarch32 GCC Cross Compile | PASS               |
+----------------------------------------+--------------------+
| Ubuntu 20.04 ARM Clang Cross Compile   | FAIL               |
+----------------------------------------+--------------------+

==== 20 line log output for Ubuntu 20.04 ARM Clang Cross Compile (dpdk_meson_compile): ====
[1482/3087] Compiling C object 'drivers/a715181@@rte_net_fm10k at sta/meson-generated_.._rte_net_fm10k.pmd.c.o'.
[1483/3087] Linking static target drivers/librte_net_fm10k.a.
[1484/3087] Linking target drivers/librte_net_fm10k.so.24.1.
[1485/3087] Compiling C object 'drivers/a715181@@tmp_rte_net_gve at sta/net_gve_gve_rx.c.o'.
[1486/3087] Compiling C object 'drivers/a715181@@tmp_rte_net_gve at sta/net_gve_gve_tx.c.o'.
[1487/3087] Compiling C object 'drivers/a715181@@tmp_rte_net_gve at sta/net_gve_base_gve_adminq.c.o'.
[1488/3087] Compiling C object 'drivers/a715181@@tmp_rte_net_gve at sta/net_gve_gve_ethdev.c.o'.
FAILED: drivers/a715181@@tmp_rte_net_gve at sta/net_gve_gve_ethdev.c.o
ccache clang -Idrivers/a715181@@tmp_rte_net_gve at sta -Idrivers -I../drivers -Idrivers/net/gve -I../drivers/net/gve -I../drivers/net/gve/base -Ilib/ethdev -I../lib/ethdev -I. -I../ -Iconfig -I../config -Ilib/eal/include -I../lib/eal/include -Ilib/eal/linux/include -I../lib/eal/linux/include -Ilib/eal/arm/include -I../lib/eal/arm/include -Ilib/eal/common -I../lib/eal/common -Ilib/eal -I../lib/eal -Ilib/kvargs -I../lib/kvargs -Ilib/log -I../lib/log -Ilib/telemetry/../metrics -I../lib/telemetry/../metrics -Ilib/telemetry -I../lib/telemetry -Ilib/net -I../lib/net -Ilib/mbuf -I../lib/mbuf -Ilib/mempool -I../lib/mempool -Ilib/ring -I../lib/ring -Ilib/meter -I../lib/meter -Idrivers/bus/pci -I../drivers/bus/pci -I../drivers/bus/pci/linux -Ilib/pci -I../lib/pci -Idrivers/bus/vdev -I../drivers/bus/vdev -Xclang -fcolor-diagnostics -pipe -D_FILE_OFFSET_BITS=64 -Wall -Winvalid-pch -Wextra -Werror -std=c11 -O3 -include rte_config.h -Wcast-qual -Wdeprecated -Wformat -Wformat-nonliteral -Wformat-secur
 ity -Wmissing-declarations -Wmissing-prototypes -Wnested-externs -Wold-style-definition -Wpointer-arith -Wsign-compare -Wstrict-prototypes -Wundef -Wwrite-strings -Wno-address-of-packed-member -Wno-missing-field-initializers -D_GNU_SOURCE -target aarch64-linux-gnu --sysroot /usr/aarch64-linux-gnu -fPIC -march=armv8-a+crc -DALLOW_EXPERIMENTAL_API -DALLOW_INTERNAL_API -DRTE_LOG_DEFAULT_LOGTYPE=pmd.net.gve -DRTE_ANNOTATE_LOCKS -Wthread-safety -MD -MQ 'drivers/a715181@@tmp_rte_net_gve at sta/net_gve_gve_ethdev.c.o' -MF 'drivers/a715181@@tmp_rte_net_gve at sta/net_gve_gve_ethdev.c.o.d' -o 'drivers/a715181@@tmp_rte_net_gve at sta/net_gve_gve_ethdev.c.o' -c ../drivers/net/gve/gve_ethdev.c
../drivers/net/gve/gve_ethdev.c:792:4: error: format specifies type 'unsigned short' but the argument has type 'int' [-Werror,-Wformat]
GVE_RSS_INDIR_SIZE);
^~~~~~~~~~~~~~~~~~
../drivers/net/gve/base/../gve_logs.h:12:16: note: expanded from macro 'PMD_DRV_LOG'
__func__, ## args)
^~~~
../drivers/net/gve/gve_ethdev.h:33:28: note: expanded from macro 'GVE_RSS_INDIR_SIZE'
#define GVE_RSS_INDIR_SIZE 128
^~~
1 error generated.
ninja: build stopped: subcommand failed.
==== End log output ====

Ubuntu 20.04 ARM SVE
	Kernel: 5.4.0-80-generic
	Compiler: gcc 10.3.0 (Ubuntu 10.3.0-1ubuntu1~20.04)

Ubuntu 20.04 (ARM)
	Kernel: Container Host Kernel
	Compiler: gcc 9.4.0

Debian 11 (Buster) (ARM)
	Kernel: Container Host Kernel
	Compiler: gcc 10.2.1

Fedora 38 (ARM)
	Kernel: Depends on container host
	Compiler: gcc 13.1.1

Fedora 37 (ARM)
	Kernel: Depends on container host
	Compiler: gcc 12.3.1

CentOS Stream 9 (ARM)
	Kernel: Container Host Kernel
	Compiler: gcc 11.3.1

Ubuntu 20.04 aarch32 GCC Cross Compile
	Kernel: 5.4.0-72-generic
	Compiler: gcc 9.3.0

Ubuntu 20.04 ARM Clang Cross Compile
	Kernel: 5.4.0-72-generic
	Compiler: clang version 10.0.0-4ubuntu1

To view detailed results, visit:
https://lab.dpdk.org/results/dashboard/patchsets/28935/

UNH-IOL DPDK Community Lab

To manage your email subscriptions, visit: 
https://lab.dpdk.org/results/dashboard/preferences/subscriptions/


More information about the test-report mailing list