|FAILURE| [GIT MASTER] bd7063756123e4ecf9915989710729f94dc1757b

dpdklab at iol.unh.edu dpdklab at iol.unh.edu
Tue Jan 23 09:14:53 CET 2024


_Testing issues_

Branch: dpdk-next-net

bd7063756123e4ecf9915989710729f94dc1757b --> testing fail

Test environment and result as below:

+---------------------+----------------+
|     Environment     | dpdk_unit_test |
+=====================+================+
| Windows Server 2019 | PASS           |
+---------------------+----------------+
| CentOS Stream 8     | FAIL           |
+---------------------+----------------+
| CentOS Stream 9     | FAIL           |
+---------------------+----------------+
| Debian Bullseye     | PASS           |
+---------------------+----------------+
| Fedora 37           | PASS           |
+---------------------+----------------+
| RHEL8               | FAIL           |
+---------------------+----------------+

==== 20 line log output for RHEL8 (dpdk_unit_test): ====
[1643/2801] Compiling C object 'drivers/a715181@@tmp_rte_net_ixgbe at sta/net_ixgbe_rte_pmd_ixgbe.c.o'.
[1644/2801] Compiling C object 'drivers/a715181@@tmp_rte_net_ixgbe at sta/net_ixgbe_ixgbe_recycle_mbufs_vec_common.c.o'.
[1645/2801] Compiling C object 'drivers/a715181@@tmp_rte_net_mana at sta/net_mana_tx.c.o'.
[1646/2801] Linking static target drivers/libtmp_rte_net_ixgbe.a.
[1647/2801] Compiling C object 'drivers/a715181@@tmp_rte_net_mana at sta/net_mana_mana.c.o'.
FAILED: drivers/a715181@@tmp_rte_net_mana at sta/net_mana_mana.c.o
ccache cc -Idrivers/a715181@@tmp_rte_net_mana at sta -Idrivers -I../drivers -Idrivers/net/mana -I../drivers/net/mana -Ilib/ethdev -I../lib/ethdev -I. -I../ -Iconfig -I../config -Ilib/eal/include -I../lib/eal/include -Ilib/eal/linux/include -I../lib/eal/linux/include -Ilib/eal/x86/include -I../lib/eal/x86/include -Ilib/eal/common -I../lib/eal/common -Ilib/eal -I../lib/eal -Ilib/kvargs -I../lib/kvargs -Ilib/log -I../lib/log -Ilib/telemetry/../metrics -I../lib/telemetry/../metrics -Ilib/telemetry -I../lib/telemetry -Ilib/net -I../lib/net -Ilib/mbuf -I../lib/mbuf -Ilib/mempool -I../lib/mempool -Ilib/ring -I../lib/ring -Ilib/meter -I../lib/meter -Idrivers/bus/pci -I../drivers/bus/pci -I../drivers/bus/pci/linux -Ilib/pci -I../lib/pci -Idrivers/bus/vdev -I../drivers/bus/vdev -fdiagnostics-color=always -pipe -D_FILE_OFFSET_BITS=64 -Wall -Winvalid-pch -Wextra -Werror -std=c11 -O3 -include rte_config.h -Wcast-qual -Wdeprecated -Wformat -Wformat-nonliteral -Wformat-security -Wmissing-declarations 
 -Wmissing-prototypes -Wnested-externs -Wold-style-definition -Wpointer-arith -Wsign-compare -Wstrict-prototypes -Wundef -Wwrite-strings -Wno-packed-not-aligned -Wno-missing-field-initializers -D_GNU_SOURCE -fPIC -march=native -mrtm -DALLOW_EXPERIMENTAL_API -DALLOW_INTERNAL_API -Wno-format-truncation -DRTE_LOG_DEFAULT_LOGTYPE=pmd.net.mana -MD -MQ 'drivers/a715181@@tmp_rte_net_mana at sta/net_mana_mana.c.o' -MF 'drivers/a715181@@tmp_rte_net_mana at sta/net_mana_mana.c.o.d' -o 'drivers/a715181@@tmp_rte_net_mana at sta/net_mana_mana.c.o' -c ../drivers/net/mana/mana.c
In file included from ../drivers/net/mana/mana.c:23:
../drivers/net/mana/mana.c: In function 'mana_probe_port':
../drivers/net/mana/mana.h:466:50: error: too many arguments for format [-Werror=format-extra-args]
rte_log(RTE_LOG_ ## level, mana_logtype_driver, "%s(): " fmt "\n", \
^~~~~~~~
../drivers/net/mana/mana.c:1392:2: note: in expansion of macro 'DRV_LOG'
DRV_LOG(INFO, "dev %s max queues %d desc %d sge %d mr " PRIu64,
^~~~~~~
cc1: all warnings being treated as errors
[1648/2801] Compiling C object 'drivers/a715181@@tmp_rte_net_mana at sta/net_mana_mr.c.o'.
[1649/2801] Generating rte_net_ixgbe.pmd.c with a custom command.
[1650/2801] Generating rte_common_cnxk.sym_chk with a meson_exe.py custom command.
ninja: build stopped: subcommand failed.
==== End log output ====

Windows Server 2019
	Kernel: 10.0
	Compiler: clang 14.0 and gcc 8.1.0 (MinGW)

CentOS Stream 8
	Kernel: 4.18.0-240.10.1.el8_3.x86_64
	Compiler: gcc 8.4.1 20200928

CentOS Stream 9
	Kernel: 4.18.0-240.10.1.el8_3.x86_64
	Compiler: gcc 11.3.1 20220421

Debian Bullseye
	Kernel: 5.4.0-122-generic
	Compiler: gcc 10.2.1-6

Fedora 37
	Kernel: Depends on container host system
	Compiler: gcc 12.3.1

RHEL8
	Kernel: 4.18.0-240.10.1.el8_3.x86_64
	Compiler: gcc 8.3.1 20191121 (Red Hat 8.3.1-5)

To view detailed results, visit:
https://lab.dpdk.org/results/dashboard/tarballs/27767/

UNH-IOL DPDK Community Lab

To manage your email subscriptions, visit: 
https://lab.dpdk.org/results/dashboard/preferences/subscriptions/


More information about the test-report mailing list