|WARNING| pw136106 [PATCH] [v4] eal: refactor rte_eal_init into sub-

dpdklab at iol.unh.edu dpdklab at iol.unh.edu
Wed Jan 24 16:24:29 CET 2024


Test-Label: iol-unit-arm64-testing
Test-Status: WARNING
http://dpdk.org/patch/136106

_Testing issues_

Submitter: Rahul Gupta <rahulgupt at linux.microsoft.com>
Date: Wednesday, January 24 2024 13:45:11 
DPDK git baseline: Repo:dpdk
  Branch: master
  CommitID:0c4a63ce783f55df6b43e519201474c56b5cce36

136106 --> testing fail

Test environment and result as below:

+----------------------+--------------+---------------------------+------------------------------+
|     Environment      | lpm_autotest | cryptodev_sw_zuc_autotest | cryptodev_sw_snow3g_autotest |
+======================+==============+===========================+==============================+
| Ubuntu 20.04 ARM SVE | FAIL         | SKIPPED                   | SKIPPED                      |
+----------------------+--------------+---------------------------+------------------------------+
| Debian 11 (arm)      | SKIPPED      | FAIL                      | FAIL                         |
+----------------------+--------------+---------------------------+------------------------------+

==== 20 line log output for Debian 11 (arm) (cryptodev_sw_snow3g_autotest): ====
[3102/3109] Compiling C object 'app/a172ced@@dpdk-test at exe/test_test_thash_perf.c.o'.
[3103/3109] Compiling C object 'app/a172ced@@dpdk-test at exe/test_test_trace_register.c.o'.
[3104/3109] Compiling C object 'app/a172ced@@dpdk-test at exe/test_test_vdev.c.o'.
[3105/3109] Compiling C object 'app/a172ced@@dpdk-test at exe/test_test_version.c.o'.
[3106/3109] Compiling C object 'app/a172ced@@dpdk-test at exe/test_test_trace.c.o'.
[3107/3109] Compiling C object 'app/a172ced@@dpdk-test at exe/test_test_ring.c.o'.
[3108/3109] Compiling C object 'app/a172ced@@dpdk-test at exe/test_test_trace_perf.c.o'.
[3109/3109] Linking target app/dpdk-test.
ninja: Entering directory `/home-local/jenkins-local/jenkins-agent/workspace/Generic-Unit-Test-DPDK/dpdk/build'
ninja: no work to do.
1/1 DPDK:driver-tests / cryptodev_sw_snow3g_autotest  FAIL     0.43 s (exit status 255 or signal 127 SIGinvalid)

Ok:                    0
Expected Fail:         0
Fail:                  1
Unexpected Pass:       0
Skipped:               0
Timeout:               0

Full log written to /home-local/jenkins-local/jenkins-agent/workspace/Generic-Unit-Test-DPDK/dpdk/build/meson-logs/testlog.txt
==== End log output ====

Ubuntu 20.04 ARM SVE
	Kernel: 5.4.0-80-generic
	Compiler: gcc 10.3.0 (Ubuntu 10.3.0-1ubuntu1~20.04)

Debian 11 (arm)
	Kernel: Container Host Kernel
	Compiler: gcc 10.2.1

To view detailed results, visit:
https://lab.dpdk.org/results/dashboard/patchsets/28953/

UNH-IOL DPDK Community Lab

To manage your email subscriptions, visit: 
https://lab.dpdk.org/results/dashboard/preferences/subscriptions/


More information about the test-report mailing list