|FAILURE| pw136106 [PATCH] [v4] eal: refactor rte_eal_init into sub-

dpdklab at iol.unh.edu dpdklab at iol.unh.edu
Wed Jan 24 20:14:40 CET 2024


Test-Label: iol-unit-arm64-testing
Test-Status: FAILURE
http://dpdk.org/patch/136106

_Testing issues_

Submitter: Rahul Gupta <rahulgupt at linux.microsoft.com>
Date: Wednesday, January 24 2024 13:45:11 
DPDK git baseline: Repo:dpdk
  Branch: master
  CommitID:0c4a63ce783f55df6b43e519201474c56b5cce36

136106 --> testing fail

Test environment and result as below:

+--------------------------+--------------+---------------------------+------------------------------+----------------+
|       Environment        | lpm_autotest | cryptodev_sw_zuc_autotest | cryptodev_sw_snow3g_autotest | dpdk_unit_test |
+==========================+==============+===========================+==============================+================+
| Ubuntu 20.04 ARM SVE     | FAIL         | SKIPPED                   | SKIPPED                      | SKIPPED        |
+--------------------------+--------------+---------------------------+------------------------------+----------------+
| Debian 11 (arm)          | SKIPPED      | FAIL                      | FAIL                         | SKIPPED        |
+--------------------------+--------------+---------------------------+------------------------------+----------------+
| Fedora 37 (ARM)          | SKIPPED      | SKIPPED                   | SKIPPED                      | FAIL           |
+--------------------------+--------------+---------------------------+------------------------------+----------------+
| Fedora 38 (ARM)          | SKIPPED      | SKIPPED                   | SKIPPED                      | FAIL           |
+--------------------------+--------------+---------------------------+------------------------------+----------------+
| Ubuntu 20.04 (ARM)       | SKIPPED      | SKIPPED                   | SKIPPED                      | FAIL           |
+--------------------------+--------------+---------------------------+------------------------------+----------------+
| Debian 11 (Buster) (ARM) | SKIPPED      | SKIPPED                   | SKIPPED                      | FAIL           |
+--------------------------+--------------+---------------------------+------------------------------+----------------+

==== 20 line log output for Debian 11 (Buster) (ARM) (dpdk_unit_test): ====
100/110 DPDK:fast-tests / telemetry_data_autotest  FAIL     0.17 s (exit status 255 or signal 127 SIGinvalid)
101/110 DPDK:fast-tests / telemetry_json_autotest  FAIL     0.17 s (exit status 255 or signal 127 SIGinvalid)
102/110 DPDK:fast-tests / thash_autotest        FAIL     0.17 s (exit status 255 or signal 127 SIGinvalid)
103/110 DPDK:fast-tests / threads_autotest      FAIL     0.32 s (exit status 255 or signal 127 SIGinvalid)
104/110 DPDK:fast-tests / ticketlock_autotest   FAIL     0.22 s (exit status 255 or signal 127 SIGinvalid)
105/110 DPDK:fast-tests / timer_autotest        FAIL     2.82 s (exit status 255 or signal 127 SIGinvalid)
106/110 DPDK:fast-tests / trace_autotest        FAIL     0.17 s (exit status 255 or signal 127 SIGinvalid)
107/110 DPDK:fast-tests / trace_autotest_with_traces  FAIL     0.17 s (exit status 255 or signal 127 SIGinvalid)
108/110 DPDK:fast-tests / vdev_autotest         FAIL     0.17 s (exit status 255 or signal 127 SIGinvalid)
109/110 DPDK:fast-tests / version_autotest      FAIL     0.17 s (exit status 255 or signal 127 SIGinvalid)
110/110 DPDK:fast-tests / telemetry_all         SKIP     0.01 s

Ok:                    0
Expected Fail:         0
Fail:                103
Unexpected Pass:       0
Skipped:               7
Timeout:               0

Full log written to /home-local/jenkins-local/jenkins-agent/workspace/Generic-Unit-Test-DPDK/dpdk/build/meson-logs/testlog.txt
==== End log output ====

Ubuntu 20.04 ARM SVE
	Kernel: 5.4.0-80-generic
	Compiler: gcc 10.3.0 (Ubuntu 10.3.0-1ubuntu1~20.04)

Debian 11 (arm)
	Kernel: Container Host Kernel
	Compiler: gcc 10.2.1

Fedora 37 (ARM)
	Kernel: Depends on container host
	Compiler: gcc 12.3.1

Fedora 38 (ARM)
	Kernel: Depends on container host
	Compiler: gcc 13.1.1

Ubuntu 20.04 (ARM)
	Kernel: Container Host Kernel
	Compiler: gcc 9.4.0

Debian 11 (Buster) (ARM)
	Kernel: Container Host Kernel
	Compiler: gcc 10.2.1

To view detailed results, visit:
https://lab.dpdk.org/results/dashboard/patchsets/28953/

UNH-IOL DPDK Community Lab

To manage your email subscriptions, visit: 
https://lab.dpdk.org/results/dashboard/preferences/subscriptions/


More information about the test-report mailing list