|FAILURE| [GIT MASTER] 6676a3793b4292baf606092a8e3e14ea67550c58
dpdklab at iol.unh.edu
dpdklab at iol.unh.edu
Thu Jan 25 08:41:33 CET 2024
_Testing issues_
Branch: dpdk-next-net
6676a3793b4292baf606092a8e3e14ea67550c58 --> testing fail
Test environment and result as below:
+---------------------+--------------------+----------------------+
| Environment | dpdk_meson_compile | dpdk_mingw64_compile |
+=====================+====================+======================+
| FreeBSD 13.2 | PASS | SKIPPED |
+---------------------+--------------------+----------------------+
| Windows Server 2019 | FAIL | PASS |
+---------------------+--------------------+----------------------+
==== 20 line log output for Windows Server 2019 (dpdk_meson_compile): ====
[235/817] Compiling C object drivers/libtmp_rte_net_ice.a.p/net_ice_ice_dcf_parent.c.obj
[236/817] Compiling C object drivers/net/ixgbe/base/libixgbe_base.a.p/ixgbe_common.c.obj
[237/817] Generating symbol file lib/rte_net-24.dll.p/rte_net-24.dll.symbols
[238/817] Generating symbol file lib/rte_cryptodev-24.dll.p/rte_cryptodev-24.dll.symbols
[239/817] Compiling C object drivers/libtmp_rte_net_ixgbe.a.p/net_ixgbe_ixgbe_ipsec.c.obj
[240/817] Compiling C object drivers/libtmp_rte_net_ixgbe.a.p/net_ixgbe_rte_pmd_ixgbe.c.obj
[241/817] Linking target lib/rte_ethdev-24.dll
FAILED: lib/rte_ethdev-24.dll
"clang" -Wl,/MACHINE:X64 -Wl,/OUT:lib/rte_ethdev-24.dll lib/librte_ethdev.a.p/ethdev_ethdev_driver.c.obj lib/librte_ethdev.a.p/ethdev_ethdev_private.c.obj lib/librte_ethdev.a.p/ethdev_ethdev_profile.c.obj lib/librte_ethdev.a.p/ethdev_ethdev_trace_points.c.obj lib/librte_ethdev.a.p/ethdev_rte_class_eth.c.obj lib/librte_ethdev.a.p/ethdev_rte_ethdev.c.obj lib/librte_ethdev.a.p/ethdev_rte_ethdev_cman.c.obj lib/librte_ethdev.a.p/ethdev_rte_ethdev_telemetry.c.obj lib/librte_ethdev.a.p/ethdev_rte_flow.c.obj lib/librte_ethdev.a.p/ethdev_rte_mtr.c.obj lib/librte_ethdev.a.p/ethdev_rte_tm.c.obj lib/librte_ethdev.a.p/ethdev_sff_telemetry.c.obj lib/librte_ethdev.a.p/ethdev_sff_common.c.obj lib/librte_ethdev.a.p/ethdev_sff_8079.c.obj lib/librte_ethdev.a.p/ethdev_sff_8472.c.obj lib/librte_ethdev.a.p/ethdev_sff_8636.c.obj "-LC:\Program Files\Mellanox\MLNX_WinOF2_DevX_SDK\lib" "-Wl,/nologo" "-Wl,/release" "-Wl,/nologo" "-Wl,/OPT:REF" "-Wl,/DLL" "-Wl,/IMPLIB:lib\rte_ethdev.lib" "lib\rte_eal.lib" "lib
\rte_log.lib" "lib\rte_kvargs.lib" "lib\rte_net.lib" "lib\rte_mbuf.lib" "lib\rte_mempool.lib" "lib\rte_ring.lib" "lib\rte_telemetry.lib" "lib\rte_meter.lib" "-Wl,/def:C:\Users\builder\jenkins\workspace\Windows-Compile-DPDK-Meson\dpdk\build\lib\rte_ethdev_exports.def" "-ldbghelp" "-lsetupapi" "-lws2_32" "-lmincore" "-lkernel32" "-luser32" "-lgdi32" "-lwinspool" "-lshell32" "-lole32" "-loleaut32" "-luuid" "-lcomdlg32" "-ladvapi32"
rte_ethdev_exports.def : error LNK2001: unresolved external symbol rte_eth_tx_queue_count
lib\rte_ethdev.lib : fatal error LNK1120: 1 unresolved externals
clang: error: linker command failed with exit code 1120 (use -v to see invocation)
[242/817] Linking target lib/rte_hash-24.dll
Creating library lib\rte_hash.lib and object lib\rte_hash.exp
[243/817] Linking target lib/rte_cmdline-24.dll
Creating library lib\rte_cmdline.lib and object lib\rte_cmdline.exp
[244/817] Compiling C object drivers/libtmp_rte_net_ice.a.p/net_ice_ice_dcf_ethdev.c.obj
[245/817] Compiling C object drivers/libtmp_rte_net_ixgbe.a.p/net_ixgbe_ixgbe_rxtx_vec_sse.c.obj
[246/817] Compiling C object drivers/libtmp_rte_net_mlx5.a.p/net_mlx5_mlx5.c.obj
ninja: build stopped: subcommand failed.
==== End log output ====
FreeBSD 13.2
Kernel: 13.2
Compiler: clang 11.3.0
Windows Server 2019
Kernel: 10.0
Compiler: clang 14.0 and gcc 8.1.0 (MinGW)
To view detailed results, visit:
https://lab.dpdk.org/results/dashboard/tarballs/27798/
UNH-IOL DPDK Community Lab
To manage your email subscriptions, visit:
https://lab.dpdk.org/results/dashboard/preferences/subscriptions/
More information about the test-report
mailing list