|FAILURE| [GIT MASTER] caf0f5d395d99f48550aa345e7c920fba34a42a2
dpdklab at iol.unh.edu
dpdklab at iol.unh.edu
Tue Jan 30 10:36:09 CET 2024
_Testing issues_
Branch: tags/v22.11
caf0f5d395d99f48550aa345e7c920fba34a42a2 --> testing fail
Test environment and result as below:
+--------------------------+--------------+----------------+
| Environment | lpm_autotest | dpdk_unit_test |
+==========================+==============+================+
| Ubuntu 20.04 ARM SVE | PASS | SKIPPED |
+--------------------------+--------------+----------------+
| CentOS Stream 9 (ARM) | SKIPPED | FAIL |
+--------------------------+--------------+----------------+
| Debian 11 (Buster) (ARM) | SKIPPED | FAIL |
+--------------------------+--------------+----------------+
==== 20 line log output for Debian 11 (Buster) (ARM) (dpdk_unit_test): ====
95/105 DPDK:fast-tests / telemetry_json_autotest OK 0.07 s
96/105 DPDK:fast-tests / telemetry_data_autotest OK 0.07 s
97/105 DPDK:fast-tests / table_autotest OK 6.78 s
98/105 DPDK:fast-tests / ring_pmd_autotest OK 0.07 s
99/105 DPDK:fast-tests / event_eth_tx_adapter_autotest OK 1.12 s
100/105 DPDK:fast-tests / bitratestats_autotest OK 0.07 s
101/105 DPDK:fast-tests / latencystats_autotest OK 0.07 s
102/105 DPDK:fast-tests / pdump_autotest OK 5.18 s
103/105 DPDK:fast-tests / vdev_autotest OK 0.07 s
104/105 DPDK:fast-tests / compressdev_autotest SKIP 0.07 s
105/105 DPDK:fast-tests / telemetry_all SKIP 0.01 s
Ok: 97
Expected Fail: 0
Fail: 1
Unexpected Pass: 0
Skipped: 7
Timeout: 0
Full log written to /home-local/jenkins-local/jenkins-agent/workspace/Generic-Unit-Test-DPDK/dpdk/build/meson-logs/testlog.txt
==== End log output ====
Ubuntu 20.04 ARM SVE
Kernel: 5.4.0-80-generic
Compiler: gcc 10.3.0 (Ubuntu 10.3.0-1ubuntu1~20.04)
CentOS Stream 9 (ARM)
Kernel: Container Host Kernel
Compiler: gcc 11.3.1
Debian 11 (Buster) (ARM)
Kernel: Container Host Kernel
Compiler: gcc 10.2.1
To view detailed results, visit:
https://lab.dpdk.org/results/dashboard/tarballs/27832/
UNH-IOL DPDK Community Lab
To manage your email subscriptions, visit:
https://lab.dpdk.org/results/dashboard/preferences/subscriptions/
More information about the test-report
mailing list