|WARNING| pw136222 [PATCH] [v2] crypto/ipsec_mb: bump minimum IPSec

dpdklab at iol.unh.edu dpdklab at iol.unh.edu
Wed Jan 31 00:09:46 CET 2024


Test-Label: iol-unit-arm64-testing
Test-Status: WARNING
http://dpdk.org/patch/136222

_Testing issues_

Submitter: Sivaramakrishnan Venkat <venkatx.sivaramakrishnan at intel.com>
Date: Tuesday, January 30 2024 14:24:11 
DPDK git baseline: Repo:dpdk
  Branch: master
  CommitID:37601f389bc2d06efdc3e357c7128ce4f84e51af

136222 --> testing fail

Test environment and result as below:

+--------------------------+----------------+------------------------------+---------------------------+
|       Environment        | dpdk_unit_test | cryptodev_sw_snow3g_autotest | cryptodev_sw_zuc_autotest |
+==========================+================+==============================+===========================+
| CentOS Stream 9 (ARM)    | PASS           | SKIPPED                      | SKIPPED                   |
+--------------------------+----------------+------------------------------+---------------------------+
| Debian 11 (Buster) (ARM) | PASS           | SKIPPED                      | SKIPPED                   |
+--------------------------+----------------+------------------------------+---------------------------+
| Debian 11 (arm)          | SKIPPED        | FAIL                         | FAIL                      |
+--------------------------+----------------+------------------------------+---------------------------+

==== 20 line log output for Debian 11 (arm) (cryptodev_sw_zuc_autotest): ====
[3093/3100] Compiling C object 'app/a172ced@@dpdk-test at exe/test_test_thash.c.o'.
[3094/3100] Compiling C object 'app/a172ced@@dpdk-test at exe/test_test_vdev.c.o'.
[3095/3100] Compiling C object 'app/a172ced@@dpdk-test at exe/test_test_timer_racecond.c.o'.
[3096/3100] Compiling C object 'app/a172ced@@dpdk-test at exe/test_test_timer_secondary.c.o'.
[3097/3100] Compiling C object 'app/a172ced@@dpdk-test at exe/test_test_trace.c.o'.
[3098/3100] Compiling C object 'app/a172ced@@dpdk-test at exe/test_test_trace_perf.c.o'.
[3099/3100] Compiling C object 'app/a172ced@@dpdk-test at exe/test_test_version.c.o'.
[3100/3100] Linking target app/dpdk-test.
ninja: Entering directory `/home-local/jenkins-local/jenkins-agent/workspace/Generic-Unit-Test-DPDK/dpdk/build'
ninja: no work to do.
1/1 DPDK:driver-tests / cryptodev_sw_zuc_autotest  FAIL     0.17 s (exit status 255 or signal 127 SIGinvalid)

Ok:                    0
Expected Fail:         0
Fail:                  1
Unexpected Pass:       0
Skipped:               0
Timeout:               0

Full log written to /home-local/jenkins-local/jenkins-agent/workspace/Generic-Unit-Test-DPDK/dpdk/build/meson-logs/testlog.txt
==== End log output ====

CentOS Stream 9 (ARM)
	Kernel: Container Host Kernel
	Compiler: gcc 11.3.1

Debian 11 (Buster) (ARM)
	Kernel: Container Host Kernel
	Compiler: gcc 10.2.1

Debian 11 (arm)
	Kernel: Container Host Kernel
	Compiler: gcc 10.2.1

To view detailed results, visit:
https://lab.dpdk.org/results/dashboard/patchsets/28993/

UNH-IOL DPDK Community Lab

To manage your email subscriptions, visit: 
https://lab.dpdk.org/results/dashboard/preferences/subscriptions/


More information about the test-report mailing list