|FAILURE| [GIT MASTER] 49b2102bf9fea000d36860353016a5c6ddf993a9
    dpdklab at iol.unh.edu 
    dpdklab at iol.unh.edu
       
    Wed Jul 10 09:09:14 CEST 2024
    
    
  
_Testing issues_
Branch: tags/v21.11
49b2102bf9fea000d36860353016a5c6ddf993a9 --> testing issues
Test environment and result as below:
+---------------------+----------------+
|     Environment     | dpdk_unit_test |
+=====================+================+
| CentOS Stream 8     | PASS           |
+---------------------+----------------+
| Debian Bullseye     | PASS           |
+---------------------+----------------+
| CentOS Stream 9     | FAIL           |
+---------------------+----------------+
| Fedora 37           | FAIL           |
+---------------------+----------------+
| Debian 12           | FAIL           |
+---------------------+----------------+
| Fedora 38           | FAIL           |
+---------------------+----------------+
| Fedora 38 (Clang)   | FAIL           |
+---------------------+----------------+
| Fedora 39 (Clang)   | FAIL           |
+---------------------+----------------+
| Fedora 40           | PEND           |
+---------------------+----------------+
| Fedora 39           | FAIL           |
+---------------------+----------------+
| Fedora 40 (Clang)   | FAIL           |
+---------------------+----------------+
| RHEL8               | PASS           |
+---------------------+----------------+
| RHEL9               | PEND           |
+---------------------+----------------+
| openSUSE Leap 15    | PEND           |
+---------------------+----------------+
| RHEL 7              | PEND           |
+---------------------+----------------+
| Ubuntu 20.04        | PEND           |
+---------------------+----------------+
| Ubuntu 24.04        | PEND           |
+---------------------+----------------+
| Windows Server 2022 | PASS           |
+---------------------+----------------+
| Windows Server 2019 | PASS           |
+---------------------+----------------+
| Ubuntu 22.04        | PEND           |
+---------------------+----------------+
==== 20 line log output for Fedora 40 (Clang) (dpdk_unit_test): ====
'./librte_raw_skeleton.so.22' -> 'dpdk/pmds-22.0/librte_raw_skeleton.so.22'
'./librte_raw_skeleton.so.22.0' -> 'dpdk/pmds-22.0/librte_raw_skeleton.so.22.0'
'./librte_regex_mlx5.so' -> 'dpdk/pmds-22.0/librte_regex_mlx5.so'
'./librte_regex_mlx5.so.22' -> 'dpdk/pmds-22.0/librte_regex_mlx5.so.22'
'./librte_regex_mlx5.so.22.0' -> 'dpdk/pmds-22.0/librte_regex_mlx5.so.22.0'
'./librte_regex_octeontx2.so' -> 'dpdk/pmds-22.0/librte_regex_octeontx2.so'
'./librte_regex_octeontx2.so.22' -> 'dpdk/pmds-22.0/librte_regex_octeontx2.so.22'
'./librte_regex_octeontx2.so.22.0' -> 'dpdk/pmds-22.0/librte_regex_octeontx2.so.22.0'
'./librte_vdpa_ifc.so' -> 'dpdk/pmds-22.0/librte_vdpa_ifc.so'
'./librte_vdpa_ifc.so.22' -> 'dpdk/pmds-22.0/librte_vdpa_ifc.so.22'
'./librte_vdpa_ifc.so.22.0' -> 'dpdk/pmds-22.0/librte_vdpa_ifc.so.22.0'
'./librte_vdpa_mlx5.so' -> 'dpdk/pmds-22.0/librte_vdpa_mlx5.so'
'./librte_vdpa_mlx5.so.22' -> 'dpdk/pmds-22.0/librte_vdpa_mlx5.so.22'
'./librte_vdpa_mlx5.so.22.0' -> 'dpdk/pmds-22.0/librte_vdpa_mlx5.so.22.0'
'./librte_vdpa_sfc.so' -> 'dpdk/pmds-22.0/librte_vdpa_sfc.so'
'./librte_vdpa_sfc.so.22' -> 'dpdk/pmds-22.0/librte_vdpa_sfc.so.22'
'./librte_vdpa_sfc.so.22.0' -> 'dpdk/pmds-22.0/librte_vdpa_sfc.so.22.0'
Installing /home-local/jenkins-local/jenkins-agent/workspace/Generic-Unit-Test-DPDK/dpdk/build/meson-private/libdpdk-libs.pc to /usr/local/lib64/pkgconfig
Installing /home-local/jenkins-local/jenkins-agent/workspace/Generic-Unit-Test-DPDK/dpdk/build/meson-private/libdpdk.pc to /usr/local/lib64/pkgconfig
Running custom install script '/bin/sh /home-local/jenkins-local/jenkins-agent/workspace/Generic-Unit-Test-DPDK/dpdk/config/../buildtools/symlink-drivers-solibs.sh lib64 dpdk/pmds-22.0'
==== End log output ====
CentOS Stream 8
	Kernel: 5.4.0-167-generic
	Compiler: gcc 8.5.0 20210514
Debian Bullseye
	Kernel: 5.4.0-167-generic
	Compiler: gcc 10.2.1-6
CentOS Stream 9
	Kernel: 5.4.0-167-generic
	Compiler: gcc 11.4.1 20230605
Fedora 37
	Kernel: Depends on container host system
	Compiler: gcc 12.3.1
Debian 12
	Kernel: Container Host Kernel
	Compiler: gcc 12.2.0
Fedora 38
	Kernel: Depends on container host
	Compiler: gcc 13.2.1
Fedora 38 (Clang)
	Kernel: Depends on container host
	Compiler: clang 16.0.6
Fedora 39 (Clang)
	Kernel: Depends on container host
	Compiler: clang 17.0.6
Fedora 40
	Kernel: Depends on container host
	Compiler: gcc 14.1.1
Fedora 39
	Kernel: Depends on container host
	Compiler: gcc 13.2.1
Fedora 40 (Clang)
	Kernel: Depends on container host
	Compiler: clang 18.1.6
RHEL8
	Kernel: 5.4.0-167-generic
	Compiler: gcc 8.5.0 20210514 (Red Hat 8.5.0-20)
RHEL9
	Kernel: Depends on container host
	Compiler: gcc 11.4.1
openSUSE Leap 15
	Kernel: 5.4.0-167-generic
	Compiler: gcc 7.5.0
RHEL 7
	Kernel: 5.4.0-167-generic
	Compiler: gcc 4.8.5 20150623 (Red Hat 4.8.5-44)
Ubuntu 20.04
	Kernel: 5.4.0-167-generic
	Compiler: gcc 9.4.0-1ubuntu1~20.04.1
Ubuntu 24.04
	Kernel: 5.4.0-167-generic
	Compiler: gcc 13.2.0
Windows Server 2022
	Kernel: 10.0.20348.2031
	Compiler: clang 15.0.7, gcc 8.1.0 (MinGW), and MSVC VS 17.9
Windows Server 2019
	Kernel: 10.0.17763
	Compiler: clang 14.0 and gcc 8.1.0 (MinGW)
Ubuntu 22.04
	Kernel: 5.4.0-167-generic
	Compiler: gcc 11.4.0
To view detailed results, visit:
https://lab.dpdk.org/results/dashboard/tarballs/29796/
UNH-IOL DPDK Community Lab
To manage your email subscriptions, visit: 
https://lab.dpdk.org/results/dashboard/preferences/subscriptions/
    
    
More information about the test-report
mailing list