|FAILURE| pw142559-142561 [PATCH] [v1,4/4] power/amd_uncore: uncore
dpdklab at iol.unh.edu
dpdklab at iol.unh.edu
Sat Jul 20 20:09:40 CEST 2024
Test-Label: iol-compile-arm64-testing
Test-Status: FAILURE
http://dpdk.org/patch/142561
_Testing issues_
Submitter: Sivaprasad Tummala <Sivaprasad.Tummala at amd.com>
Date: Saturday, July 20 2024 16:50:29
DPDK git baseline: Repo:dpdk
Branch: master
CommitID:fa8d2f7f28524a6c8defa3dcd94f5aa131aae084
142559-142561 --> testing issues
Upstream job id: Generic-DPDK-Compile-Meson#277052
Test environment and result as below:
+----------------------------------------+--------------------+
| Environment | dpdk_meson_compile |
+========================================+====================+
| RHEL9 (ARM) | FAIL |
+----------------------------------------+--------------------+
| Ubuntu 20.04 ARM GCC Cross Compile | FAIL |
+----------------------------------------+--------------------+
| Ubuntu 20.04 ARM SVE | PASS |
+----------------------------------------+--------------------+
| Fedora 37 (ARM) | FAIL |
+----------------------------------------+--------------------+
| Debian 12 with MUSDK | FAIL |
+----------------------------------------+--------------------+
| Fedora 38 (ARM) | FAIL |
+----------------------------------------+--------------------+
| Fedora 38 (ARM Clang) | PEND |
+----------------------------------------+--------------------+
| Fedora 39 (ARM Clang) | PEND |
+----------------------------------------+--------------------+
| Fedora 40 (ARM) | FAIL |
+----------------------------------------+--------------------+
| Fedora 39 (ARM) | FAIL |
+----------------------------------------+--------------------+
| Fedora 40 (ARM Clang) | PEND |
+----------------------------------------+--------------------+
| Ubuntu 20.04 (ARM) | FAIL |
+----------------------------------------+--------------------+
| Ubuntu 22.04 (ARM) | FAIL |
+----------------------------------------+--------------------+
| Ubuntu 24.04 (ARM) | FAIL |
+----------------------------------------+--------------------+
| CentOS Stream 9 (ARM) | FAIL |
+----------------------------------------+--------------------+
| Debian 11 (Buster) (ARM) | FAIL |
+----------------------------------------+--------------------+
| Debian 12 (arm) | FAIL |
+----------------------------------------+--------------------+
| Ubuntu 20.04 ARM Clang Cross Compile | PEND |
+----------------------------------------+--------------------+
| Ubuntu 20.04 aarch32 GCC Cross Compile | FAIL |
+----------------------------------------+--------------------+
==== 20 line log output for Ubuntu 20.04 aarch32 GCC Cross Compile (dpdk_meson_compile): ====
[339/2325] Compiling C object 'lib/76b5a35@@rte_pcapng at sta/pcapng_rte_pcapng.c.o'.
[340/2325] Linking target lib/librte_member.so.24.2.
[341/2325] Generating symbol file 'lib/76b5a35@@rte_member at sha/librte_member.so.24.2.symbols'.
[342/2325] Linking static target lib/librte_pcapng.a.
[343/2325] Generating pcapng.sym_chk with a meson_exe.py custom command.
[344/2325] Compiling C object 'lib/76b5a35@@rte_power at sta/power_power_common.c.o'.
[345/2325] Linking target lib/librte_pcapng.so.24.2.
[346/2325] Generating symbol file 'lib/76b5a35@@rte_pcapng at sha/librte_pcapng.so.24.2.symbols'.
[347/2325] Compiling C object 'lib/76b5a35@@rte_power at sta/power_rte_power.c.o'.
[348/2325] Compiling C object 'lib/76b5a35@@rte_power at sta/power_rte_power_uncore.c.o'.
FAILED: lib/76b5a35@@rte_power at sta/power_rte_power_uncore.c.o
ccache arm-linux-gnueabihf-gcc -Ilib/76b5a35@@rte_power at sta -Ilib -I../lib -Ilib/power -I../lib/power -I. -I../ -Iconfig -I../config -Ilib/eal/include -I../lib/eal/include -Ilib/eal/linux/include -I../lib/eal/linux/include -Ilib/eal/arm/include -I../lib/eal/arm/include -Ilib/eal/common -I../lib/eal/common -Ilib/eal -I../lib/eal -Ilib/kvargs -I../lib/kvargs -Ilib/log -I../lib/log -Ilib/telemetry/../metrics -I../lib/telemetry/../metrics -Ilib/telemetry -I../lib/telemetry -Ilib/timer -I../lib/timer -Ilib/ethdev -I../lib/ethdev -Ilib/net -I../lib/net -Ilib/mbuf -I../lib/mbuf -Ilib/mempool -I../lib/mempool -Ilib/ring -I../lib/ring -Ilib/meter -I../lib/meter -fdiagnostics-color=always -pipe -D_FILE_OFFSET_BITS=64 -Wall -Winvalid-pch -Wextra -Werror -std=c11 -O3 -include rte_config.h -Wcast-qual -Wdeprecated -Wformat -Wformat-nonliteral -Wformat-security -Wmissing-declarations -Wmissing-prototypes -Wnested-externs -Wold-style-definition -Wpointer-arith -Wsign-compare -Wstrict-prototypes -Wu
ndef -Wwrite-strings -Wno-address-of-packed-member -Wno-packed-not-aligned -Wno-missing-field-initializers -Wno-pointer-to-int-cast -D_GNU_SOURCE -fPIC -march=armv8-a+simd -mfpu=auto -DALLOW_EXPERIMENTAL_API -DALLOW_INTERNAL_API -Wno-format-truncation -Wno-cast-qual -DRTE_LOG_DEFAULT_LOGTYPE=lib.power -MD -MQ 'lib/76b5a35@@rte_power at sta/power_rte_power_uncore.c.o' -MF 'lib/76b5a35@@rte_power at sta/power_rte_power_uncore.c.o.d' -o 'lib/76b5a35@@rte_power at sta/power_rte_power_uncore.c.o' -c ../lib/power/rte_power_uncore.c
../lib/power/rte_power_uncore.c: In function 'rte_power_get_uncore_ops':
../lib/power/rte_power_uncore.c:105:2: error: implicit declaration of function 'RTE_ASSERT'; did you mean 'RTE_STR'? [-Werror=implicit-function-declaration]
105 | RTE_ASSERT(global_uncore_ops != NULL);
| ^~~~~~~~~~
| RTE_STR
../lib/power/rte_power_uncore.c:105:2: error: nested extern declaration of 'RTE_ASSERT' [-Werror=nested-externs]
cc1: all warnings being treated as errors
ninja: build stopped: subcommand failed.
==== End log output ====
RHEL9 (ARM)
Kernel: Depends on container host
Compiler: gcc 11.4.1
Ubuntu 20.04 ARM GCC Cross Compile
Kernel: 5.4.0-167-generic
Compiler: aarch64-linux-gnu-gcc (Ubuntu 9.4.0-1ubuntu1~20.04.2) 9.4.0
Ubuntu 20.04 ARM SVE
Kernel: 5.4.0-167-generic
Compiler: gcc (Ubuntu 10.5.0-1ubuntu1~20.04) 10.5.0
Fedora 37 (ARM)
Kernel: Depends on container host
Compiler: gcc 12.3.1
Debian 12 with MUSDK
Kernel: Container Host Kernel
Compiler: gcc 12.2.0
Fedora 38 (ARM)
Kernel: Depends on container host
Compiler: gcc 13.2.1
Fedora 38 (ARM Clang)
Kernel: Depends on container host
Compiler: clang 16.0.6
Fedora 39 (ARM Clang)
Kernel: Depends on container host
Compiler: clang 17.0.6
Fedora 40 (ARM)
Kernel: Depends on container host
Compiler: gcc 14.1.1
Fedora 39 (ARM)
Kernel: Depends on container host
Compiler: gcc 13.2.1
Fedora 40 (ARM Clang)
Kernel: Depends on container host
Compiler: clang 18.1.6
Ubuntu 20.04 (ARM)
Kernel: Container Host Kernel
Compiler: gcc 9.4.0
Ubuntu 22.04 (ARM)
Kernel: Container Host Kernel
Compiler: gcc 11.4.0
Ubuntu 24.04 (ARM)
Kernel: 5.4.0-167-generic
Compiler: gcc 13.2.0
CentOS Stream 9 (ARM)
Kernel: Container Host Kernel
Compiler: gcc 11.4.1
Debian 11 (Buster) (ARM)
Kernel: Container Host Kernel
Compiler: gcc 10.2.1
Debian 12 (arm)
Kernel: Container Host Kernel
Compiler: gcc 12.2.0
Ubuntu 20.04 ARM Clang Cross Compile
Kernel: 5.4.0-72-generic
Compiler: clang 10.0.0-4ubuntu1
Ubuntu 20.04 aarch32 GCC Cross Compile
Kernel: 5.4.0-167-generic
Compiler: gcc 9.4.0
To view detailed results, visit:
https://lab.dpdk.org/results/dashboard/patchsets/30567/
UNH-IOL DPDK Community Lab
To manage your email subscriptions, visit:
https://lab.dpdk.org/results/dashboard/preferences/subscriptions/
More information about the test-report
mailing list