|FAILURE| pw139773 [PATCH] [v2] cmdline: increase input buffer size
dpdklab at iol.unh.edu
dpdklab at iol.unh.edu
Wed May 1 22:00:04 CEST 2024
Test-Label: iol-compile-amd64-testing
Test-Status: FAILURE
http://dpdk.org/patch/139773
_Testing issues_
Submitter: Gregory Etelson <getelson at nvidia.com>
Date: Wednesday, May 01 2024 17:18:06
DPDK git baseline: Repo:dpdk
Branch: master
CommitID:7e06c0de1952d3109a5b0c4779d7e7d8059c9d78
139773 --> testing fail
Test environment and result as below:
+---------------------+----------------------+--------------------+-------------------+
| Environment | dpdk_mingw64_compile | dpdk_meson_compile | dpdk_msvc_compile |
+=====================+======================+====================+===================+
| Windows Server 2019 | FAIL | FAIL | SKIPPED |
+---------------------+----------------------+--------------------+-------------------+
| Windows Server 2022 | FAIL | FAIL | PASS |
+---------------------+----------------------+--------------------+-------------------+
| FreeBSD 13.3 | SKIPPED | PASS | SKIPPED |
+---------------------+----------------------+--------------------+-------------------+
| CentOS Stream 8 | SKIPPED | PASS | SKIPPED |
+---------------------+----------------------+--------------------+-------------------+
| CentOS Stream 9 | SKIPPED | PASS | SKIPPED |
+---------------------+----------------------+--------------------+-------------------+
| Fedora 38 | SKIPPED | PASS | SKIPPED |
+---------------------+----------------------+--------------------+-------------------+
| Debian Bullseye | SKIPPED | PASS | SKIPPED |
+---------------------+----------------------+--------------------+-------------------+
| Fedora 37 | SKIPPED | PASS | SKIPPED |
+---------------------+----------------------+--------------------+-------------------+
| Fedora 39 | SKIPPED | PASS | SKIPPED |
+---------------------+----------------------+--------------------+-------------------+
| Debian 12 | SKIPPED | PASS | SKIPPED |
+---------------------+----------------------+--------------------+-------------------+
| Ubuntu 22.04 | SKIPPED | PASS | SKIPPED |
+---------------------+----------------------+--------------------+-------------------+
| RHEL8 | SKIPPED | PASS | SKIPPED |
+---------------------+----------------------+--------------------+-------------------+
| Ubuntu 20.04 | SKIPPED | PASS | SKIPPED |
+---------------------+----------------------+--------------------+-------------------+
| openSUSE Leap 15 | SKIPPED | PASS | SKIPPED |
+---------------------+----------------------+--------------------+-------------------+
==== 20 line log output for Windows Server 2022 (dpdk_meson_compile): ====
Windows Server 2019
Kernel: 10.0.17763
Compiler: clang 14.0 and gcc 8.1.0 (MinGW)
Windows Server 2022
Kernel: 10.0.20348.2031
Compiler: clang 15.0.7, gcc 8.1.0 (MinGW), and MSVC VS 17.9
FreeBSD 13.3
Kernel: 13.3-RELEASE-p1
Compiler: clang 17.0.6
CentOS Stream 8
Kernel: 5.4.0-167-generic
Compiler: gcc 8.5.0 20210514
CentOS Stream 9
Kernel: 5.4.0-167-generic
Compiler: gcc 11.4.1 20230605
Fedora 38
Kernel: Depends on container host
Compiler: gcc 13.2.1
Debian Bullseye
Kernel: 5.4.0-167-generic
Compiler: gcc 10.2.1-6
Fedora 37
Kernel: Depends on container host system
Compiler: gcc 12.3.1
Fedora 39
Kernel: Depends on container host
Compiler: gcc 13.2.1
Debian 12
Kernel: Container Host Kernel
Compiler: gcc 10.2.1
Ubuntu 22.04
Kernel: 5.4.0-167-generic
Compiler: gcc 11.4.0
RHEL8
Kernel: 5.4.0-167-generic
Compiler: gcc 8.5.0 20210514 (Red Hat 8.5.0-20)
Ubuntu 20.04
Kernel: 5.4.0-167-generic
Compiler: gcc 9.4.0-1ubuntu1~20.04.1
openSUSE Leap 15
Kernel: 5.4.0-167-generic
Compiler: gcc 7.5.0
To view detailed results, visit:
https://lab.dpdk.org/results/dashboard/patchsets/29890/
UNH-IOL DPDK Community Lab
To manage your email subscriptions, visit:
https://lab.dpdk.org/results/dashboard/preferences/subscriptions/
More information about the test-report
mailing list