|FAILURE| pw139828 [PATCH] freebsd: Add support for multiple dpdk in
dpdklab at iol.unh.edu
dpdklab at iol.unh.edu
Fri May 3 15:40:36 CEST 2024
Test-Label: iol-compile-amd64-testing
Test-Status: FAILURE
http://dpdk.org/patch/139828
_Testing issues_
Submitter: Tom Jones <thj at freebsd.org>
Date: Friday, May 03 2024 09:46:15
DPDK git baseline: Repo:dpdk
Branch: master
CommitID:7e06c0de1952d3109a5b0c4779d7e7d8059c9d78
139828 --> testing fail
Test environment and result as below:
+---------------------+--------------------+----------------------+
| Environment | dpdk_meson_compile | dpdk_mingw64_compile |
+=====================+====================+======================+
| FreeBSD 13.3 | FAIL | SKIPPED |
+---------------------+--------------------+----------------------+
| FreeBSD 14.0 | FAIL | SKIPPED |
+---------------------+--------------------+----------------------+
| Windows Server 2019 | PASS | PASS |
+---------------------+--------------------+----------------------+
| Windows Server 2022 | PASS | PASS |
+---------------------+--------------------+----------------------+
| Fedora 38 | PASS | SKIPPED |
+---------------------+--------------------+----------------------+
| Debian 12 | PASS | SKIPPED |
+---------------------+--------------------+----------------------+
==== 20 line log output for FreeBSD 14.0 (dpdk_meson_compile): ====
FreeBSD 13.3
Kernel: 13.3-RELEASE-p1
Compiler: clang 17.0.6
FreeBSD 14.0
Kernel: 14.0
Compiler: clang 16.0.6
Windows Server 2019
Kernel: 10.0.17763
Compiler: clang 14.0 and gcc 8.1.0 (MinGW)
Windows Server 2022
Kernel: 10.0.20348.2031
Compiler: clang 15.0.7, gcc 8.1.0 (MinGW), and MSVC VS 17.9
Fedora 38
Kernel: Depends on container host
Compiler: gcc 13.2.1
Debian 12
Kernel: Container Host Kernel
Compiler: gcc 10.2.1
To view detailed results, visit:
https://lab.dpdk.org/results/dashboard/patchsets/29907/
UNH-IOL DPDK Community Lab
To manage your email subscriptions, visit:
https://lab.dpdk.org/results/dashboard/preferences/subscriptions/
More information about the test-report
mailing list