|FAILURE| [GIT MASTER] b0b971bf661967fdf3d06e56b5437a779c2915ae
dpdklab at iol.unh.edu
dpdklab at iol.unh.edu
Tue May 7 09:03:40 CEST 2024
_Testing issues_
Branch: tags/v23.11
b0b971bf661967fdf3d06e56b5437a779c2915ae --> testing fail
Test environment and result as below:
+---------------------+----------------+
| Environment | dpdk_unit_test |
+=====================+================+
| Windows Server 2019 | FAIL |
+---------------------+----------------+
| Windows Server 2022 | PASS |
+---------------------+----------------+
| CentOS Stream 8 | PASS |
+---------------------+----------------+
==== 20 line log output for Windows Server 2019 (dpdk_unit_test): ====
Windows Server 2019
Kernel: 10.0.17763
Compiler: clang 14.0 and gcc 8.1.0 (MinGW)
Windows Server 2022
Kernel: 10.0.20348.2031
Compiler: clang 15.0.7, gcc 8.1.0 (MinGW), and MSVC VS 17.9
CentOS Stream 8
Kernel: 5.4.0-167-generic
Compiler: gcc 8.5.0 20210514
To view detailed results, visit:
https://lab.dpdk.org/results/dashboard/tarballs/29048/
UNH-IOL DPDK Community Lab
To manage your email subscriptions, visit:
https://lab.dpdk.org/results/dashboard/preferences/subscriptions/
More information about the test-report
mailing list