|FAILURE| pw139993 [PATCH] dma/hisilicon: remove support for HIP09 p
dpdklab at iol.unh.edu
dpdklab at iol.unh.edu
Wed May 8 11:48:11 CEST 2024
Test-Label: iol-unit-amd64-testing
Test-Status: FAILURE
http://dpdk.org/patch/139993
_Testing issues_
Submitter: fengchengwen <fengchengwen at huawei.com>
Date: Wednesday, May 08 2024 08:29:44
DPDK git baseline: Repo:dpdk
Branch: master
CommitID:7e06c0de1952d3109a5b0c4779d7e7d8059c9d78
139993 --> testing fail
Test environment and result as below:
+---------------------+----------------+
| Environment | dpdk_unit_test |
+=====================+================+
| Debian Bullseye | PASS |
+---------------------+----------------+
| Windows Server 2019 | FAIL |
+---------------------+----------------+
| CentOS Stream 9 | PASS |
+---------------------+----------------+
| Debian 12 | PASS |
+---------------------+----------------+
| CentOS Stream 8 | PASS |
+---------------------+----------------+
| Fedora 37 | PASS |
+---------------------+----------------+
| Ubuntu 20.04 | PASS |
+---------------------+----------------+
| Fedora 39 | PASS |
+---------------------+----------------+
| Fedora 38 | PASS |
+---------------------+----------------+
| Windows Server 2022 | PASS |
+---------------------+----------------+
==== 20 line log output for Windows Server 2019 (dpdk_unit_test): ====
Debian Bullseye
Kernel: 5.4.0-167-generic
Compiler: gcc 10.2.1-6
Windows Server 2019
Kernel: 10.0.17763
Compiler: clang 14.0 and gcc 8.1.0 (MinGW)
CentOS Stream 9
Kernel: 5.4.0-167-generic
Compiler: gcc 11.4.1 20230605
Debian 12
Kernel: Container Host Kernel
Compiler: gcc 10.2.1
CentOS Stream 8
Kernel: 5.4.0-167-generic
Compiler: gcc 8.5.0 20210514
Fedora 37
Kernel: Depends on container host system
Compiler: gcc 12.3.1
Ubuntu 20.04
Kernel: 5.4.0-167-generic
Compiler: gcc 9.4.0-1ubuntu1~20.04.1
Fedora 39
Kernel: Depends on container host
Compiler: clang 17.0.6
Fedora 38
Kernel: Depends on container host
Compiler: clang 16.0.6
Windows Server 2022
Kernel: 10.0.20348.2031
Compiler: clang 15.0.7, gcc 8.1.0 (MinGW), and MSVC VS 17.9
To view detailed results, visit:
https://lab.dpdk.org/results/dashboard/patchsets/29925/
UNH-IOL DPDK Community Lab
To manage your email subscriptions, visit:
https://lab.dpdk.org/results/dashboard/preferences/subscriptions/
More information about the test-report
mailing list