|WARNING| pw140027 [PATCH] bpf: don't verify classic bpfs

dpdklab at iol.unh.edu dpdklab at iol.unh.edu
Mon May 13 13:30:19 CEST 2024


Test-Label: iol-abi-testing
Test-Status: WARNING
http://dpdk.org/patch/140027

_Testing issues_

Submitter: Yoav Winstein <yoav.w at claroty.com>
Date: Sunday, May 12 2024 06:00:41 
DPDK git baseline: Repo:dpdk
  Branch: master
  CommitID:7e06c0de1952d3109a5b0c4779d7e7d8059c9d78

140027 --> testing fail

Test environment and result as below:

+-----------------+----------+
|   Environment   | abi_test |
+=================+==========+
| Debian 12       | FAIL     |
+-----------------+----------+
| Debian Bullseye | FAIL     |
+-----------------+----------+
| CentOS Stream 9 | FAIL     |
+-----------------+----------+
| CentOS Stream 8 | FAIL     |
+-----------------+----------+
| Fedora 39       | FAIL     |
+-----------------+----------+

==== 20 line log output for Fedora 39 (abi_test): ====

Debian 12
	Kernel: Container Host Kernel
	Compiler: gcc 10.2.1

Debian Bullseye
	Kernel: 5.4.0-167-generic
	Compiler: gcc 10.2.1-6

CentOS Stream 9
	Kernel: 5.4.0-167-generic
	Compiler: gcc 11.4.1 20230605

CentOS Stream 8
	Kernel: 5.4.0-167-generic
	Compiler: gcc 8.5.0 20210514

Fedora 39
	Kernel: Depends on container host
	Compiler: gcc 13.2.1

To view detailed results, visit:
https://lab.dpdk.org/results/dashboard/patchsets/29943/

UNH-IOL DPDK Community Lab

To manage your email subscriptions, visit: 
https://lab.dpdk.org/results/dashboard/preferences/subscriptions/


More information about the test-report mailing list