|WARNING| pw140026 [PATCH] bpf: don't verify classic bpfs
dpdklab at iol.unh.edu
dpdklab at iol.unh.edu
Mon May 13 14:02:21 CEST 2024
Test-Label: iol-abi-testing
Test-Status: WARNING
http://dpdk.org/patch/140026
_Testing issues_
Submitter: Yoav Winstein <yoav.w at claroty.com>
Date: Sunday, May 12 2024 05:55:45
DPDK git baseline: Repo:dpdk
Branch: master
CommitID:7e06c0de1952d3109a5b0c4779d7e7d8059c9d78
140026 --> testing fail
Test environment and result as below:
+-----------------+----------+
| Environment | abi_test |
+=================+==========+
| CentOS Stream 8 | FAIL |
+-----------------+----------+
| Debian 12 | FAIL |
+-----------------+----------+
| Debian Bullseye | FAIL |
+-----------------+----------+
==== 20 line log output for Debian Bullseye (abi_test): ====
CentOS Stream 8
Kernel: 5.4.0-167-generic
Compiler: gcc 8.5.0 20210514
Debian 12
Kernel: Container Host Kernel
Compiler: gcc 10.2.1
Debian Bullseye
Kernel: 5.4.0-167-generic
Compiler: gcc 10.2.1-6
To view detailed results, visit:
https://lab.dpdk.org/results/dashboard/patchsets/29942/
UNH-IOL DPDK Community Lab
To manage your email subscriptions, visit:
https://lab.dpdk.org/results/dashboard/preferences/subscriptions/
More information about the test-report
mailing list