|WARNING| pw140025 [PATCH] bpf: don't verify classic bpfs
dpdklab at iol.unh.edu
dpdklab at iol.unh.edu
Mon May 13 14:49:12 CEST 2024
Test-Label: iol-abi-testing
Test-Status: WARNING
http://dpdk.org/patch/140025
_Testing issues_
Submitter: Yoav Winstein <yoav.w at claroty.com>
Date: Sunday, May 12 2024 05:51:09
DPDK git baseline: Repo:dpdk
Branch: master
CommitID:7e06c0de1952d3109a5b0c4779d7e7d8059c9d78
140025 --> testing fail
Test environment and result as below:
+------------------+----------+
| Environment | abi_test |
+==================+==========+
| Ubuntu 22.04 | FAIL |
+------------------+----------+
| Debian Bullseye | FAIL |
+------------------+----------+
| CentOS Stream 9 | FAIL |
+------------------+----------+
| Fedora 38 | FAIL |
+------------------+----------+
| Fedora 39 | FAIL |
+------------------+----------+
| openSUSE Leap 15 | FAIL |
+------------------+----------+
| Debian 12 | FAIL |
+------------------+----------+
==== 20 line log output for Debian 12 (abi_test): ====
Ubuntu 22.04
Kernel: 5.4.0-167-generic
Compiler: gcc 11.4.0
Debian Bullseye
Kernel: 5.4.0-167-generic
Compiler: gcc 10.2.1-6
CentOS Stream 9
Kernel: 5.4.0-167-generic
Compiler: gcc 11.4.1 20230605
Fedora 38
Kernel: Depends on container host
Compiler: clang 16.0.6
Fedora 39
Kernel: Depends on container host
Compiler: clang 17.0.6
openSUSE Leap 15
Kernel: 5.4.0-167-generic
Compiler: gcc 7.5.0
Debian 12
Kernel: Container Host Kernel
Compiler: gcc 10.2.1
To view detailed results, visit:
https://lab.dpdk.org/results/dashboard/patchsets/29941/
UNH-IOL DPDK Community Lab
To manage your email subscriptions, visit:
https://lab.dpdk.org/results/dashboard/preferences/subscriptions/
More information about the test-report
mailing list