|FAILURE| pw140040-140046 [PATCH] [RFC,v2,7/7] net/ring: use generic
dpdklab at iol.unh.edu
dpdklab at iol.unh.edu
Mon May 13 21:58:36 CEST 2024
Test-Label: iol-unit-amd64-testing
Test-Status: FAILURE
http://dpdk.org/patch/140046
_Testing issues_
Submitter: Stephen Hemminger <stephen at networkplumber.org>
Date: Monday, May 13 2024 18:52:17
DPDK git baseline: Repo:dpdk
Branch: master
CommitID:7e06c0de1952d3109a5b0c4779d7e7d8059c9d78
140040-140046 --> testing fail
Test environment and result as below:
+---------------------+----------------+
| Environment | dpdk_unit_test |
+=====================+================+
| Windows Server 2019 | FAIL |
+---------------------+----------------+
| CentOS Stream 9 | FAIL |
+---------------------+----------------+
| Debian 12 | FAIL |
+---------------------+----------------+
| Debian Bullseye | FAIL |
+---------------------+----------------+
| Fedora 38 | FAIL |
+---------------------+----------------+
| Fedora 37 | FAIL |
+---------------------+----------------+
| Fedora 39 | FAIL |
+---------------------+----------------+
| openSUSE Leap 15 | FAIL |
+---------------------+----------------+
| Ubuntu 22.04 | FAIL |
+---------------------+----------------+
==== 20 line log output for Ubuntu 22.04 (dpdk_unit_test): ====
Windows Server 2019
Kernel: 10.0.17763
Compiler: clang 14.0 and gcc 8.1.0 (MinGW)
CentOS Stream 9
Kernel: 5.4.0-167-generic
Compiler: gcc 11.4.1 20230605
Debian 12
Kernel: Container Host Kernel
Compiler: gcc 10.2.1
Debian Bullseye
Kernel: 5.4.0-167-generic
Compiler: gcc 10.2.1-6
Fedora 38
Kernel: Depends on container host
Compiler: gcc 13.2.1
Fedora 37
Kernel: Depends on container host system
Compiler: gcc 12.3.1
Fedora 39
Kernel: Depends on container host
Compiler: gcc 13.2.1
openSUSE Leap 15
Kernel: 5.4.0-167-generic
Compiler: gcc 7.5.0
Ubuntu 22.04
Kernel: 5.4.0-167-generic
Compiler: gcc 11.4.0
To view detailed results, visit:
https://lab.dpdk.org/results/dashboard/patchsets/29948/
UNH-IOL DPDK Community Lab
To manage your email subscriptions, visit:
https://lab.dpdk.org/results/dashboard/preferences/subscriptions/
More information about the test-report
mailing list