|FAILURE| [GIT MASTER] 51783c9b605a408ee9d72200347de6e5cbd2daf7

dpdklab at iol.unh.edu dpdklab at iol.unh.edu
Thu May 16 01:12:41 CEST 2024


_Testing issues_

Branch: tags/v23.11

51783c9b605a408ee9d72200347de6e5cbd2daf7 --> testing fail

Test environment and result as below:

+-----------------+----------------+
|   Environment   | dpdk_unit_test |
+=================+================+
| CentOS Stream 9 | PASS           |
+-----------------+----------------+
| CentOS Stream 8 | PASS           |
+-----------------+----------------+
| Fedora 37       | PASS           |
+-----------------+----------------+
| Debian 12       | FAIL           |
+-----------------+----------------+

==== 20 line log output for Debian 12 (dpdk_unit_test): ====

CentOS Stream 9
	Kernel: 5.4.0-167-generic
	Compiler: gcc 11.4.1 20230605

CentOS Stream 8
	Kernel: 5.4.0-167-generic
	Compiler: gcc 8.5.0 20210514

Fedora 37
	Kernel: Depends on container host system
	Compiler: gcc 12.3.1

Debian 12
	Kernel: Container Host Kernel
	Compiler: gcc 10.2.1

To view detailed results, visit:
https://lab.dpdk.org/results/dashboard/tarballs/29116/

UNH-IOL DPDK Community Lab

To manage your email subscriptions, visit: 
https://lab.dpdk.org/results/dashboard/preferences/subscriptions/


More information about the test-report mailing list