|FAILURE| pw140270 [PATCH] test/crypto: fix enqueue dequeue callback
dpdklab at iol.unh.edu
dpdklab at iol.unh.edu
Wed May 22 16:44:01 CEST 2024
Test-Label: iol-unit-arm64-testing
Test-Status: FAILURE
http://dpdk.org/patch/140270
_Testing issues_
Submitter: Akhil Goyal <gakhil at marvell.com>
Date: Wednesday, May 22 2024 13:48:35
DPDK git baseline: Repo:dpdk
Branch: master
CommitID:6f80df8cb0f889203d7cd27766abcc6ebc720e33
140270 --> testing fail
Test environment and result as below:
+--------------------------+----------------+------------------------------+
| Environment | dpdk_unit_test | cryptodev_sw_snow3g_autotest |
+==========================+================+==============================+
| Debian 11 (Buster) (ARM) | FAIL | SKIPPED |
+--------------------------+----------------+------------------------------+
| Fedora 37 (ARM) | FAIL | SKIPPED |
+--------------------------+----------------+------------------------------+
| Debian 12 (arm) | FAIL | PASS |
+--------------------------+----------------+------------------------------+
| CentOS Stream 9 (ARM) | FAIL | SKIPPED |
+--------------------------+----------------+------------------------------+
| Fedora 38 (ARM) | FAIL | SKIPPED |
+--------------------------+----------------+------------------------------+
| Fedora 39 (ARM) | FAIL | SKIPPED |
+--------------------------+----------------+------------------------------+
| Ubuntu 20.04 (ARM) | FAIL | SKIPPED |
+--------------------------+----------------+------------------------------+
==== 20 line log output for Ubuntu 20.04 (ARM) (dpdk_unit_test): ====
Debian 11 (Buster) (ARM)
Kernel: Container Host Kernel
Compiler: gcc 10.2.1
Fedora 37 (ARM)
Kernel: Depends on container host
Compiler: gcc 12.3.1
Debian 12 (arm)
Kernel: Container Host Kernel
Compiler: gcc 12.2.0
CentOS Stream 9 (ARM)
Kernel: Container Host Kernel
Compiler: gcc 11.4.1
Fedora 38 (ARM)
Kernel: Depends on container host
Compiler: gcc 13.2.1
Fedora 39 (ARM)
Kernel: Depends on container host
Compiler: gcc 13.2.1
Ubuntu 20.04 (ARM)
Kernel: Container Host Kernel
Compiler: gcc 9.4.0
To view detailed results, visit:
https://lab.dpdk.org/results/dashboard/patchsets/29988/
UNH-IOL DPDK Community Lab
To manage your email subscriptions, visit:
https://lab.dpdk.org/results/dashboard/preferences/subscriptions/
More information about the test-report
mailing list